{"version":"1.0","provider_name":"Red Nacional de Arte","provider_url":"http:\/\/rednacionaldearte.com\/noticias","author_name":"Redacci\u00f3n","author_url":"http:\/\/rednacionaldearte.com\/noticias\/author\/adan\/","title":"Convocatoria para publicar en la Revista LUMA","type":"rich","width":600,"height":338,"html":"<blockquote class=\"wp-embedded-content\" data-secret=\"ZIOV4c1thJ\"><a href=\"http:\/\/rednacionaldearte.com\/noticias\/convocatoria-para-publicar-en-la-revista-luma\/\">Convocatoria para publicar en la Revista LUMA<\/a><\/blockquote><iframe sandbox=\"allow-scripts\" security=\"restricted\" src=\"http:\/\/rednacionaldearte.com\/noticias\/convocatoria-para-publicar-en-la-revista-luma\/embed\/#?secret=ZIOV4c1thJ\" width=\"600\" height=\"338\" title=\"\u00abConvocatoria para publicar en la Revista LUMA\u00bb \u2014 Red Nacional de Arte\" data-secret=\"ZIOV4c1thJ\" frameborder=\"0\" marginwidth=\"0\" marginheight=\"0\" scrolling=\"no\" class=\"wp-embedded-content\"><\/iframe><script type=\"text\/javascript\">\n\/* <![CDATA[ *\/\n\/*! This file is auto-generated *\/\n!function(d,l){\"use strict\";l.querySelector&&d.addEventListener&&\"undefined\"!=typeof URL&&(d.wp=d.wp||{},d.wp.receiveEmbedMessage||(d.wp.receiveEmbedMessage=function(e){var t=e.data;if((t||t.secret||t.message||t.value)&&!\/[^a-zA-Z0-9]\/.test(t.secret)){for(var s,r,n,a=l.querySelectorAll('iframe[data-secret=\"'+t.secret+'\"]'),o=l.querySelectorAll('blockquote[data-secret=\"'+t.secret+'\"]'),c=new RegExp(\"^https?:$\",\"i\"),i=0;i<o.length;i++)o[i].style.display=\"none\";for(i=0;i<a.length;i++)s=a[i],e.source===s.contentWindow&&(s.removeAttribute(\"style\"),\"height\"===t.message?(1e3<(r=parseInt(t.value,10))?r=1e3:~~r<200&&(r=200),s.height=r):\"link\"===t.message&&(r=new URL(s.getAttribute(\"src\")),n=new URL(t.value),c.test(n.protocol))&&n.host===r.host&&l.activeElement===s&&(d.top.location.href=t.value))}},d.addEventListener(\"message\",d.wp.receiveEmbedMessage,!1),l.addEventListener(\"DOMContentLoaded\",function(){for(var e,t,s=l.querySelectorAll(\"iframe.wp-embedded-content\"),r=0;r<s.length;r++)(t=(e=s[r]).getAttribute(\"data-secret\"))||(t=Math.random().toString(36).substring(2,12),e.src+=\"#?secret=\"+t,e.setAttribute(\"data-secret\",t)),e.contentWindow.postMessage({message:\"ready\",secret:t},\"*\")},!1)))}(window,document);\n\/\/# sourceURL=http:\/\/rednacionaldearte.com\/noticias\/wp-includes\/js\/wp-embed.min.js\n\/* ]]> *\/\n<\/script>\n","thumbnail_url":"http:\/\/rednacionaldearte.com\/noticias\/wp-content\/uploads\/2016\/07\/Colabo-780x1024.jpg","thumbnail_width":780,"thumbnail_height":1024,"description":"LUMA, revista bimestral dedicada al quehacer art\u00edstico, con especial \u00e9nfasis en el arte contempor\u00e1neo, as\u00ed como la difusi\u00f3n de proyectos propositivos de artistas emergentes, tanto nacionales como internacionales, abre su convocatoria permanente para la recepci\u00f3n de materiales a consideraci\u00f3n para ser publicados sus siguientes ediciones. Se buscan rese\u00f1as cr\u00edticas, art\u00edculos de investigaci\u00f3n y opini\u00f3n, fotograf\u00edas, [&hellip;]"}

Redacción

LUMA, revista bimestral dedicada al quehacer artístico, con especial énfasis en el arte contemporáneo, así como la difusión de proyectos propositivos de artistas emergentes, tanto nacionales como internacionales, abre su convocatoria permanente para la recepción de materiales a consideración para ser publicados sus siguientes ediciones. Se buscan reseñas críticas, artículos de investigación y opinión, fotografías, [&hellip;]
