{"id":141,"date":"2016-07-13T03:37:12","date_gmt":"2016-07-13T03:37:12","guid":{"rendered":"http:\/\/rednacionaldearte.com\/noticias\/?page_id=141"},"modified":"2016-07-13T03:37:12","modified_gmt":"2016-07-13T03:37:12","slug":"aviso-de-privacidad","status":"publish","type":"page","link":"http:\/\/rednacionaldearte.com\/noticias\/aviso-de-privacidad\/","title":{"rendered":"Aviso de Privacidad"},"content":{"rendered":"<p style=\"text-align: justify;\">En Rednacionaldearte.com (en adelante \u2018este sitio web\u2019), respetamos su informaci\u00f3n personal, y en vista de cumplir con las pol\u00edticas de seguridad respectivas concernientes a todo sitio web, informamos al visitante lo siguiente.<\/p>\n<p style=\"text-align: justify;\"><strong>Privacidad de los datos personales:<\/strong><\/p>\n<p style=\"text-align: justify;\">Sus datos personales le corresponden s\u00f3lo a usted, y este sitio web es responsable de no revelar ninguna clase de informaci\u00f3n que le pertenezca (como email, n\u00fameros de ip, etc.), salvo su expresa autorizaci\u00f3n o fuerzas de naturaleza mayor de tipo legal que lo involucren, como hackeos o suplantaciones.<\/p>\n<p style=\"text-align: justify;\"><strong>Responsabilidad de las opiniones vertidas:<\/strong><\/p>\n<p style=\"text-align: justify;\">Las publicaciones a modo de art\u00edculos (tambi\u00e9n llamados posts) son responsabilidad del autor del blog. Los comentarios, vertidos por los visitantes, son responsabilidad de ellos mismos y en caso alguno viole las reglas m\u00ednimas de respeto a los dem\u00e1s, \u00e9stos podr\u00edan ser borrados por el editor del blog, sin esperar su consentimiento.<\/p>\n<p style=\"text-align: justify;\"><strong>Seguridad de su informaci\u00f3n personal:<\/strong><\/p>\n<p style=\"text-align: justify;\">Este sitio web se hace responsable de velar por su seguridad, por la privacidad de su informaci\u00f3n y por el respeto a sus datos, de acuerdo con las limitaciones que la actual Internet nos provee, siendo conscientes que no estamos exclu\u00eddos de sufrir alg\u00fan ataque por parte de crackers o usuarios malintencionados que ejerzan la delincuencia inform\u00e1tica.<\/p>\n<p style=\"text-align: justify;\"><strong>Obtenci\u00f3n de su informaci\u00f3n:<\/strong><\/p>\n<p style=\"text-align: justify;\">Todos sus datos personales consignados en este sitio son suministrados por usted mismo, haciendo uso entero de su libertad. La informaci\u00f3n aqu\u00ed almacenada solo comprende datos b\u00e1sicos ingresados mediante formularios de contacto, comentarios u otros similares.<\/p>\n<p style=\"text-align: justify;\"><strong>Uso de la informaci\u00f3n:<\/strong><\/p>\n<p style=\"text-align: justify;\">Al proporcionarnos sus datos personales, estando de acuerdo con la Pol\u00edtica de Privacidad aqu\u00ed consignada, nos autoriza para el siguiente uso de su informaci\u00f3n: a) para el fin mismo por lo cual se ha suministrado; b) para considerarlo dentro de nuestras estad\u00edsticas de tr\u00e1fico, incrementando as\u00ed nuestra oferta publicitaria y de mercado; c) para orientar mejor los servicios aqu\u00ed ofrecidos y valorarlos a su criterio, y d) para enviar e-mails con nuestros boletines, responder inquietudes o comentarios, y mantener informado a nuestros usuarios.<\/p>\n<p style=\"text-align: justify;\"><strong>Uso de los cookies:<\/strong><\/p>\n<p style=\"text-align: justify;\">El uso de cookies y su direcci\u00f3n IP, tomados por este sitio, se realiza solo con la finalidad de mantener un sitio de acuerdo a sus preferencias locales (tales como navegador web usado, sistema operativo, ISP, etc.). Las \u201ccookies\u201d permiten entregar un contenido ajustado a los intereses y necesidades de nuestros usuarios\/visitantes. Tambi\u00e9n podr\u00edan usarse cookies de Terceros que est\u00e9n presentes en esta platadorma, como anunciantes o publicidad del mismo, con el \u00fanico fin de proveer informaciones adicionales o relevantes a la Navegaci\u00f3n del Usuario en este Sitio Web.<\/p>\n<p style=\"text-align: justify;\"><strong>Modificaciones a nuestras Pol\u00edticas de Privacidad:<\/strong><\/p>\n<p style=\"text-align: justify;\">El sitio web se reserva el derecho de modificar, rectificar, alterar, agregar o eliminar cualquier punto del presente escrito en cualquier momento y sin previo aviso, siendo su responsabilidad el mantenerse informado del mismo para una adecuada administraci\u00f3n de su informaci\u00f3n.<\/p>\n<p style=\"text-align: justify;\"><strong>Estad\u00edsticas y otros sitios afines a Red Nacional de Arte:<\/strong><\/p>\n<p style=\"text-align: justify;\">Para el correcto funcionamiento de esta plataforma, se hace uso de cookies, tanto del sitio como de nuestros proveedores (como se expuso en el punto anterior), almacenados en su equipo o mediante el uso de alg\u00fan script.<\/p>\n<p style=\"text-align: justify;\">Las cookies usadas solo se almacenan en su equipo con fines estad\u00edsticos, siendo omitidos los datos que pudieran resultar en recopilaci\u00f3n de car\u00e1cter importante.<\/p>\n<p style=\"text-align: justify;\">Lo invitamos tambi\u00e9n a leer las pol\u00edticas de Privacidad de los sistemas de terceros\u00a0usados en Red Nacional de Arte, siguiendo los enlaces que se listan a continuaci\u00f3n:<\/p>\n<p style=\"text-align: justify;\">\u2013 <a href=\"http:\/\/www.google.com\/intl\/es_ALL\/policies\/privacy\/\" target=\"_blank\">Pol\u00edtica de Privacidad de Google Analytics<\/a>.<\/p>\n","protected":false},"excerpt":{"rendered":"<p>En Rednacionaldearte.com (en adelante \u2018este sitio web\u2019), respetamos su informaci\u00f3n personal, y en vista de cumplir con las pol\u00edticas de seguridad respectivas concernientes a todo sitio web, informamos al visitante lo siguiente. Privacidad de los datos personales: Sus datos personales le corresponden s\u00f3lo a usted, y este sitio web es responsable de no revelar ninguna [&hellip;]<\/p>\n","protected":false},"author":1,"featured_media":0,"parent":0,"menu_order":0,"comment_status":"closed","ping_status":"closed","template":"","meta":{"footnotes":""},"class_list":["post-141","page","type-page","status-publish","hentry"],"yoast_head":"<!-- This site is optimized with the Yoast SEO plugin v27.2 - https:\/\/yoast.com\/product\/yoast-seo-wordpress\/ -->\n<title>Aviso de Privacidad - Red Nacional de Arte<\/title>\n<meta name=\"robots\" content=\"index, follow, max-snippet:-1, max-image-preview:large, max-video-preview:-1\" \/>\n<link rel=\"canonical\" href=\"http:\/\/rednacionaldearte.com\/noticias\/aviso-de-privacidad\/\" \/>\n<meta property=\"og:locale\" content=\"es_ES\" \/>\n<meta property=\"og:type\" content=\"article\" \/>\n<meta property=\"og:title\" content=\"Aviso de Privacidad - Red Nacional de Arte\" \/>\n<meta property=\"og:description\" content=\"En Rednacionaldearte.com (en adelante \u2018este sitio web\u2019), respetamos su informaci\u00f3n personal, y en vista de cumplir con las pol\u00edticas de seguridad respectivas concernientes a todo sitio web, informamos al visitante lo siguiente. Privacidad de los datos personales: Sus datos personales le corresponden s\u00f3lo a usted, y este sitio web es responsable de no revelar ninguna [&hellip;]\" \/>\n<meta property=\"og:url\" content=\"http:\/\/rednacionaldearte.com\/noticias\/aviso-de-privacidad\/\" \/>\n<meta property=\"og:site_name\" content=\"Red Nacional de Arte\" \/>\n<meta property=\"article:publisher\" content=\"http:\/\/www.facebook.com\/rednacionaldearte\/\" \/>\n<meta name=\"twitter:card\" content=\"summary_large_image\" \/>\n<meta name=\"twitter:site\" content=\"@rednacionalarte\" \/>\n<meta name=\"twitter:label1\" content=\"Tiempo de lectura\" \/>\n\t<meta name=\"twitter:data1\" content=\"3 minutos\" \/>\n<script type=\"application\/ld+json\" class=\"yoast-schema-graph\">{\"@context\":\"https:\/\/schema.org\",\"@graph\":[{\"@type\":\"WebPage\",\"@id\":\"http:\/\/rednacionaldearte.com\/noticias\/aviso-de-privacidad\/\",\"url\":\"http:\/\/rednacionaldearte.com\/noticias\/aviso-de-privacidad\/\",\"name\":\"Aviso de Privacidad - Red Nacional de Arte\",\"isPartOf\":{\"@id\":\"http:\/\/rednacionaldearte.com\/noticias\/#website\"},\"datePublished\":\"2016-07-13T03:37:12+00:00\",\"breadcrumb\":{\"@id\":\"http:\/\/rednacionaldearte.com\/noticias\/aviso-de-privacidad\/#breadcrumb\"},\"inLanguage\":\"es\",\"potentialAction\":[{\"@type\":\"ReadAction\",\"target\":[\"http:\/\/rednacionaldearte.com\/noticias\/aviso-de-privacidad\/\"]}]},{\"@type\":\"BreadcrumbList\",\"@id\":\"http:\/\/rednacionaldearte.com\/noticias\/aviso-de-privacidad\/#breadcrumb\",\"itemListElement\":[{\"@type\":\"ListItem\",\"position\":1,\"name\":\"Home\",\"item\":\"http:\/\/rednacionaldearte.com\/noticias\/\"},{\"@type\":\"ListItem\",\"position\":2,\"name\":\"Aviso de Privacidad\"}]},{\"@type\":\"WebSite\",\"@id\":\"http:\/\/rednacionaldearte.com\/noticias\/#website\",\"url\":\"http:\/\/rednacionaldearte.com\/noticias\/\",\"name\":\"Red Nacional de Arte\",\"description\":\"Cultura y Arte contempor\u00e1neo en M\u00e9xico\",\"publisher\":{\"@id\":\"http:\/\/rednacionaldearte.com\/noticias\/#organization\"},\"potentialAction\":[{\"@type\":\"SearchAction\",\"target\":{\"@type\":\"EntryPoint\",\"urlTemplate\":\"http:\/\/rednacionaldearte.com\/noticias\/?s={search_term_string}\"},\"query-input\":{\"@type\":\"PropertyValueSpecification\",\"valueRequired\":true,\"valueName\":\"search_term_string\"}}],\"inLanguage\":\"es\"},{\"@type\":\"Organization\",\"@id\":\"http:\/\/rednacionaldearte.com\/noticias\/#organization\",\"name\":\"Red Nacional de Arte\",\"url\":\"http:\/\/rednacionaldearte.com\/noticias\/\",\"logo\":{\"@type\":\"ImageObject\",\"inLanguage\":\"es\",\"@id\":\"http:\/\/rednacionaldearte.com\/noticias\/#\/schema\/logo\/image\/\",\"url\":\"http:\/\/rednacionaldearte.com\/noticias\/wp-content\/uploads\/2016\/04\/logo.png\",\"contentUrl\":\"http:\/\/rednacionaldearte.com\/noticias\/wp-content\/uploads\/2016\/04\/logo.png\",\"width\":575,\"height\":554,\"caption\":\"Red Nacional de Arte\"},\"image\":{\"@id\":\"http:\/\/rednacionaldearte.com\/noticias\/#\/schema\/logo\/image\/\"},\"sameAs\":[\"http:\/\/www.facebook.com\/rednacionaldearte\/\",\"https:\/\/x.com\/rednacionalarte\"]}]}<\/script>\n<!-- \/ Yoast SEO plugin. -->","yoast_head_json":{"title":"Aviso de Privacidad - Red Nacional de Arte","robots":{"index":"index","follow":"follow","max-snippet":"max-snippet:-1","max-image-preview":"max-image-preview:large","max-video-preview":"max-video-preview:-1"},"canonical":"http:\/\/rednacionaldearte.com\/noticias\/aviso-de-privacidad\/","og_locale":"es_ES","og_type":"article","og_title":"Aviso de Privacidad - Red Nacional de Arte","og_description":"En Rednacionaldearte.com (en adelante \u2018este sitio web\u2019), respetamos su informaci\u00f3n personal, y en vista de cumplir con las pol\u00edticas de seguridad respectivas concernientes a todo sitio web, informamos al visitante lo siguiente. Privacidad de los datos personales: Sus datos personales le corresponden s\u00f3lo a usted, y este sitio web es responsable de no revelar ninguna [&hellip;]","og_url":"http:\/\/rednacionaldearte.com\/noticias\/aviso-de-privacidad\/","og_site_name":"Red Nacional de Arte","article_publisher":"http:\/\/www.facebook.com\/rednacionaldearte\/","twitter_card":"summary_large_image","twitter_site":"@rednacionalarte","twitter_misc":{"Tiempo de lectura":"3 minutos"},"schema":{"@context":"https:\/\/schema.org","@graph":[{"@type":"WebPage","@id":"http:\/\/rednacionaldearte.com\/noticias\/aviso-de-privacidad\/","url":"http:\/\/rednacionaldearte.com\/noticias\/aviso-de-privacidad\/","name":"Aviso de Privacidad - Red Nacional de Arte","isPartOf":{"@id":"http:\/\/rednacionaldearte.com\/noticias\/#website"},"datePublished":"2016-07-13T03:37:12+00:00","breadcrumb":{"@id":"http:\/\/rednacionaldearte.com\/noticias\/aviso-de-privacidad\/#breadcrumb"},"inLanguage":"es","potentialAction":[{"@type":"ReadAction","target":["http:\/\/rednacionaldearte.com\/noticias\/aviso-de-privacidad\/"]}]},{"@type":"BreadcrumbList","@id":"http:\/\/rednacionaldearte.com\/noticias\/aviso-de-privacidad\/#breadcrumb","itemListElement":[{"@type":"ListItem","position":1,"name":"Home","item":"http:\/\/rednacionaldearte.com\/noticias\/"},{"@type":"ListItem","position":2,"name":"Aviso de Privacidad"}]},{"@type":"WebSite","@id":"http:\/\/rednacionaldearte.com\/noticias\/#website","url":"http:\/\/rednacionaldearte.com\/noticias\/","name":"Red Nacional de Arte","description":"Cultura y Arte contempor\u00e1neo en M\u00e9xico","publisher":{"@id":"http:\/\/rednacionaldearte.com\/noticias\/#organization"},"potentialAction":[{"@type":"SearchAction","target":{"@type":"EntryPoint","urlTemplate":"http:\/\/rednacionaldearte.com\/noticias\/?s={search_term_string}"},"query-input":{"@type":"PropertyValueSpecification","valueRequired":true,"valueName":"search_term_string"}}],"inLanguage":"es"},{"@type":"Organization","@id":"http:\/\/rednacionaldearte.com\/noticias\/#organization","name":"Red Nacional de Arte","url":"http:\/\/rednacionaldearte.com\/noticias\/","logo":{"@type":"ImageObject","inLanguage":"es","@id":"http:\/\/rednacionaldearte.com\/noticias\/#\/schema\/logo\/image\/","url":"http:\/\/rednacionaldearte.com\/noticias\/wp-content\/uploads\/2016\/04\/logo.png","contentUrl":"http:\/\/rednacionaldearte.com\/noticias\/wp-content\/uploads\/2016\/04\/logo.png","width":575,"height":554,"caption":"Red Nacional de Arte"},"image":{"@id":"http:\/\/rednacionaldearte.com\/noticias\/#\/schema\/logo\/image\/"},"sameAs":["http:\/\/www.facebook.com\/rednacionaldearte\/","https:\/\/x.com\/rednacionalarte"]}]}},"amp_validity":null,"amp_enabled":true,"_links":{"self":[{"href":"http:\/\/rednacionaldearte.com\/noticias\/wp-json\/wp\/v2\/pages\/141","targetHints":{"allow":["GET"]}}],"collection":[{"href":"http:\/\/rednacionaldearte.com\/noticias\/wp-json\/wp\/v2\/pages"}],"about":[{"href":"http:\/\/rednacionaldearte.com\/noticias\/wp-json\/wp\/v2\/types\/page"}],"author":[{"embeddable":true,"href":"http:\/\/rednacionaldearte.com\/noticias\/wp-json\/wp\/v2\/users\/1"}],"replies":[{"embeddable":true,"href":"http:\/\/rednacionaldearte.com\/noticias\/wp-json\/wp\/v2\/comments?post=141"}],"version-history":[{"count":1,"href":"http:\/\/rednacionaldearte.com\/noticias\/wp-json\/wp\/v2\/pages\/141\/revisions"}],"predecessor-version":[{"id":142,"href":"http:\/\/rednacionaldearte.com\/noticias\/wp-json\/wp\/v2\/pages\/141\/revisions\/142"}],"wp:attachment":[{"href":"http:\/\/rednacionaldearte.com\/noticias\/wp-json\/wp\/v2\/media?parent=141"}],"curies":[{"name":"wp","href":"https:\/\/api.w.org\/{rel}","templated":true}]}}

<p style="text-align: justify;">En Rednacionaldearte.com (en adelante ‘este sitio web’), respetamos su información personal, y en vista de cumplir con las políticas de seguridad respectivas concernientes a todo sitio web, informamos al visitante lo siguiente.</p>
<p style="text-align: justify;"><strong>Privacidad de los datos personales:</strong></p>
<p style="text-align: justify;">Sus datos personales le corresponden sólo a usted, y este sitio web es responsable de no revelar ninguna clase de información que le pertenezca (como email, números de ip, etc.), salvo su expresa autorización o fuerzas de naturaleza mayor de tipo legal que lo involucren, como hackeos o suplantaciones.</p>
<p style="text-align: justify;"><strong>Responsabilidad de las opiniones vertidas:</strong></p>
<p style="text-align: justify;">Las publicaciones a modo de artículos (también llamados posts) son responsabilidad del autor del blog. Los comentarios, vertidos por los visitantes, son responsabilidad de ellos mismos y en caso alguno viole las reglas mínimas de respeto a los demás, éstos podrían ser borrados por el editor del blog, sin esperar su consentimiento.</p>
<p style="text-align: justify;"><strong>Seguridad de su información personal:</strong></p>
<p style="text-align: justify;">Este sitio web se hace responsable de velar por su seguridad, por la privacidad de su información y por el respeto a sus datos, de acuerdo con las limitaciones que la actual Internet nos provee, siendo conscientes que no estamos excluídos de sufrir algún ataque por parte de crackers o usuarios malintencionados que ejerzan la delincuencia informática.</p>
<p style="text-align: justify;"><strong>Obtención de su información:</strong></p>
<p style="text-align: justify;">Todos sus datos personales consignados en este sitio son suministrados por usted mismo, haciendo uso entero de su libertad. La información aquí almacenada solo comprende datos básicos ingresados mediante formularios de contacto, comentarios u otros similares.</p>
<p style="text-align: justify;"><strong>Uso de la información:</strong></p>
<p style="text-align: justify;">Al proporcionarnos sus datos personales, estando de acuerdo con la Política de Privacidad aquí consignada, nos autoriza para el siguiente uso de su información: a) para el fin mismo por lo cual se ha suministrado; b) para considerarlo dentro de nuestras estadísticas de tráfico, incrementando así nuestra oferta publicitaria y de mercado; c) para orientar mejor los servicios aquí ofrecidos y valorarlos a su criterio, y d) para enviar e-mails con nuestros boletines, responder inquietudes o comentarios, y mantener informado a nuestros usuarios.</p>
<p style="text-align: justify;"><strong>Uso de los cookies:</strong></p>
<p style="text-align: justify;">El uso de cookies y su dirección IP, tomados por este sitio, se realiza solo con la finalidad de mantener un sitio de acuerdo a sus preferencias locales (tales como navegador web usado, sistema operativo, ISP, etc.). Las “cookies” permiten entregar un contenido ajustado a los intereses y necesidades de nuestros usuarios/visitantes. También podrían usarse cookies de Terceros que estén presentes en esta platadorma, como anunciantes o publicidad del mismo, con el único fin de proveer informaciones adicionales o relevantes a la Navegación del Usuario en este Sitio Web.</p>
<p style="text-align: justify;"><strong>Modificaciones a nuestras Políticas de Privacidad:</strong></p>
<p style="text-align: justify;">El sitio web se reserva el derecho de modificar, rectificar, alterar, agregar o eliminar cualquier punto del presente escrito en cualquier momento y sin previo aviso, siendo su responsabilidad el mantenerse informado del mismo para una adecuada administración de su información.</p>
<p style="text-align: justify;"><strong>Estadísticas y otros sitios afines a Red Nacional de Arte:</strong></p>
<p style="text-align: justify;">Para el correcto funcionamiento de esta plataforma, se hace uso de cookies, tanto del sitio como de nuestros proveedores (como se expuso en el punto anterior), almacenados en su equipo o mediante el uso de algún script.</p>
<p style="text-align: justify;">Las cookies usadas solo se almacenan en su equipo con fines estadísticos, siendo omitidos los datos que pudieran resultar en recopilación de carácter importante.</p>
<p style="text-align: justify;">Lo invitamos también a leer las políticas de Privacidad de los sistemas de terceros usados en Red Nacional de Arte, siguiendo los enlaces que se listan a continuación:</p>
<p style="text-align: justify;">– <a href="http://www.google.com/intl/es_ALL/policies/privacy/" target="_blank">Política de Privacidad de Google Analytics</a>.</p>

<p>En Rednacionaldearte.com (en adelante ‘este sitio web’), respetamos su información personal, y en vista de cumplir con las políticas de seguridad respectivas concernientes a todo sitio web, informamos al visitante lo siguiente. Privacidad de los datos personales: Sus datos personales le corresponden sólo a usted, y este sitio web es responsable de no revelar ninguna [&hellip;]</p>

<!-- This site is optimized with the Yoast SEO plugin v27.2 - https://yoast.com/product/yoast-seo-wordpress/ -->
<title>Aviso de Privacidad - Red Nacional de Arte</title>
<meta name="robots" content="index, follow, max-snippet:-1, max-image-preview:large, max-video-preview:-1" />
<link rel="canonical" href="http://rednacionaldearte.com/noticias/aviso-de-privacidad/" />
<meta property="og:locale" content="es_ES" />
<meta property="og:type" content="article" />
<meta property="og:title" content="Aviso de Privacidad - Red Nacional de Arte" />
<meta property="og:description" content="En Rednacionaldearte.com (en adelante ‘este sitio web’), respetamos su información personal, y en vista de cumplir con las políticas de seguridad respectivas concernientes a todo sitio web, informamos al visitante lo siguiente. Privacidad de los datos personales: Sus datos personales le corresponden sólo a usted, y este sitio web es responsable de no revelar ninguna [&hellip;]" />
<meta property="og:url" content="http://rednacionaldearte.com/noticias/aviso-de-privacidad/" />
<meta property="og:site_name" content="Red Nacional de Arte" />
<meta property="article:publisher" content="http://www.facebook.com/rednacionaldearte/" />
<meta name="twitter:card" content="summary_large_image" />
<meta name="twitter:site" content="@rednacionalarte" />
<meta name="twitter:label1" content="Tiempo de lectura" />
	<meta name="twitter:data1" content="3 minutos" />
<script type="application/ld+json" class="yoast-schema-graph">{"@context":"https://schema.org","@graph":[{"@type":"WebPage","@id":"http://rednacionaldearte.com/noticias/aviso-de-privacidad/","url":"http://rednacionaldearte.com/noticias/aviso-de-privacidad/","name":"Aviso de Privacidad - Red Nacional de Arte","isPartOf":{"@id":"http://rednacionaldearte.com/noticias/#website"},"datePublished":"2016-07-13T03:37:12+00:00","breadcrumb":{"@id":"http://rednacionaldearte.com/noticias/aviso-de-privacidad/#breadcrumb"},"inLanguage":"es","potentialAction":[{"@type":"ReadAction","target":["http://rednacionaldearte.com/noticias/aviso-de-privacidad/"]}]},{"@type":"BreadcrumbList","@id":"http://rednacionaldearte.com/noticias/aviso-de-privacidad/#breadcrumb","itemListElement":[{"@type":"ListItem","position":1,"name":"Home","item":"http://rednacionaldearte.com/noticias/"},{"@type":"ListItem","position":2,"name":"Aviso de Privacidad"}]},{"@type":"WebSite","@id":"http://rednacionaldearte.com/noticias/#website","url":"http://rednacionaldearte.com/noticias/","name":"Red Nacional de Arte","description":"Cultura y Arte contemporáneo en México","publisher":{"@id":"http://rednacionaldearte.com/noticias/#organization"},"potentialAction":[{"@type":"SearchAction","target":{"@type":"EntryPoint","urlTemplate":"http://rednacionaldearte.com/noticias/?s={search_term_string}"},"query-input":{"@type":"PropertyValueSpecification","valueRequired":true,"valueName":"search_term_string"}}],"inLanguage":"es"},{"@type":"Organization","@id":"http://rednacionaldearte.com/noticias/#organization","name":"Red Nacional de Arte","url":"http://rednacionaldearte.com/noticias/","logo":{"@type":"ImageObject","inLanguage":"es","@id":"http://rednacionaldearte.com/noticias/#/schema/logo/image/","url":"http://rednacionaldearte.com/noticias/wp-content/uploads/2016/04/logo.png","contentUrl":"http://rednacionaldearte.com/noticias/wp-content/uploads/2016/04/logo.png","width":575,"height":554,"caption":"Red Nacional de Arte"},"image":{"@id":"http://rednacionaldearte.com/noticias/#/schema/logo/image/"},"sameAs":["http://www.facebook.com/rednacionaldearte/","https://x.com/rednacionalarte"]}]}</script>
<!-- / Yoast SEO plugin. -->

En Rednacionaldearte.com (en adelante ‘este sitio web’), respetamos su información personal, y en vista de cumplir con las políticas de seguridad respectivas concernientes a todo sitio web, informamos al visitante lo siguiente. Privacidad de los datos personales: Sus datos personales le corresponden sólo a usted, y este sitio web es responsable de no revelar ninguna [&hellip;]

Cultura y Arte contemporáneo en México
