{"version":"1.0","provider_name":"Red Nacional de Arte","provider_url":"https:\/\/rednacionaldearte.com\/noticias","author_name":"Redacci\u00f3n","author_url":"https:\/\/rednacionaldearte.com\/noticias\/author\/adan\/","title":"Ceniza de los Pasos dar\u00e1 inicio a gira nacional en la CDMX - Red Nacional de Arte","type":"rich","width":600,"height":338,"html":"<blockquote class=\"wp-embedded-content\" data-secret=\"A35wKw73NP\"><a href=\"https:\/\/rednacionaldearte.com\/noticias\/ceniza-pasos-cdmx\/\">Ceniza de los Pasos dar\u00e1 inicio a gira nacional en la CDMX<\/a><\/blockquote><iframe sandbox=\"allow-scripts\" security=\"restricted\" src=\"https:\/\/rednacionaldearte.com\/noticias\/ceniza-pasos-cdmx\/embed\/#?secret=A35wKw73NP\" width=\"600\" height=\"338\" title=\"\u00abCeniza de los Pasos dar\u00e1 inicio a gira nacional en la CDMX\u00bb \u2014 Red Nacional de Arte\" data-secret=\"A35wKw73NP\" frameborder=\"0\" marginwidth=\"0\" marginheight=\"0\" scrolling=\"no\" class=\"wp-embedded-content\"><\/iframe><script type=\"text\/javascript\">\n\/* <![CDATA[ *\/\n\/*! This file is auto-generated *\/\n!function(d,l){\"use strict\";l.querySelector&&d.addEventListener&&\"undefined\"!=typeof URL&&(d.wp=d.wp||{},d.wp.receiveEmbedMessage||(d.wp.receiveEmbedMessage=function(e){var t=e.data;if((t||t.secret||t.message||t.value)&&!\/[^a-zA-Z0-9]\/.test(t.secret)){for(var s,r,n,a=l.querySelectorAll('iframe[data-secret=\"'+t.secret+'\"]'),o=l.querySelectorAll('blockquote[data-secret=\"'+t.secret+'\"]'),c=new RegExp(\"^https?:$\",\"i\"),i=0;i<o.length;i++)o[i].style.display=\"none\";for(i=0;i<a.length;i++)s=a[i],e.source===s.contentWindow&&(s.removeAttribute(\"style\"),\"height\"===t.message?(1e3<(r=parseInt(t.value,10))?r=1e3:~~r<200&&(r=200),s.height=r):\"link\"===t.message&&(r=new URL(s.getAttribute(\"src\")),n=new URL(t.value),c.test(n.protocol))&&n.host===r.host&&l.activeElement===s&&(d.top.location.href=t.value))}},d.addEventListener(\"message\",d.wp.receiveEmbedMessage,!1),l.addEventListener(\"DOMContentLoaded\",function(){for(var e,t,s=l.querySelectorAll(\"iframe.wp-embedded-content\"),r=0;r<s.length;r++)(t=(e=s[r]).getAttribute(\"data-secret\"))||(t=Math.random().toString(36).substring(2,12),e.src+=\"#?secret=\"+t,e.setAttribute(\"data-secret\",t)),e.contentWindow.postMessage({message:\"ready\",secret:t},\"*\")},!1)))}(window,document);\n\/\/# sourceURL=https:\/\/rednacionaldearte.com\/noticias\/wp-includes\/js\/wp-embed.min.js\n\/* ]]> *\/\n<\/script>\n","thumbnail_url":"http:\/\/rednacionaldearte.com\/noticias\/wp-content\/uploads\/2018\/01\/4.jpg","thumbnail_width":1200,"thumbnail_height":630,"description":"La obra de danza contempor\u00e1nea con arn\u00e9s (o danza vertical) \u00abCeniza de los Pasos\u00bb iniciar\u00e1 su temporada de funciones este 2018 en la capital del pa\u00eds. Ceniza de los pasos, pieza sobre paisajes volc\u00e1nicos, conmemorar\u00e1 el 75 aniversario del nacimiento del volc\u00e1n m\u00e1s joven del mundo; el Paricut\u00edn, ubicado en Michoac\u00e1n. Las funciones se llevar\u00e1n [&hellip;]"}

Redacción

Ceniza de los Pasos dará inicio a gira nacional en la CDMX - Red Nacional de Arte

<blockquote class="wp-embedded-content" data-secret="A35wKw73NP"><a href="https://rednacionaldearte.com/noticias/ceniza-pasos-cdmx/">Ceniza de los Pasos dará inicio a gira nacional en la CDMX</a></blockquote><iframe sandbox="allow-scripts" security="restricted" src="https://rednacionaldearte.com/noticias/ceniza-pasos-cdmx/embed/#?secret=A35wKw73NP" width="600" height="338" title="«Ceniza de los Pasos dará inicio a gira nacional en la CDMX» — Red Nacional de Arte" data-secret="A35wKw73NP" frameborder="0" marginwidth="0" marginheight="0" scrolling="no" class="wp-embedded-content"></iframe><script type="text/javascript">
/* <![CDATA[ */
/*! This file is auto-generated */
!function(d,l){"use strict";l.querySelector&&d.addEventListener&&"undefined"!=typeof URL&&(d.wp=d.wp||{},d.wp.receiveEmbedMessage||(d.wp.receiveEmbedMessage=function(e){var t=e.data;if((t||t.secret||t.message||t.value)&&!/[^a-zA-Z0-9]/.test(t.secret)){for(var s,r,n,a=l.querySelectorAll('iframe[data-secret="'+t.secret+'"]'),o=l.querySelectorAll('blockquote[data-secret="'+t.secret+'"]'),c=new RegExp("^https?:$","i"),i=0;i<o.length;i++)o[i].style.display="none";for(i=0;i<a.length;i++)s=a[i],e.source===s.contentWindow&&(s.removeAttribute("style"),"height"===t.message?(1e3<(r=parseInt(t.value,10))?r=1e3:~~r<200&&(r=200),s.height=r):"link"===t.message&&(r=new URL(s.getAttribute("src")),n=new URL(t.value),c.test(n.protocol))&&n.host===r.host&&l.activeElement===s&&(d.top.location.href=t.value))}},d.addEventListener("message",d.wp.receiveEmbedMessage,!1),l.addEventListener("DOMContentLoaded",function(){for(var e,t,s=l.querySelectorAll("iframe.wp-embedded-content"),r=0;r<s.length;r++)(t=(e=s[r]).getAttribute("data-secret"))||(t=Math.random().toString(36).substring(2,12),e.src+="#?secret="+t,e.setAttribute("data-secret",t)),e.contentWindow.postMessage({message:"ready",secret:t},"*")},!1)))}(window,document);
//# sourceURL=https://rednacionaldearte.com/noticias/wp-includes/js/wp-embed.min.js
/* ]]> */
</script>

La obra de danza contemporánea con arnés (o danza vertical) «Ceniza de los Pasos» iniciará su temporada de funciones este 2018 en la capital del país. Ceniza de los pasos, pieza sobre paisajes volcánicos, conmemorará el 75 aniversario del nacimiento del volcán más joven del mundo; el Paricutín, ubicado en Michoacán. Las funciones se llevarán [&hellip;]
