{"version":"1.0","provider_name":"Red Nacional de Arte","provider_url":"https:\/\/rednacionaldearte.com\/noticias","author_name":"Redacci\u00f3n","author_url":"https:\/\/rednacionaldearte.com\/noticias\/author\/adan\/","title":"El Festival de Videodanza de la CDMX presentar\u00e1 Funci\u00f3n en Realidad Virtual","type":"rich","width":600,"height":338,"html":"<blockquote class=\"wp-embedded-content\" data-secret=\"wVtKnfaeAE\"><a href=\"https:\/\/rednacionaldearte.com\/noticias\/festival-videodanza-cdmx-realidad-virtual\/\">El Festival de Videodanza de la CDMX presentar\u00e1 Funci\u00f3n en Realidad Virtual<\/a><\/blockquote><iframe sandbox=\"allow-scripts\" security=\"restricted\" src=\"https:\/\/rednacionaldearte.com\/noticias\/festival-videodanza-cdmx-realidad-virtual\/embed\/#?secret=wVtKnfaeAE\" width=\"600\" height=\"338\" title=\"\u00abEl Festival de Videodanza de la CDMX presentar\u00e1 Funci\u00f3n en Realidad Virtual\u00bb \u2014 Red Nacional de Arte\" data-secret=\"wVtKnfaeAE\" frameborder=\"0\" marginwidth=\"0\" marginheight=\"0\" scrolling=\"no\" class=\"wp-embedded-content\"><\/iframe><script type=\"text\/javascript\">\n\/* <![CDATA[ *\/\n\/*! This file is auto-generated *\/\n!function(d,l){\"use strict\";l.querySelector&&d.addEventListener&&\"undefined\"!=typeof URL&&(d.wp=d.wp||{},d.wp.receiveEmbedMessage||(d.wp.receiveEmbedMessage=function(e){var t=e.data;if((t||t.secret||t.message||t.value)&&!\/[^a-zA-Z0-9]\/.test(t.secret)){for(var s,r,n,a=l.querySelectorAll('iframe[data-secret=\"'+t.secret+'\"]'),o=l.querySelectorAll('blockquote[data-secret=\"'+t.secret+'\"]'),c=new RegExp(\"^https?:$\",\"i\"),i=0;i<o.length;i++)o[i].style.display=\"none\";for(i=0;i<a.length;i++)s=a[i],e.source===s.contentWindow&&(s.removeAttribute(\"style\"),\"height\"===t.message?(1e3<(r=parseInt(t.value,10))?r=1e3:~~r<200&&(r=200),s.height=r):\"link\"===t.message&&(r=new URL(s.getAttribute(\"src\")),n=new URL(t.value),c.test(n.protocol))&&n.host===r.host&&l.activeElement===s&&(d.top.location.href=t.value))}},d.addEventListener(\"message\",d.wp.receiveEmbedMessage,!1),l.addEventListener(\"DOMContentLoaded\",function(){for(var e,t,s=l.querySelectorAll(\"iframe.wp-embedded-content\"),r=0;r<s.length;r++)(t=(e=s[r]).getAttribute(\"data-secret\"))||(t=Math.random().toString(36).substring(2,12),e.src+=\"#?secret=\"+t,e.setAttribute(\"data-secret\",t)),e.contentWindow.postMessage({message:\"ready\",secret:t},\"*\")},!1)))}(window,document);\n\/\/# sourceURL=https:\/\/rednacionaldearte.com\/noticias\/wp-includes\/js\/wp-embed.min.js\n\/* ]]> *\/\n<\/script>\n","thumbnail_url":"http:\/\/rednacionaldearte.com\/noticias\/wp-content\/uploads\/2017\/09\/Sorecer-VR.jpg","thumbnail_width":960,"thumbnail_height":720,"description":"La primera pieza en VR presentada en un Festival de Videodanza en M\u00e9xico. La segunda edici\u00f3n del Festival Internacional de Videodanza de la Ciudad de M\u00e9xico\u00a0contar\u00e1 con la presentaci\u00f3n del proyecto \u00abSorecer 360\u00bb de Abigail Jara. La pieza es una videodanza en formato de realidad virtual acompa\u00f1ada por un performance que interact\u00faa con los espectadores. [&hellip;]"}

Redacción

El Festival de Videodanza de la CDMX presentará Función en Realidad Virtual

<blockquote class="wp-embedded-content" data-secret="wVtKnfaeAE"><a href="https://rednacionaldearte.com/noticias/festival-videodanza-cdmx-realidad-virtual/">El Festival de Videodanza de la CDMX presentará Función en Realidad Virtual</a></blockquote><iframe sandbox="allow-scripts" security="restricted" src="https://rednacionaldearte.com/noticias/festival-videodanza-cdmx-realidad-virtual/embed/#?secret=wVtKnfaeAE" width="600" height="338" title="«El Festival de Videodanza de la CDMX presentará Función en Realidad Virtual» — Red Nacional de Arte" data-secret="wVtKnfaeAE" frameborder="0" marginwidth="0" marginheight="0" scrolling="no" class="wp-embedded-content"></iframe><script type="text/javascript">
/* <![CDATA[ */
/*! This file is auto-generated */
!function(d,l){"use strict";l.querySelector&&d.addEventListener&&"undefined"!=typeof URL&&(d.wp=d.wp||{},d.wp.receiveEmbedMessage||(d.wp.receiveEmbedMessage=function(e){var t=e.data;if((t||t.secret||t.message||t.value)&&!/[^a-zA-Z0-9]/.test(t.secret)){for(var s,r,n,a=l.querySelectorAll('iframe[data-secret="'+t.secret+'"]'),o=l.querySelectorAll('blockquote[data-secret="'+t.secret+'"]'),c=new RegExp("^https?:$","i"),i=0;i<o.length;i++)o[i].style.display="none";for(i=0;i<a.length;i++)s=a[i],e.source===s.contentWindow&&(s.removeAttribute("style"),"height"===t.message?(1e3<(r=parseInt(t.value,10))?r=1e3:~~r<200&&(r=200),s.height=r):"link"===t.message&&(r=new URL(s.getAttribute("src")),n=new URL(t.value),c.test(n.protocol))&&n.host===r.host&&l.activeElement===s&&(d.top.location.href=t.value))}},d.addEventListener("message",d.wp.receiveEmbedMessage,!1),l.addEventListener("DOMContentLoaded",function(){for(var e,t,s=l.querySelectorAll("iframe.wp-embedded-content"),r=0;r<s.length;r++)(t=(e=s[r]).getAttribute("data-secret"))||(t=Math.random().toString(36).substring(2,12),e.src+="#?secret="+t,e.setAttribute("data-secret",t)),e.contentWindow.postMessage({message:"ready",secret:t},"*")},!1)))}(window,document);
//# sourceURL=https://rednacionaldearte.com/noticias/wp-includes/js/wp-embed.min.js
/* ]]> */
</script>

La primera pieza en VR presentada en un Festival de Videodanza en México. La segunda edición del Festival Internacional de Videodanza de la Ciudad de México contará con la presentación del proyecto «Sorecer 360» de Abigail Jara. La pieza es una videodanza en formato de realidad virtual acompañada por un performance que interactúa con los espectadores. [&hellip;]
