{"version":"1.0","provider_name":"Red Nacional de Arte","provider_url":"https:\/\/rednacionaldearte.com\/noticias","author_name":"Redacci\u00f3n","author_url":"https:\/\/rednacionaldearte.com\/noticias\/author\/adan\/","title":"El Festival de Videodanza de la CDMX cancela todas sus proyecciones debido a sismo","type":"rich","width":600,"height":338,"html":"<blockquote class=\"wp-embedded-content\" data-secret=\"0cLLvnYRv2\"><a href=\"https:\/\/rednacionaldearte.com\/noticias\/festival-videodanza-la-cdmx-cancela-todas-sus-proyecciones\/\">El Festival de Videodanza de la CDMX cancela todas sus proyecciones debido a sismo<\/a><\/blockquote><iframe sandbox=\"allow-scripts\" security=\"restricted\" src=\"https:\/\/rednacionaldearte.com\/noticias\/festival-videodanza-la-cdmx-cancela-todas-sus-proyecciones\/embed\/#?secret=0cLLvnYRv2\" width=\"600\" height=\"338\" title=\"\u00abEl Festival de Videodanza de la CDMX cancela todas sus proyecciones debido a sismo\u00bb \u2014 Red Nacional de Arte\" data-secret=\"0cLLvnYRv2\" frameborder=\"0\" marginwidth=\"0\" marginheight=\"0\" scrolling=\"no\" class=\"wp-embedded-content\"><\/iframe><script type=\"text\/javascript\">\n\/* <![CDATA[ *\/\n\/*! This file is auto-generated *\/\n!function(d,l){\"use strict\";l.querySelector&&d.addEventListener&&\"undefined\"!=typeof URL&&(d.wp=d.wp||{},d.wp.receiveEmbedMessage||(d.wp.receiveEmbedMessage=function(e){var t=e.data;if((t||t.secret||t.message||t.value)&&!\/[^a-zA-Z0-9]\/.test(t.secret)){for(var s,r,n,a=l.querySelectorAll('iframe[data-secret=\"'+t.secret+'\"]'),o=l.querySelectorAll('blockquote[data-secret=\"'+t.secret+'\"]'),c=new RegExp(\"^https?:$\",\"i\"),i=0;i<o.length;i++)o[i].style.display=\"none\";for(i=0;i<a.length;i++)s=a[i],e.source===s.contentWindow&&(s.removeAttribute(\"style\"),\"height\"===t.message?(1e3<(r=parseInt(t.value,10))?r=1e3:~~r<200&&(r=200),s.height=r):\"link\"===t.message&&(r=new URL(s.getAttribute(\"src\")),n=new URL(t.value),c.test(n.protocol))&&n.host===r.host&&l.activeElement===s&&(d.top.location.href=t.value))}},d.addEventListener(\"message\",d.wp.receiveEmbedMessage,!1),l.addEventListener(\"DOMContentLoaded\",function(){for(var e,t,s=l.querySelectorAll(\"iframe.wp-embedded-content\"),r=0;r<s.length;r++)(t=(e=s[r]).getAttribute(\"data-secret\"))||(t=Math.random().toString(36).substring(2,12),e.src+=\"#?secret=\"+t,e.setAttribute(\"data-secret\",t)),e.contentWindow.postMessage({message:\"ready\",secret:t},\"*\")},!1)))}(window,document);\n\/\/# sourceURL=https:\/\/rednacionaldearte.com\/noticias\/wp-includes\/js\/wp-embed.min.js\n\/* ]]> *\/\n<\/script>\n","thumbnail_url":"http:\/\/rednacionaldearte.com\/noticias\/wp-content\/uploads\/2017\/09\/21761544_1384921131628069_4358627227924477528_n.jpg","thumbnail_width":960,"thumbnail_height":662,"description":"Por causas de fuerza mayor como da\u00f1os estructurales en las sedes, y ante la necesidad de solidaridad y seguridad en la capital del pa\u00eds, el Festival Internacional de Videodanza de la Ciudad de M\u00e9xico se ve obligado a cancelar las proyecciones de su segunda edici\u00f3n. Gran parte de la selecci\u00f3n\u00a0puede consultarse gratis\u00a0en l\u00ednea. Esperamos emitir [&hellip;]"}

Redacción

Por causas de fuerza mayor como daños estructurales en las sedes, y ante la necesidad de solidaridad y seguridad en la capital del país, el Festival Internacional de Videodanza de la Ciudad de México se ve obligado a cancelar las proyecciones de su segunda edición. Gran parte de la selección puede consultarse gratis en línea. Esperamos emitir [&hellip;]
