{"version":"1.0","provider_name":"Red Nacional de Arte","provider_url":"https:\/\/rednacionaldearte.com\/noticias","author_name":"Redacci\u00f3n","author_url":"https:\/\/rednacionaldearte.com\/noticias\/author\/adan\/","title":"\u00a1Gana una beca para el Laboratorio de Videodanza! - Red Nacional de Arte","type":"rich","width":600,"height":338,"html":"<blockquote class=\"wp-embedded-content\" data-secret=\"mXIKytmf2Y\"><a href=\"https:\/\/rednacionaldearte.com\/noticias\/gana-una-beca-para-el-laboratorio-de-videodanza\/\">\u00a1Gana una beca para el Laboratorio de Videodanza!<\/a><\/blockquote><iframe sandbox=\"allow-scripts\" security=\"restricted\" src=\"https:\/\/rednacionaldearte.com\/noticias\/gana-una-beca-para-el-laboratorio-de-videodanza\/embed\/#?secret=mXIKytmf2Y\" width=\"600\" height=\"338\" title=\"\u00ab\u00a1Gana una beca para el Laboratorio de Videodanza!\u00bb \u2014 Red Nacional de Arte\" data-secret=\"mXIKytmf2Y\" frameborder=\"0\" marginwidth=\"0\" marginheight=\"0\" scrolling=\"no\" class=\"wp-embedded-content\"><\/iframe><script type=\"text\/javascript\">\n\/* <![CDATA[ *\/\n\/*! This file is auto-generated *\/\n!function(d,l){\"use strict\";l.querySelector&&d.addEventListener&&\"undefined\"!=typeof URL&&(d.wp=d.wp||{},d.wp.receiveEmbedMessage||(d.wp.receiveEmbedMessage=function(e){var t=e.data;if((t||t.secret||t.message||t.value)&&!\/[^a-zA-Z0-9]\/.test(t.secret)){for(var s,r,n,a=l.querySelectorAll('iframe[data-secret=\"'+t.secret+'\"]'),o=l.querySelectorAll('blockquote[data-secret=\"'+t.secret+'\"]'),c=new RegExp(\"^https?:$\",\"i\"),i=0;i<o.length;i++)o[i].style.display=\"none\";for(i=0;i<a.length;i++)s=a[i],e.source===s.contentWindow&&(s.removeAttribute(\"style\"),\"height\"===t.message?(1e3<(r=parseInt(t.value,10))?r=1e3:~~r<200&&(r=200),s.height=r):\"link\"===t.message&&(r=new URL(s.getAttribute(\"src\")),n=new URL(t.value),c.test(n.protocol))&&n.host===r.host&&l.activeElement===s&&(d.top.location.href=t.value))}},d.addEventListener(\"message\",d.wp.receiveEmbedMessage,!1),l.addEventListener(\"DOMContentLoaded\",function(){for(var e,t,s=l.querySelectorAll(\"iframe.wp-embedded-content\"),r=0;r<s.length;r++)(t=(e=s[r]).getAttribute(\"data-secret\"))||(t=Math.random().toString(36).substring(2,12),e.src+=\"#?secret=\"+t,e.setAttribute(\"data-secret\",t)),e.contentWindow.postMessage({message:\"ready\",secret:t},\"*\")},!1)))}(window,document);\n\/\/# sourceURL=https:\/\/rednacionaldearte.com\/noticias\/wp-includes\/js\/wp-embed.min.js\n\/* ]]> *\/\n<\/script>\n","thumbnail_url":"http:\/\/rednacionaldearte.com\/noticias\/wp-content\/uploads\/2019\/07\/laboratorio-videodanza.jpg","thumbnail_width":1920,"thumbnail_height":1080,"description":"El Festival Internacional de Videodanza de la Ciudad de M\u00e9xico en colaboraci\u00f3n con Red Nacional de Arte cubrir\u00e1 el costo de inscripci\u00f3n de hasta dos personas al 2do Laboratorio de Videodanza que se llevar\u00e1 a cabo el pr\u00f3ximo mes en la Galer\u00eda Afirme. El laboratorio se realizar\u00e1 del 3 de Agosto al 14 de Septiembre, [&hellip;]"}

Redacción

El Festival Internacional de Videodanza de la Ciudad de México en colaboración con Red Nacional de Arte cubrirá el costo de inscripción de hasta dos personas al 2do Laboratorio de Videodanza que se llevará a cabo el próximo mes en la Galería Afirme. El laboratorio se realizará del 3 de Agosto al 14 de Septiembre, [&hellip;]
