{"version":"1.0","provider_name":"Red Nacional de Arte","provider_url":"https:\/\/rednacionaldearte.com\/noticias","author_name":"Redacci\u00f3n","author_url":"https:\/\/rednacionaldearte.com\/noticias\/author\/adan\/","title":"Retrospectiva de Yves Klein llegar\u00e1 al MUAC - Red Nacional de Arte","type":"rich","width":600,"height":338,"html":"<blockquote class=\"wp-embedded-content\" data-secret=\"NwHPcTJScP\"><a href=\"https:\/\/rednacionaldearte.com\/noticias\/yves-klein-muac-mexico\/\">Retrospectiva de Yves Klein llegar\u00e1 al MUAC<\/a><\/blockquote><iframe sandbox=\"allow-scripts\" security=\"restricted\" src=\"https:\/\/rednacionaldearte.com\/noticias\/yves-klein-muac-mexico\/embed\/#?secret=NwHPcTJScP\" width=\"600\" height=\"338\" title=\"\u00abRetrospectiva de Yves Klein llegar\u00e1 al MUAC\u00bb \u2014 Red Nacional de Arte\" data-secret=\"NwHPcTJScP\" frameborder=\"0\" marginwidth=\"0\" marginheight=\"0\" scrolling=\"no\" class=\"wp-embedded-content\"><\/iframe><script type=\"text\/javascript\">\n\/* <![CDATA[ *\/\n\/*! This file is auto-generated *\/\n!function(d,l){\"use strict\";l.querySelector&&d.addEventListener&&\"undefined\"!=typeof URL&&(d.wp=d.wp||{},d.wp.receiveEmbedMessage||(d.wp.receiveEmbedMessage=function(e){var t=e.data;if((t||t.secret||t.message||t.value)&&!\/[^a-zA-Z0-9]\/.test(t.secret)){for(var s,r,n,a=l.querySelectorAll('iframe[data-secret=\"'+t.secret+'\"]'),o=l.querySelectorAll('blockquote[data-secret=\"'+t.secret+'\"]'),c=new RegExp(\"^https?:$\",\"i\"),i=0;i<o.length;i++)o[i].style.display=\"none\";for(i=0;i<a.length;i++)s=a[i],e.source===s.contentWindow&&(s.removeAttribute(\"style\"),\"height\"===t.message?(1e3<(r=parseInt(t.value,10))?r=1e3:~~r<200&&(r=200),s.height=r):\"link\"===t.message&&(r=new URL(s.getAttribute(\"src\")),n=new URL(t.value),c.test(n.protocol))&&n.host===r.host&&l.activeElement===s&&(d.top.location.href=t.value))}},d.addEventListener(\"message\",d.wp.receiveEmbedMessage,!1),l.addEventListener(\"DOMContentLoaded\",function(){for(var e,t,s=l.querySelectorAll(\"iframe.wp-embedded-content\"),r=0;r<s.length;r++)(t=(e=s[r]).getAttribute(\"data-secret\"))||(t=Math.random().toString(36).substring(2,12),e.src+=\"#?secret=\"+t,e.setAttribute(\"data-secret\",t)),e.contentWindow.postMessage({message:\"ready\",secret:t},\"*\")},!1)))}(window,document);\n\/\/# sourceURL=https:\/\/rednacionaldearte.com\/noticias\/wp-includes\/js\/wp-embed.min.js\n\/* ]]> *\/\n<\/script>\n","thumbnail_url":"https:\/\/rednacionaldearte.com\/noticias\/wp-content\/uploads\/2017\/03\/Yves-Klein.jpg","thumbnail_width":1280,"thumbnail_height":720,"description":"Luego de pasar por\u00a0Buenos Aires,\u00a0la primera gran exposici\u00f3n\u00a0de Yves Klein en Latinoam\u00e9rica estar\u00e1 llegando a M\u00e9xico\u00a0el\u00a026 de agosto para permanecer hasta el 18 de enero de 2018 en el Museo Universitario de Arte Contempor\u00e1neo. La muestra estar\u00e1 compuesta por alrededor de setenta piezas, m\u00e1s de cien\u00a0fotograf\u00edas y algunos documentos sobre el artista franc\u00e9s, considerado uno [&hellip;]"}

Redacción

Retrospectiva de Yves Klein llegará al MUAC - Red Nacional de Arte

<blockquote class="wp-embedded-content" data-secret="NwHPcTJScP"><a href="https://rednacionaldearte.com/noticias/yves-klein-muac-mexico/">Retrospectiva de Yves Klein llegará al MUAC</a></blockquote><iframe sandbox="allow-scripts" security="restricted" src="https://rednacionaldearte.com/noticias/yves-klein-muac-mexico/embed/#?secret=NwHPcTJScP" width="600" height="338" title="«Retrospectiva de Yves Klein llegará al MUAC» — Red Nacional de Arte" data-secret="NwHPcTJScP" frameborder="0" marginwidth="0" marginheight="0" scrolling="no" class="wp-embedded-content"></iframe><script type="text/javascript">
/* <![CDATA[ */
/*! This file is auto-generated */
!function(d,l){"use strict";l.querySelector&&d.addEventListener&&"undefined"!=typeof URL&&(d.wp=d.wp||{},d.wp.receiveEmbedMessage||(d.wp.receiveEmbedMessage=function(e){var t=e.data;if((t||t.secret||t.message||t.value)&&!/[^a-zA-Z0-9]/.test(t.secret)){for(var s,r,n,a=l.querySelectorAll('iframe[data-secret="'+t.secret+'"]'),o=l.querySelectorAll('blockquote[data-secret="'+t.secret+'"]'),c=new RegExp("^https?:$","i"),i=0;i<o.length;i++)o[i].style.display="none";for(i=0;i<a.length;i++)s=a[i],e.source===s.contentWindow&&(s.removeAttribute("style"),"height"===t.message?(1e3<(r=parseInt(t.value,10))?r=1e3:~~r<200&&(r=200),s.height=r):"link"===t.message&&(r=new URL(s.getAttribute("src")),n=new URL(t.value),c.test(n.protocol))&&n.host===r.host&&l.activeElement===s&&(d.top.location.href=t.value))}},d.addEventListener("message",d.wp.receiveEmbedMessage,!1),l.addEventListener("DOMContentLoaded",function(){for(var e,t,s=l.querySelectorAll("iframe.wp-embedded-content"),r=0;r<s.length;r++)(t=(e=s[r]).getAttribute("data-secret"))||(t=Math.random().toString(36).substring(2,12),e.src+="#?secret="+t,e.setAttribute("data-secret",t)),e.contentWindow.postMessage({message:"ready",secret:t},"*")},!1)))}(window,document);
//# sourceURL=https://rednacionaldearte.com/noticias/wp-includes/js/wp-embed.min.js
/* ]]> */
</script>

Luego de pasar por Buenos Aires, la primera gran exposición de Yves Klein en Latinoamérica estará llegando a México el 26 de agosto para permanecer hasta el 18 de enero de 2018 en el Museo Universitario de Arte Contemporáneo. La muestra estará compuesta por alrededor de setenta piezas, más de cien fotografías y algunos documentos sobre el artista francés, considerado uno [&hellip;]
