{"id":1149,"date":"2021-05-18T05:19:19","date_gmt":"2021-05-18T05:19:19","guid":{"rendered":"https:\/\/rednacionaldearte.com\/tienda\/?post_type=product&#038;p=1149"},"modified":"2021-06-16T18:25:17","modified_gmt":"2021-06-16T18:25:17","slug":"inscripcion-al-taller-body-action","status":"publish","type":"product","link":"https:\/\/rednacionaldearte.com\/tienda\/producto\/inscripcion-al-taller-body-action\/","title":{"rendered":"Inscripci\u00f3n al Taller Body Action"},"content":{"rendered":"<p>Red Nacional de Arte en colaboraci\u00f3n con T\u00e9cnicas de Movimiento y la Secretar\u00eda de Cultura del Ayuntamiento de Morelia, convocan al taller \u201cBody Action\u201d con Francisco C\u00f3rdova.<\/p>\n<p><strong>Del 01 al 05 de Junio, 2021.<\/strong><br \/>\n<strong>Modalidad presencial.<\/strong><\/p>\n<p>&nbsp;<\/p>\n<p><b>Descripci\u00f3n de la metodolog\u00eda: <\/b><b><br \/>\n<\/b><span style=\"font-weight: 400;\">Entrenamiento basado en la construcci\u00f3n de acciones f\u00edsicas. Decodifica y desestructura los lenguajes establecidos y predeterminados de la danza. Las sesiones son una representaci\u00f3n de control e intuici\u00f3n f\u00edsica, su finalidad es crear estados: f\u00edsicos, mentales e incluso emocionales a partir de la fisicalidad. Lleva al cuerpo a sus m\u00e1ximas capacidades con un riesgo corporalmente controlado. Gu\u00eda al alumno a encontrar la verdad en su cuerpo y contactar con su propia manera de moverse, asumiendo la informaci\u00f3n con respecto a su intuici\u00f3n.\u00a0<\/span><\/p>\n<p>&nbsp;<\/p>\n<p><b>Francisco C\u00f3rdova<\/b><span style=\"font-weight: 400;\">\u00a0 (M\u00e9xico)\u00a0<\/span><\/p>\n<p><span style=\"font-weight: 400;\">Int\u00e9rprete, Core\u00f3grafo y Pedagogo <\/span><span style=\"font-weight: 400;\"><br \/>\n<\/span><span style=\"font-weight: 400;\">Calificado como uno de los pedagogos y bailarines m\u00e1s representativos de la nueva danza contempor\u00e1nea, es director de la compa\u00f1\u00eda PHYSICAL MOMENTUM, el Festival ATLAS M\u00c9XICO y la plataforma <\/span><span style=\"font-weight: 400;\">de entrenamiento T\u00c9CNICAS <\/span><span style=\"font-weight: 400;\">DE MOVIMIENTO.\u00a0<\/span><\/p>\n<p><span style=\"font-weight: 400;\">Con M\u00e1ster en Estudios Teatrales y Direcci\u00f3n Esc\u00e9nica, y M\u00e1ster en Iluminaci\u00f3n Esc\u00e9nica del Institut del Teatre (IT) en Barcelona, Espa\u00f1a. Es Licenciado en Danza Contempor\u00e1nea de la Escuela Nacional de Danza (ENDCC) en M\u00e9xico, y Disc\u00edpulo directo de las t\u00e9cnicas de David Zambrano.\u00a0<\/span><\/p>\n<p><span style=\"font-weight: 400;\">Desde el 2006 desarrolla su propuesta metodol\u00f3gica <\/span><b>BODY-ACTION<\/b><span style=\"font-weight: 400;\"> donde ha impartido m\u00faltiples talleres en reconocidos festivales, instituciones, escuelas y centros art\u00edsticos internacionales como: SEAD &#8211; Salzburg Experimental Academy of Dance (Austria), Movement Research Kibbutz Program (Israel), TicTac Art Center (B\u00e9lgica), Festival DELTEBRE Dansa, La Caldera Barcelona, LaCerda, AREA Espai de Dansa i creaci\u00f3 (Espa\u00f1a), Cortocinesis &#8211; CENDA (Colombia) Rev\u00e9s (Costa Rica), festivales, instituciones, escuelas y estudios privados e independientes de M\u00e9xico y pa\u00edses como Rusia, Croacia, Alemania, Singapur, India, Holanda, Finlandia, Grecia, Rep\u00fablica Checa, Italia, Portugal, Ecuador, Brasil, Canad\u00e1 y Estados Unidos<\/span><\/p>\n<p><span style=\"font-weight: 400;\">Actualmente su metodolog\u00eda se perfila dentro de las <\/span><b>principales vanguardias en la ense\u00f1anza de la danza mundial,<\/b><span style=\"font-weight: 400;\"> convirti\u00e9ndose en una figura imprescindible dentro de las redes de la pedagog\u00eda en territorio Europeo, Asi\u00e1tico y Latinoamericano. La cr\u00edtica lo califica como \u201cUno de los 7 nuevos creadores emergentes\u201d; \u201cReferente internacional y de los bailarines m\u00e1s representativos de la nueva y actual danza mexicana\u201d, siendo as\u00ed, uno de los actuales embajadores m\u00e1s representativos del arte esc\u00e9nico mexicano en horizontes internacionales. <\/span><\/p>\n","protected":false},"excerpt":{"rendered":"<p>Red Nacional de Arte en colaboraci\u00f3n con T\u00e9cnicas de Movimiento y la Secretar\u00eda de Cultura del Ayuntamiento de Morelia, convocan al taller \u201cBody Action\u201d con Francisco C\u00f3rdova.<\/p>\n<p><strong>Del 01 al 05 de Junio, 2021.<\/strong><br \/>\n<strong>Modalidad presencial.<\/strong><\/p>\n<p>&nbsp;<\/p>\n<p><b>Descripci\u00f3n de la metodolog\u00eda: <\/b><b><br \/>\n<\/b><span style=\"font-weight: 400;\">Entrenamiento basado en la construcci\u00f3n de acciones f\u00edsicas. Decodifica y desestructura los lenguajes establecidos y predeterminados de la danza. Las sesiones son una representaci\u00f3n de control e intuici\u00f3n f\u00edsica, su finalidad es crear estados: f\u00edsicos, mentales e incluso emocionales a partir de la fisicalidad. Lleva al cuerpo a sus m\u00e1ximas capacidades con un riesgo corporalmente controlado. Gu\u00eda al alumno a encontrar la verdad en su cuerpo y contactar con su propia manera de moverse, asumiendo la informaci\u00f3n con respecto a su intuici\u00f3n.\u00a0<\/span><\/p>\n<p>&nbsp;<\/p>\n<p><b>Francisco C\u00f3rdova<\/b><span style=\"font-weight: 400;\">\u00a0 (M\u00e9xico)\u00a0<\/span><\/p>\n<p><span style=\"font-weight: 400;\">Int\u00e9rprete, Core\u00f3grafo y Pedagogo <\/span><span style=\"font-weight: 400;\"><br \/>\n<\/span><span style=\"font-weight: 400;\">Calificado como uno de los pedagogos y bailarines m\u00e1s representativos de la nueva danza contempor\u00e1nea, es director de la compa\u00f1\u00eda PHYSICAL MOMENTUM, el Festival ATLAS M\u00c9XICO y la plataforma <\/span><span style=\"font-weight: 400;\">de entrenamiento T\u00c9CNICAS <\/span><span style=\"font-weight: 400;\">DE MOVIMIENTO.\u00a0<\/span><\/p>\n<p><span style=\"font-weight: 400;\">Con M\u00e1ster en Estudios Teatrales y Direcci\u00f3n Esc\u00e9nica, y M\u00e1ster en Iluminaci\u00f3n Esc\u00e9nica del Institut del Teatre (IT) en Barcelona, Espa\u00f1a. Es Licenciado en Danza Contempor\u00e1nea de la Escuela Nacional de Danza (ENDCC) en M\u00e9xico, y Disc\u00edpulo directo de las t\u00e9cnicas de David Zambrano.\u00a0<\/span><\/p>\n<p><span style=\"font-weight: 400;\">Desde el 2006 desarrolla su propuesta metodol\u00f3gica <\/span><b>BODY-ACTION<\/b><span style=\"font-weight: 400;\"> donde ha impartido m\u00faltiples talleres en reconocidos festivales, instituciones, escuelas y centros art\u00edsticos internacionales como: SEAD &#8211; Salzburg Experimental Academy of Dance (Austria), Movement Research Kibbutz Program (Israel), TicTac Art Center (B\u00e9lgica), Festival DELTEBRE Dansa, La Caldera Barcelona, LaCerda, AREA Espai de Dansa i creaci\u00f3 (Espa\u00f1a), Cortocinesis &#8211; CENDA (Colombia) Rev\u00e9s (Costa Rica), festivales, instituciones, escuelas y estudios privados e independientes de M\u00e9xico y pa\u00edses como Rusia, Croacia, Alemania, Singapur, India, Holanda, Finlandia, Grecia, Rep\u00fablica Checa, Italia, Portugal, Ecuador, Brasil, Canad\u00e1 y Estados Unidos<\/span><\/p>\n<p><span style=\"font-weight: 400;\">Actualmente su metodolog\u00eda se perfila dentro de las <\/span><b>principales vanguardias en la ense\u00f1anza de la danza mundial,<\/b><span style=\"font-weight: 400;\"> convirti\u00e9ndose en una figura imprescindible dentro de las redes de la pedagog\u00eda en territorio Europeo, Asi\u00e1tico y Latinoamericano. La cr\u00edtica lo califica como \u201cUno de los 7 nuevos creadores emergentes\u201d; \u201cReferente internacional y de los bailarines m\u00e1s representativos de la nueva y actual danza mexicana\u201d, siendo as\u00ed, uno de los actuales embajadores m\u00e1s representativos del arte esc\u00e9nico mexicano en horizontes internacionales. <\/span><\/p>\n","protected":false},"featured_media":1150,"comment_status":"open","ping_status":"closed","template":"","meta":[],"product_brand":[],"product_cat":[6,70],"product_tag":[144,145],"class_list":{"0":"post-1149","1":"product","2":"type-product","3":"status-publish","4":"has-post-thumbnail","6":"product_cat-cursos","7":"product_cat-cursos-presenciales","8":"product_tag-danza","9":"product_tag-francisco-codova","11":"first","12":"outofstock","13":"sale","14":"shipping-taxable","15":"purchasable","16":"product-type-simple"},"jetpack_sharing_enabled":true,"_links":{"self":[{"href":"https:\/\/rednacionaldearte.com\/tienda\/wp-json\/wp\/v2\/product\/1149","targetHints":{"allow":["GET"]}}],"collection":[{"href":"https:\/\/rednacionaldearte.com\/tienda\/wp-json\/wp\/v2\/product"}],"about":[{"href":"https:\/\/rednacionaldearte.com\/tienda\/wp-json\/wp\/v2\/types\/product"}],"replies":[{"embeddable":true,"href":"https:\/\/rednacionaldearte.com\/tienda\/wp-json\/wp\/v2\/comments?post=1149"}],"wp:featuredmedia":[{"embeddable":true,"href":"https:\/\/rednacionaldearte.com\/tienda\/wp-json\/wp\/v2\/media\/1150"}],"wp:attachment":[{"href":"https:\/\/rednacionaldearte.com\/tienda\/wp-json\/wp\/v2\/media?parent=1149"}],"wp:term":[{"taxonomy":"product_brand","embeddable":true,"href":"https:\/\/rednacionaldearte.com\/tienda\/wp-json\/wp\/v2\/product_brand?post=1149"},{"taxonomy":"product_cat","embeddable":true,"href":"https:\/\/rednacionaldearte.com\/tienda\/wp-json\/wp\/v2\/product_cat?post=1149"},{"taxonomy":"product_tag","embeddable":true,"href":"https:\/\/rednacionaldearte.com\/tienda\/wp-json\/wp\/v2\/product_tag?post=1149"}],"curies":[{"name":"wp","href":"https:\/\/api.w.org\/{rel}","templated":true}]}}

Inscripción al Taller Body Action

<p>Red Nacional de Arte en colaboración con Técnicas de Movimiento y la Secretaría de Cultura del Ayuntamiento de Morelia, convocan al taller “Body Action” con Francisco Córdova.</p>
<p><strong>Del 01 al 05 de Junio, 2021.</strong><br />
<strong>Modalidad presencial.</strong></p>
<p>&nbsp;</p>
<p><b>Descripción de la metodología: </b><b><br />
</b><span style="font-weight: 400;">Entrenamiento basado en la construcción de acciones físicas. Decodifica y desestructura los lenguajes establecidos y predeterminados de la danza. Las sesiones son una representación de control e intuición física, su finalidad es crear estados: físicos, mentales e incluso emocionales a partir de la fisicalidad. Lleva al cuerpo a sus máximas capacidades con un riesgo corporalmente controlado. Guía al alumno a encontrar la verdad en su cuerpo y contactar con su propia manera de moverse, asumiendo la información con respecto a su intuición. </span></p>
<p>&nbsp;</p>
<p><b>Francisco Córdova</b><span style="font-weight: 400;">  (México) </span></p>
<p><span style="font-weight: 400;">Intérprete, Coreógrafo y Pedagogo </span><span style="font-weight: 400;"><br />
</span><span style="font-weight: 400;">Calificado como uno de los pedagogos y bailarines más representativos de la nueva danza contemporánea, es director de la compañía PHYSICAL MOMENTUM, el Festival ATLAS MÉXICO y la plataforma </span><span style="font-weight: 400;">de entrenamiento TÉCNICAS </span><span style="font-weight: 400;">DE MOVIMIENTO. </span></p>
<p><span style="font-weight: 400;">Con Máster en Estudios Teatrales y Dirección Escénica, y Máster en Iluminación Escénica del Institut del Teatre (IT) en Barcelona, España. Es Licenciado en Danza Contemporánea de la Escuela Nacional de Danza (ENDCC) en México, y Discípulo directo de las técnicas de David Zambrano. </span></p>
<p><span style="font-weight: 400;">Desde el 2006 desarrolla su propuesta metodológica </span><b>BODY-ACTION</b><span style="font-weight: 400;"> donde ha impartido múltiples talleres en reconocidos festivales, instituciones, escuelas y centros artísticos internacionales como: SEAD &#8211; Salzburg Experimental Academy of Dance (Austria), Movement Research Kibbutz Program (Israel), TicTac Art Center (Bélgica), Festival DELTEBRE Dansa, La Caldera Barcelona, LaCerda, AREA Espai de Dansa i creació (España), Cortocinesis &#8211; CENDA (Colombia) Revés (Costa Rica), festivales, instituciones, escuelas y estudios privados e independientes de México y países como Rusia, Croacia, Alemania, Singapur, India, Holanda, Finlandia, Grecia, República Checa, Italia, Portugal, Ecuador, Brasil, Canadá y Estados Unidos</span></p>
<p><span style="font-weight: 400;">Actualmente su metodología se perfila dentro de las </span><b>principales vanguardias en la enseñanza de la danza mundial,</b><span style="font-weight: 400;"> convirtiéndose en una figura imprescindible dentro de las redes de la pedagogía en territorio Europeo, Asiático y Latinoamericano. La crítica lo califica como “Uno de los 7 nuevos creadores emergentes”; “Referente internacional y de los bailarines más representativos de la nueva y actual danza mexicana”, siendo así, uno de los actuales embajadores más representativos del arte escénico mexicano en horizontes internacionales. </span></p>
