{"id":1172,"date":"2021-06-16T18:27:26","date_gmt":"2021-06-16T18:27:26","guid":{"rendered":"https:\/\/rednacionaldearte.com\/tienda\/?post_type=product&#038;p=1172"},"modified":"2021-06-30T21:53:16","modified_gmt":"2021-06-30T21:53:16","slug":"taller-carlos-lenin","status":"publish","type":"product","link":"https:\/\/rednacionaldearte.com\/tienda\/producto\/taller-carlos-lenin\/","title":{"rendered":"Taller de Realizaci\u00f3n y Cine Contempor\u00e1neo con Carlos Lenin"},"content":{"rendered":"<p><strong>Del 1 al 4 de Julio de 2021<\/strong><br \/>\n<strong>* El taller se llevar\u00e1 a cabo en un horario de 12 a 14:30 horas. <\/strong><\/p>\n<p><span style=\"font-weight: 400;\">El Festival de Cine de Barrio (FECIBA), Red Nacional de Arte y el Festival de Cine Independiente de la Ciudad de M\u00e9xico (FECIMX), convocan al taller de Realizaci\u00f3n y Cine contempor\u00e1neo, impartido por Carlos Lenin Trevi\u00f1o.\u00a0<\/span><\/p>\n<p><span style=\"font-weight: 400;\">Este taller es parte de un Programa Acad\u00e9mico dise\u00f1ado para promover el desarrollo cinematogr\u00e1fico independiente a trav\u00e9s cursos, laboratorios y eventos dirigidos a interesados en el cine, las artes visuales y los nuevos medios. Estamos motivados por contribuir a la formaci\u00f3n de nuevos cineastas que cuenten con las bases de producci\u00f3n audiovisual y lenguaje cinematogr\u00e1fico, adem\u00e1s de fomentar la profesionalizaci\u00f3n en las propuestas mexicanas con modelos de producci\u00f3n alternativos.<\/span><\/p>\n<p><span style=\"font-weight: 400;\">Carlos Lenin realiz\u00f3 estudios en Publicidad, Producci\u00f3n de Medios Audiovisuales en la UANL y se especializ\u00f3 como Director de cine en la ENAC &#8211; UNAM. Bajo la tutela de Abbas Kiarostami, concluy\u00f3 su formaci\u00f3n cinematogr\u00e1fica en el Taller de Especializaci\u00f3n para Directores impartido por el cineasta iran\u00ed. En 2016, su filme 24<\/span><span style=\"font-weight: 400;\">\u00ba<\/span><span style=\"font-weight: 400;\"> 51\u2019 Latitud Norte fue nominado al premio Ariel de la Academia Mexicana de Ciencias y Artes Cinematogr\u00e1ficas. Poco despu\u00e9s recibi\u00f3 el Premio Orona dentro del EIECINE del 64o Festival de San Sebasti\u00e1n. En 2018 como escritor y director film\u00f3 su \u00f3pera prima titulada La paloma y el lobo, que tuvo su estreno mundial en la Selecci\u00f3n Oficial del 72 Festival Internacional de Cine de Locarno, recibiendo el premio Swatch Art Peace Hotel.<\/span><\/p>\n","protected":false},"excerpt":{"rendered":"<p><span style=\"font-weight: 400;\"><strong>Del 1 al 4 de Julio de 2021<\/strong><br \/>\n<strong>* El taller se llevar\u00e1 a cabo en un horario de 12 a 14:30 horas.<\/strong><\/span><\/p>\n<p><span style=\"font-weight: 400;\">El Festival de Cine de Barrio (FECIBA), Red Nacional de Arte y el Festival de Cine Independiente de la Ciudad de M\u00e9xico (FECIMX), convocan al taller de Realizaci\u00f3n y Cine contempor\u00e1neo, impartido por Carlos Lenin Trevi\u00f1o.\u00a0<\/span><\/p>\n<p><span style=\"font-weight: 400;\">Este taller es parte de un Programa Acad\u00e9mico dise\u00f1ado para promover el desarrollo cinematogr\u00e1fico independiente a trav\u00e9s cursos, laboratorios y eventos dirigidos a interesados en el cine, las artes visuales y los nuevos medios. Estamos motivados por contribuir a la formaci\u00f3n de nuevos cineastas que cuenten con las bases de producci\u00f3n audiovisual y lenguaje cinematogr\u00e1fico, adem\u00e1s de fomentar la profesionalizaci\u00f3n en las propuestas mexicanas con modelos de producci\u00f3n alternativos.<\/span><\/p>\n<p><span style=\"font-weight: 400;\">Carlos Lenin realiz\u00f3 estudios en Publicidad, Producci\u00f3n de Medios Audiovisuales en la UANL y se especializ\u00f3 como Director de cine en la ENAC &#8211; UNAM. Bajo la tutela de Abbas Kiarostami, concluy\u00f3 su formaci\u00f3n cinematogr\u00e1fica en el Taller de Especializaci\u00f3n para Directores impartido por el cineasta iran\u00ed. En 2016, su filme 24<\/span><span style=\"font-weight: 400;\">\u00ba<\/span><span style=\"font-weight: 400;\"> 51\u2019 Latitud Norte fue nominado al premio Ariel de la Academia Mexicana de Ciencias y Artes Cinematogr\u00e1ficas. Poco despu\u00e9s recibi\u00f3 el Premio Orona dentro del EIECINE del 64o Festival de San Sebasti\u00e1n. En 2018 como escritor y director film\u00f3 su \u00f3pera prima titulada La paloma y el lobo, que tuvo su estreno mundial en la Selecci\u00f3n Oficial del 72 Festival Internacional de Cine de Locarno, recibiendo el premio Swatch Art Peace Hotel.<\/span><\/p>\n","protected":false},"featured_media":1173,"comment_status":"open","ping_status":"closed","template":"","meta":[],"product_brand":[],"product_cat":[39,6,7],"product_tag":[146],"class_list":{"0":"post-1172","1":"product","2":"type-product","3":"status-publish","4":"has-post-thumbnail","6":"product_cat-cine","7":"product_cat-cursos","8":"product_cat-cursos-online","9":"product_tag-carlos-lenin","11":"first","12":"outofstock","13":"virtual","14":"purchasable","15":"product-type-simple"},"jetpack_sharing_enabled":true,"_links":{"self":[{"href":"https:\/\/rednacionaldearte.com\/tienda\/wp-json\/wp\/v2\/product\/1172","targetHints":{"allow":["GET"]}}],"collection":[{"href":"https:\/\/rednacionaldearte.com\/tienda\/wp-json\/wp\/v2\/product"}],"about":[{"href":"https:\/\/rednacionaldearte.com\/tienda\/wp-json\/wp\/v2\/types\/product"}],"replies":[{"embeddable":true,"href":"https:\/\/rednacionaldearte.com\/tienda\/wp-json\/wp\/v2\/comments?post=1172"}],"wp:featuredmedia":[{"embeddable":true,"href":"https:\/\/rednacionaldearte.com\/tienda\/wp-json\/wp\/v2\/media\/1173"}],"wp:attachment":[{"href":"https:\/\/rednacionaldearte.com\/tienda\/wp-json\/wp\/v2\/media?parent=1172"}],"wp:term":[{"taxonomy":"product_brand","embeddable":true,"href":"https:\/\/rednacionaldearte.com\/tienda\/wp-json\/wp\/v2\/product_brand?post=1172"},{"taxonomy":"product_cat","embeddable":true,"href":"https:\/\/rednacionaldearte.com\/tienda\/wp-json\/wp\/v2\/product_cat?post=1172"},{"taxonomy":"product_tag","embeddable":true,"href":"https:\/\/rednacionaldearte.com\/tienda\/wp-json\/wp\/v2\/product_tag?post=1172"}],"curies":[{"name":"wp","href":"https:\/\/api.w.org\/{rel}","templated":true}]}}

Taller de Realización y Cine Contemporáneo con Carlos Lenin

<p><strong>Del 1 al 4 de Julio de 2021</strong><br />
<strong>* El taller se llevará a cabo en un horario de 12 a 14:30 horas. </strong></p>
<p><span style="font-weight: 400;">El Festival de Cine de Barrio (FECIBA), Red Nacional de Arte y el Festival de Cine Independiente de la Ciudad de México (FECIMX), convocan al taller de Realización y Cine contemporáneo, impartido por Carlos Lenin Treviño. </span></p>
<p><span style="font-weight: 400;">Este taller es parte de un Programa Académico diseñado para promover el desarrollo cinematográfico independiente a través cursos, laboratorios y eventos dirigidos a interesados en el cine, las artes visuales y los nuevos medios. Estamos motivados por contribuir a la formación de nuevos cineastas que cuenten con las bases de producción audiovisual y lenguaje cinematográfico, además de fomentar la profesionalización en las propuestas mexicanas con modelos de producción alternativos.</span></p>
<p><span style="font-weight: 400;">Carlos Lenin realizó estudios en Publicidad, Producción de Medios Audiovisuales en la UANL y se especializó como Director de cine en la ENAC &#8211; UNAM. Bajo la tutela de Abbas Kiarostami, concluyó su formación cinematográfica en el Taller de Especialización para Directores impartido por el cineasta iraní. En 2016, su filme 24</span><span style="font-weight: 400;">º</span><span style="font-weight: 400;"> 51’ Latitud Norte fue nominado al premio Ariel de la Academia Mexicana de Ciencias y Artes Cinematográficas. Poco después recibió el Premio Orona dentro del EIECINE del 64o Festival de San Sebastián. En 2018 como escritor y director filmó su ópera prima titulada La paloma y el lobo, que tuvo su estreno mundial en la Selección Oficial del 72 Festival Internacional de Cine de Locarno, recibiendo el premio Swatch Art Peace Hotel.</span></p>

<p><span style="font-weight: 400;"><strong>Del 1 al 4 de Julio de 2021</strong><br />
<strong>* El taller se llevará a cabo en un horario de 12 a 14:30 horas.</strong></span></p>
<p><span style="font-weight: 400;">El Festival de Cine de Barrio (FECIBA), Red Nacional de Arte y el Festival de Cine Independiente de la Ciudad de México (FECIMX), convocan al taller de Realización y Cine contemporáneo, impartido por Carlos Lenin Treviño. </span></p>
<p><span style="font-weight: 400;">Este taller es parte de un Programa Académico diseñado para promover el desarrollo cinematográfico independiente a través cursos, laboratorios y eventos dirigidos a interesados en el cine, las artes visuales y los nuevos medios. Estamos motivados por contribuir a la formación de nuevos cineastas que cuenten con las bases de producción audiovisual y lenguaje cinematográfico, además de fomentar la profesionalización en las propuestas mexicanas con modelos de producción alternativos.</span></p>
<p><span style="font-weight: 400;">Carlos Lenin realizó estudios en Publicidad, Producción de Medios Audiovisuales en la UANL y se especializó como Director de cine en la ENAC &#8211; UNAM. Bajo la tutela de Abbas Kiarostami, concluyó su formación cinematográfica en el Taller de Especialización para Directores impartido por el cineasta iraní. En 2016, su filme 24</span><span style="font-weight: 400;">º</span><span style="font-weight: 400;"> 51’ Latitud Norte fue nominado al premio Ariel de la Academia Mexicana de Ciencias y Artes Cinematográficas. Poco después recibió el Premio Orona dentro del EIECINE del 64o Festival de San Sebastián. En 2018 como escritor y director filmó su ópera prima titulada La paloma y el lobo, que tuvo su estreno mundial en la Selección Oficial del 72 Festival Internacional de Cine de Locarno, recibiendo el premio Swatch Art Peace Hotel.</span></p>
