{"id":1268,"date":"2021-09-06T19:19:44","date_gmt":"2021-09-06T19:19:44","guid":{"rendered":"https:\/\/rednacionaldearte.com\/tienda\/?post_type=product&#038;p=1268"},"modified":"2021-10-17T02:08:23","modified_gmt":"2021-10-17T02:08:23","slug":"taller-yuli-rodriguez","status":"publish","type":"product","link":"https:\/\/rednacionaldearte.com\/tienda\/producto\/taller-yuli-rodriguez\/","title":{"rendered":"Taller de Producci\u00f3n: Carpetas, Fondos y Financiamiento para Cine"},"content":{"rendered":"<p><strong>Del 15 al 22 de Octubre de 2021<\/strong><br \/>\n<strong>* El taller se llevar\u00e1 a cabo en un horario de 17 a 20:30 horas (viernes). S\u00e1bado y domingo de 10 a 13:30 horas.<\/strong><\/p>\n<p>El Festival de Cine Independiente de la Ciudad de M\u00e9xico en colaboraci\u00f3n con Red Nacional de Arte y La Furia Cine convocan al <strong>taller de Producci\u00f3n \u201cCarpetas, Fondos y Financiamiento para Cine<\/strong>\u201d, impartido por Yuli Rodr\u00edguez.<\/p>\n<p>Este taller es parte de un Programa Acad\u00e9mico dise\u00f1ado para promover el desarrollo cinematogr\u00e1fico independiente a trav\u00e9s cursos, laboratorios y eventos dirigidos a interesados en el cine, las artes visuales y los nuevos medios. Estamos motivados por contribuir a la formaci\u00f3n de nuevos cineastas que cuenten con las bases de producci\u00f3n audiovisual y lenguaje cinematogr\u00e1fico, adem\u00e1s de fomentar la profesionalizaci\u00f3n en las propuestas mexicanas con modelos de producci\u00f3n alternativos.<\/p>\n<p>Yuli Rodr\u00edguez es productora de las \u00f3peras primas \u201cYo no soy guapo\u201d de Joyce Garc\u00eda y \u201cLa Nebulosa de Emiliano\u201d de Cristina Soto, ambas ganadoras del Programa de Fomento y Coinversiones Culturales del Fondo Nacional para la Cultura y las Artes y del Apoyo a la Postproducci\u00f3n PROCINEDF y seleccionadas diversos festivales internacionales.<\/p>\n<p>Actualmente produce \u201cN\u00f3madas de la 57\u201d, segundo largometraje de Alberto Arnaut (Hasta los dientes, 2018) en co-direcci\u00f3n con Jos\u00e9 Mar\u00eda Castro Ibarra, pel\u00edcula beneficiada en 2018 con el Est\u00edmulo a Creadores Cinematogr\u00e1ficos en la Categor\u00eda Desarrollo de Proyecto Documental y en 2019 con el Fondo para la Producci\u00f3n Cinematogr\u00e1fica de Calidad en M\u00e9xico (FOPROCINE), seleccionada para foros de industria como el Encuentro de Coproducci\u00f3n del Festival Internacional de Cine de Guadalajara (FICG), SANFIC Santiago Lab en Chile y \u201cFace to face\u201d del Festival de Cine Documental de Montreal RIDM.<br \/>\nHa trabajado tambi\u00e9n en la producci\u00f3n de pel\u00edculas como \u201cCr\u00f3nicas Urbanas\u201d (Dir. Nadine Gomez), \u201cNo se mata la verdad\u201d (Dir. Coizta Grecko), \u201cMirar morir: el ej\u00e9rcito en la noche de Iguala\u201d. (Dir. Coizta Grecko) y \u201cMente rev\u00f3lver\u201d (Dir. Alejandro Ram\u00edrez Corona).<\/p>\n<p>Desde hace 5 a\u00f1os, investiga e impulsa la distribuci\u00f3n y exhibici\u00f3n a trav\u00e9s de circuitos alternativos. Es una de las fundadoras de la Comunidad de Exhibici\u00f3n Cinematogr\u00e1fica (CEDECINE), co-fundadora de La Furia Cine y productora creativa del Festival de Cine de Barrio (FECIBA) en donde impulsa la formaci\u00f3n de nuevas audiencias para los cines mexicanos y la difusi\u00f3n de la diversidad cinematogr\u00e1fica. Estuvo a cargo de la coordinaci\u00f3n de un \u00e1rea de Actividades Cinematogr\u00e1ficas en la Alcald\u00eda Iztapalapa en donde tambi\u00e9n desarroll\u00f3 el proyecto de la Escuela de Cine Comunitario Pohualizcalli. Es parte de la generaci\u00f3n 2020 del Talents Campus Latinoam\u00e9rica (Guadalajara), encuentro de profesionales de la industria cinematogr\u00e1fica que realiza el FICG en colaboraci\u00f3n con la Berlinale.<\/p>\n","protected":false},"excerpt":{"rendered":"<p><strong>Del 14 al 17 de Octubre de 2021<\/strong><br \/>\n<strong>* El taller se llevar\u00e1 a cabo en un horario de 17 a 20:30 horas (jueves y viernes). S\u00e1bado y domingo de 10 a 13:30 horas.<\/strong><\/p>\n<p>El Festival de Cine Independiente de la Ciudad de M\u00e9xico en colaboraci\u00f3n con Red Nacional de Arte y La Furia Cine convocan al <strong>taller de Producci\u00f3n \u201cCarpetas, Fondos y Financiamiento para Cine<\/strong>\u201d, impartido por Yuli Rodr\u00edguez.<\/p>\n<p>Este taller es parte de un Programa Acad\u00e9mico dise\u00f1ado para promover el desarrollo cinematogr\u00e1fico independiente a trav\u00e9s cursos, laboratorios y eventos dirigidos a interesados en el cine, las artes visuales y los nuevos medios. Estamos motivados por contribuir a la formaci\u00f3n de nuevos cineastas que cuenten con las bases de producci\u00f3n audiovisual y lenguaje cinematogr\u00e1fico, adem\u00e1s de fomentar la profesionalizaci\u00f3n en las propuestas mexicanas con modelos de producci\u00f3n alternativos.<\/p>\n<p>Yuli Rodr\u00edguez es productora de las \u00f3peras primas \u201cYo no soy guapo\u201d de Joyce Garc\u00eda y \u201cLa Nebulosa de Emiliano\u201d de Cristina Soto, ambas ganadoras del Programa de Fomento y Coinversiones Culturales del Fondo Nacional para la Cultura y las Artes y del Apoyo a la Postproducci\u00f3n PROCINEDF y seleccionadas diversos festivales internacionales.<\/p>\n<p>Actualmente produce \u201cN\u00f3madas de la 57\u201d, segundo largometraje de Alberto Arnaut (Hasta los dientes, 2018) en co-direcci\u00f3n con Jos\u00e9 Mar\u00eda Castro Ibarra, pel\u00edcula beneficiada en 2018 con el Est\u00edmulo a Creadores Cinematogr\u00e1ficos en la Categor\u00eda Desarrollo de Proyecto Documental y en 2019 con el Fondo para la Producci\u00f3n Cinematogr\u00e1fica de Calidad en M\u00e9xico (FOPROCINE), seleccionada para foros de industria como el Encuentro de Coproducci\u00f3n del Festival Internacional de Cine de Guadalajara (FICG), SANFIC Santiago Lab en Chile y \u201cFace to face\u201d del Festival de Cine Documental de Montreal RIDM.<br \/>\nHa trabajado tambi\u00e9n en la producci\u00f3n de pel\u00edculas como \u201cCr\u00f3nicas Urbanas\u201d (Dir. Nadine Gomez), \u201cNo se mata la verdad\u201d (Dir. Coizta Grecko), \u201cMirar morir: el ej\u00e9rcito en la noche de Iguala\u201d. (Dir. Coizta Grecko) y \u201cMente rev\u00f3lver\u201d (Dir. Alejandro Ram\u00edrez Corona).<\/p>\n<p>Desde hace 5 a\u00f1os, investiga e impulsa la distribuci\u00f3n y exhibici\u00f3n a trav\u00e9s de circuitos alternativos. Es una de las fundadoras de la Comunidad de Exhibici\u00f3n Cinematogr\u00e1fica (CEDECINE), co-fundadora de La Furia Cine y productora creativa del Festival de Cine de Barrio (FECIBA) en donde impulsa la formaci\u00f3n de nuevas audiencias para los cines mexicanos y la difusi\u00f3n de la diversidad cinematogr\u00e1fica. Estuvo a cargo de la coordinaci\u00f3n de un \u00e1rea de Actividades Cinematogr\u00e1ficas en la Alcald\u00eda Iztapalapa en donde tambi\u00e9n desarroll\u00f3 el proyecto de la Escuela de Cine Comunitario Pohualizcalli. Es parte de la generaci\u00f3n 2020 del Talents Campus Latinoam\u00e9rica (Guadalajara), encuentro de profesionales de la industria cinematogr\u00e1fica que realiza el FICG en colaboraci\u00f3n con la Berlinale.<\/p>\n","protected":false},"featured_media":1269,"comment_status":"open","ping_status":"closed","template":"","meta":[],"product_brand":[],"product_cat":[39,6,7],"product_tag":[148,149,147],"class_list":{"0":"post-1268","1":"product","2":"type-product","3":"status-publish","4":"has-post-thumbnail","6":"product_cat-cine","7":"product_cat-cursos","8":"product_cat-cursos-online","9":"product_tag-carpetas-de-produccion","10":"product_tag-financiamiento","11":"product_tag-yuli-rodriguez","13":"first","14":"outofstock","15":"virtual","16":"purchasable","17":"product-type-simple"},"jetpack_sharing_enabled":true,"_links":{"self":[{"href":"https:\/\/rednacionaldearte.com\/tienda\/wp-json\/wp\/v2\/product\/1268","targetHints":{"allow":["GET"]}}],"collection":[{"href":"https:\/\/rednacionaldearte.com\/tienda\/wp-json\/wp\/v2\/product"}],"about":[{"href":"https:\/\/rednacionaldearte.com\/tienda\/wp-json\/wp\/v2\/types\/product"}],"replies":[{"embeddable":true,"href":"https:\/\/rednacionaldearte.com\/tienda\/wp-json\/wp\/v2\/comments?post=1268"}],"wp:featuredmedia":[{"embeddable":true,"href":"https:\/\/rednacionaldearte.com\/tienda\/wp-json\/wp\/v2\/media\/1269"}],"wp:attachment":[{"href":"https:\/\/rednacionaldearte.com\/tienda\/wp-json\/wp\/v2\/media?parent=1268"}],"wp:term":[{"taxonomy":"product_brand","embeddable":true,"href":"https:\/\/rednacionaldearte.com\/tienda\/wp-json\/wp\/v2\/product_brand?post=1268"},{"taxonomy":"product_cat","embeddable":true,"href":"https:\/\/rednacionaldearte.com\/tienda\/wp-json\/wp\/v2\/product_cat?post=1268"},{"taxonomy":"product_tag","embeddable":true,"href":"https:\/\/rednacionaldearte.com\/tienda\/wp-json\/wp\/v2\/product_tag?post=1268"}],"curies":[{"name":"wp","href":"https:\/\/api.w.org\/{rel}","templated":true}]}}

Taller de Producción: Carpetas, Fondos y Financiamiento para Cine

<p><strong>Del 15 al 22 de Octubre de 2021</strong><br />
<strong>* El taller se llevará a cabo en un horario de 17 a 20:30 horas (viernes). Sábado y domingo de 10 a 13:30 horas.</strong></p>
<p>El Festival de Cine Independiente de la Ciudad de México en colaboración con Red Nacional de Arte y La Furia Cine convocan al <strong>taller de Producción “Carpetas, Fondos y Financiamiento para Cine</strong>”, impartido por Yuli Rodríguez.</p>
<p>Este taller es parte de un Programa Académico diseñado para promover el desarrollo cinematográfico independiente a través cursos, laboratorios y eventos dirigidos a interesados en el cine, las artes visuales y los nuevos medios. Estamos motivados por contribuir a la formación de nuevos cineastas que cuenten con las bases de producción audiovisual y lenguaje cinematográfico, además de fomentar la profesionalización en las propuestas mexicanas con modelos de producción alternativos.</p>
<p>Yuli Rodríguez es productora de las óperas primas “Yo no soy guapo” de Joyce García y “La Nebulosa de Emiliano” de Cristina Soto, ambas ganadoras del Programa de Fomento y Coinversiones Culturales del Fondo Nacional para la Cultura y las Artes y del Apoyo a la Postproducción PROCINEDF y seleccionadas diversos festivales internacionales.</p>
<p>Actualmente produce “Nómadas de la 57”, segundo largometraje de Alberto Arnaut (Hasta los dientes, 2018) en co-dirección con José María Castro Ibarra, película beneficiada en 2018 con el Estímulo a Creadores Cinematográficos en la Categoría Desarrollo de Proyecto Documental y en 2019 con el Fondo para la Producción Cinematográfica de Calidad en México (FOPROCINE), seleccionada para foros de industria como el Encuentro de Coproducción del Festival Internacional de Cine de Guadalajara (FICG), SANFIC Santiago Lab en Chile y “Face to face” del Festival de Cine Documental de Montreal RIDM.<br />
Ha trabajado también en la producción de películas como “Crónicas Urbanas” (Dir. Nadine Gomez), “No se mata la verdad” (Dir. Coizta Grecko), “Mirar morir: el ejército en la noche de Iguala”. (Dir. Coizta Grecko) y “Mente revólver” (Dir. Alejandro Ramírez Corona).</p>
<p>Desde hace 5 años, investiga e impulsa la distribución y exhibición a través de circuitos alternativos. Es una de las fundadoras de la Comunidad de Exhibición Cinematográfica (CEDECINE), co-fundadora de La Furia Cine y productora creativa del Festival de Cine de Barrio (FECIBA) en donde impulsa la formación de nuevas audiencias para los cines mexicanos y la difusión de la diversidad cinematográfica. Estuvo a cargo de la coordinación de un área de Actividades Cinematográficas en la Alcaldía Iztapalapa en donde también desarrolló el proyecto de la Escuela de Cine Comunitario Pohualizcalli. Es parte de la generación 2020 del Talents Campus Latinoamérica (Guadalajara), encuentro de profesionales de la industria cinematográfica que realiza el FICG en colaboración con la Berlinale.</p>

<p><strong>Del 14 al 17 de Octubre de 2021</strong><br />
<strong>* El taller se llevará a cabo en un horario de 17 a 20:30 horas (jueves y viernes). Sábado y domingo de 10 a 13:30 horas.</strong></p>
<p>El Festival de Cine Independiente de la Ciudad de México en colaboración con Red Nacional de Arte y La Furia Cine convocan al <strong>taller de Producción “Carpetas, Fondos y Financiamiento para Cine</strong>”, impartido por Yuli Rodríguez.</p>
<p>Este taller es parte de un Programa Académico diseñado para promover el desarrollo cinematográfico independiente a través cursos, laboratorios y eventos dirigidos a interesados en el cine, las artes visuales y los nuevos medios. Estamos motivados por contribuir a la formación de nuevos cineastas que cuenten con las bases de producción audiovisual y lenguaje cinematográfico, además de fomentar la profesionalización en las propuestas mexicanas con modelos de producción alternativos.</p>
<p>Yuli Rodríguez es productora de las óperas primas “Yo no soy guapo” de Joyce García y “La Nebulosa de Emiliano” de Cristina Soto, ambas ganadoras del Programa de Fomento y Coinversiones Culturales del Fondo Nacional para la Cultura y las Artes y del Apoyo a la Postproducción PROCINEDF y seleccionadas diversos festivales internacionales.</p>
<p>Actualmente produce “Nómadas de la 57”, segundo largometraje de Alberto Arnaut (Hasta los dientes, 2018) en co-dirección con José María Castro Ibarra, película beneficiada en 2018 con el Estímulo a Creadores Cinematográficos en la Categoría Desarrollo de Proyecto Documental y en 2019 con el Fondo para la Producción Cinematográfica de Calidad en México (FOPROCINE), seleccionada para foros de industria como el Encuentro de Coproducción del Festival Internacional de Cine de Guadalajara (FICG), SANFIC Santiago Lab en Chile y “Face to face” del Festival de Cine Documental de Montreal RIDM.<br />
Ha trabajado también en la producción de películas como “Crónicas Urbanas” (Dir. Nadine Gomez), “No se mata la verdad” (Dir. Coizta Grecko), “Mirar morir: el ejército en la noche de Iguala”. (Dir. Coizta Grecko) y “Mente revólver” (Dir. Alejandro Ramírez Corona).</p>
<p>Desde hace 5 años, investiga e impulsa la distribución y exhibición a través de circuitos alternativos. Es una de las fundadoras de la Comunidad de Exhibición Cinematográfica (CEDECINE), co-fundadora de La Furia Cine y productora creativa del Festival de Cine de Barrio (FECIBA) en donde impulsa la formación de nuevas audiencias para los cines mexicanos y la difusión de la diversidad cinematográfica. Estuvo a cargo de la coordinación de un área de Actividades Cinematográficas en la Alcaldía Iztapalapa en donde también desarrolló el proyecto de la Escuela de Cine Comunitario Pohualizcalli. Es parte de la generación 2020 del Talents Campus Latinoamérica (Guadalajara), encuentro de profesionales de la industria cinematográfica que realiza el FICG en colaboración con la Berlinale.</p>
