{"id":1445,"date":"2022-04-11T22:16:04","date_gmt":"2022-04-11T22:16:04","guid":{"rendered":"https:\/\/rednacionaldearte.com\/tienda\/?post_type=product&#038;p=1445"},"modified":"2022-05-18T00:33:59","modified_gmt":"2022-05-18T00:33:59","slug":"taller-cine-experimental","status":"publish","type":"product","link":"https:\/\/rednacionaldearte.com\/tienda\/producto\/taller-cine-experimental\/","title":{"rendered":"Taller de Cine Experimental"},"content":{"rendered":"<p><strong>Un taller con Elena Pardo, Azucena Losana y Manuel Trujillo.<\/strong><\/p>\n<p>Presentado por el Festival de Cine Independiente de la Ciudad de M\u00e9xico y Red Nacional de Arte en colaboraci\u00f3n con el Laboratorio Experimental de Cine (LEC).<\/p>\n<p>&nbsp;<\/p>\n<p><strong>Sesiones:<\/strong><\/p>\n<p>\u00b7 7 de Mayo<br \/>\n\u00b7 14 de Mayo<br \/>\n\u00b7 21 de Mayo<br \/>\n\u00b7 28 de Mayo<\/p>\n<p><strong>El taller se llevar\u00e1 a cabo de manera virtual en un horario de 12 a 14 horas.<\/strong><\/p>\n<p>El taller propone un recorrido por tres grandes modos de trabajo experimental: el diario, retrato y acci\u00f3n. Lxs participantes estudiar\u00e1n estas herramientas y se apropiar\u00e1n de ellas para producir una pieza audiovisual.<\/p>\n<p>Todas las sesiones se grabar\u00e1n y los links se proporcionar\u00e1n a lxs participantes para su descarga, con la intenci\u00f3n de que no pierdan tiempo grabando desde sus dispositivos y aprovechen el taller al m\u00e1ximo.<\/p>\n<p>M\u00e1s informaci\u00f3n en https:\/\/festivalcineindependiente.com\/cineexperimental\/<\/p>\n","protected":false},"excerpt":{"rendered":"<p>&nbsp;<\/p>\n<p><strong>Un taller con Elena Pardo, Azucena Losana y Manuel Trujillo.<\/strong><\/p>\n<p>Presentado por el Festival de Cine Independiente de la Ciudad de M\u00e9xico y Red Nacional de Arte en colaboraci\u00f3n con el Laboratorio Experimental de Cine (LEC).<\/p>\n<p>&nbsp;<\/p>\n<p><strong>Sesiones:<\/strong><\/p>\n<p>\u00b7 7 de Mayo<br \/>\n\u00b7 14 de Mayo<br \/>\n\u00b7 21 de Mayo<br \/>\n\u00b7 28 de Mayo<\/p>\n<p><strong>El taller se llevar\u00e1 a cabo de manera virtual en un horario de 12 a 14 horas.<\/strong><\/p>\n<p>El taller propone un recorrido por tres grandes modos de trabajo experimental: el diario, retrato y acci\u00f3n. Lxs participantes estudiar\u00e1n estas herramientas y se apropiar\u00e1n de ellas para producir una pieza audiovisual.<\/p>\n<p>Todas las sesiones se grabar\u00e1n y los links se proporcionar\u00e1n a lxs participantes para su descarga, con la intenci\u00f3n de que no pierdan tiempo grabando desde sus dispositivos y aprovechen el taller al m\u00e1ximo.<\/p>\n<p>M\u00e1s informaci\u00f3n en https:\/\/festivalcineindependiente.com\/cineexperimental\/<\/p>\n","protected":false},"featured_media":1449,"comment_status":"open","ping_status":"closed","template":"","meta":[],"product_brand":[],"product_cat":[39,6,7],"product_tag":[156,157,158,150,151,159],"class_list":{"0":"post-1445","1":"product","2":"type-product","3":"status-publish","4":"has-post-thumbnail","6":"product_cat-cine","7":"product_cat-cursos","8":"product_cat-cursos-online","9":"product_tag-azucena-losana","10":"product_tag-cine-experimental","11":"product_tag-elena-pardo","12":"product_tag-fecimx","13":"product_tag-festival-de-cine-independiente-de-la-cdmx","14":"product_tag-manuel-trujillo-morris","16":"first","17":"outofstock","18":"virtual","19":"purchasable","20":"product-type-simple"},"jetpack_sharing_enabled":true,"_links":{"self":[{"href":"https:\/\/rednacionaldearte.com\/tienda\/wp-json\/wp\/v2\/product\/1445","targetHints":{"allow":["GET"]}}],"collection":[{"href":"https:\/\/rednacionaldearte.com\/tienda\/wp-json\/wp\/v2\/product"}],"about":[{"href":"https:\/\/rednacionaldearte.com\/tienda\/wp-json\/wp\/v2\/types\/product"}],"replies":[{"embeddable":true,"href":"https:\/\/rednacionaldearte.com\/tienda\/wp-json\/wp\/v2\/comments?post=1445"}],"wp:featuredmedia":[{"embeddable":true,"href":"https:\/\/rednacionaldearte.com\/tienda\/wp-json\/wp\/v2\/media\/1449"}],"wp:attachment":[{"href":"https:\/\/rednacionaldearte.com\/tienda\/wp-json\/wp\/v2\/media?parent=1445"}],"wp:term":[{"taxonomy":"product_brand","embeddable":true,"href":"https:\/\/rednacionaldearte.com\/tienda\/wp-json\/wp\/v2\/product_brand?post=1445"},{"taxonomy":"product_cat","embeddable":true,"href":"https:\/\/rednacionaldearte.com\/tienda\/wp-json\/wp\/v2\/product_cat?post=1445"},{"taxonomy":"product_tag","embeddable":true,"href":"https:\/\/rednacionaldearte.com\/tienda\/wp-json\/wp\/v2\/product_tag?post=1445"}],"curies":[{"name":"wp","href":"https:\/\/api.w.org\/{rel}","templated":true}]}}

<p><strong>Un taller con Elena Pardo, Azucena Losana y Manuel Trujillo.</strong></p>
<p>Presentado por el Festival de Cine Independiente de la Ciudad de México y Red Nacional de Arte en colaboración con el Laboratorio Experimental de Cine (LEC).</p>
<p>&nbsp;</p>
<p><strong>Sesiones:</strong></p>
<p>· 7 de Mayo<br />
· 14 de Mayo<br />
· 21 de Mayo<br />
· 28 de Mayo</p>
<p><strong>El taller se llevará a cabo de manera virtual en un horario de 12 a 14 horas.</strong></p>
<p>El taller propone un recorrido por tres grandes modos de trabajo experimental: el diario, retrato y acción. Lxs participantes estudiarán estas herramientas y se apropiarán de ellas para producir una pieza audiovisual.</p>
<p>Todas las sesiones se grabarán y los links se proporcionarán a lxs participantes para su descarga, con la intención de que no pierdan tiempo grabando desde sus dispositivos y aprovechen el taller al máximo.</p>
<p>Más información en https://festivalcineindependiente.com/cineexperimental/</p>

<p>&nbsp;</p>
<p><strong>Un taller con Elena Pardo, Azucena Losana y Manuel Trujillo.</strong></p>
<p>Presentado por el Festival de Cine Independiente de la Ciudad de México y Red Nacional de Arte en colaboración con el Laboratorio Experimental de Cine (LEC).</p>
<p>&nbsp;</p>
<p><strong>Sesiones:</strong></p>
<p>· 7 de Mayo<br />
· 14 de Mayo<br />
· 21 de Mayo<br />
· 28 de Mayo</p>
<p><strong>El taller se llevará a cabo de manera virtual en un horario de 12 a 14 horas.</strong></p>
<p>El taller propone un recorrido por tres grandes modos de trabajo experimental: el diario, retrato y acción. Lxs participantes estudiarán estas herramientas y se apropiarán de ellas para producir una pieza audiovisual.</p>
<p>Todas las sesiones se grabarán y los links se proporcionarán a lxs participantes para su descarga, con la intención de que no pierdan tiempo grabando desde sus dispositivos y aprovechen el taller al máximo.</p>
<p>Más información en https://festivalcineindependiente.com/cineexperimental/</p>
