{"id":1539,"date":"2022-08-02T03:53:30","date_gmt":"2022-08-02T03:53:30","guid":{"rendered":"https:\/\/rednacionaldearte.com\/tienda\/?post_type=product&#038;p=1539"},"modified":"2022-08-30T19:43:03","modified_gmt":"2022-08-30T19:43:03","slug":"taller-fixer","status":"publish","type":"product","link":"https:\/\/rednacionaldearte.com\/tienda\/producto\/taller-fixer\/","title":{"rendered":"El Fixer: Asegurando el Acceso a las Historias"},"content":{"rendered":"<div>\n<p><strong>* El costo de inscripci\u00f3n incluye un ejemplar del libro &#8220;El Fixer&#8221;, por favor proporciona tu direcci\u00f3n postal en la p\u00e1gina de pago (env\u00edos s\u00f3lo a M\u00e9xico).<\/strong><\/p>\n<p>Presentado por el Festival de Cine Independiente de la Ciudad de M\u00e9xico y Red Nacional de Arte en colaboraci\u00f3n con Penguin Random House.<\/p>\n<\/div>\n<div>\n<p><strong>Sesiones:<\/strong><br \/>\n\u00b7 20 de Agosto<br \/>\n\u00b7 27 de Agosto<br \/>\n\u00b7 3 de Septiembre<\/p>\n<p>El taller se llevar\u00e1 a cabo de manera virtual en un horario de 11 a 13 horas.<\/p>\n<p>La figura del fixer es clave para el cine documental y el periodismo.<\/p>\n<\/div>\n<div><\/div>\n<div>Un fixer es un productor que facilita el acceso a historias y personajes de dif\u00edcil acercamiento o en sitios de conflicto.\u00bfC\u00f3mo establecer un contacto con jefes del narco, huachicoleros, secuestradores y otros l\u00edderes de la delincuencia organizada? La forma de lograrlo no es nada f\u00e1cil, para ello existen en M\u00e9xico y en el mundo \u2014muy pocos\u2014, personajes que se mueven al filo de la navaja: los Fixers.<\/div>\n<div><\/div>\n<div>Este taller propone una serie de herramientas para acercarse a fuentes y espacios de naturaleza compleja.Todas las sesiones se grabar\u00e1n y los links se proporcionar\u00e1n a lxs participantes para su descarga, con la intenci\u00f3n de que no pierdan tiempo grabando desde sus dispositivos y aprovechen el taller al m\u00e1ximo.<\/div>\n<div><\/div>\n<p><strong>Dirigido a:\u00a0<\/strong>Realizadores, documentalistas, periodistas y personas interesadas en la investigaci\u00f3n, la no-ficci\u00f3n y el audiovisual.<\/p>\n<p><strong>Imparte:<\/strong><\/p>\n<p>Miguel \u00c1ngel Vega es periodista de an\u00e1lisis, guionista, y director de cine. Uno de los Fixers con m\u00e1s prestigio en el mundo. Desde 2010 investiga temas relacionados con narcotr\u00e1fico y seguridad.<\/p>\n<p>Como Fixer colabora para medios y plataformas internacionales entre los que se encuentran NatGeo, Netflix, Vice, HBO, Discovery, Skynews, ABC, E&amp;A, entre otros.<\/p>\n<div>\n<div><\/div>\n<\/div>\n","protected":false},"excerpt":{"rendered":"<div>\n<p><strong>* El costo de inscripci\u00f3n incluye un ejemplar del libro &#8220;El Fixer&#8221;, por favor proporciona tu direcci\u00f3n postal en la p\u00e1gina de pago (env\u00edos s\u00f3lo a M\u00e9xico).<\/strong><\/p>\n<p>Presentado por el Festival de Cine Independiente de la Ciudad de M\u00e9xico y Red Nacional de Arte en colaboraci\u00f3n con Penguin Random House.<\/p>\n<\/div>\n<div>\n<p><strong>Sesiones:<\/strong><br \/>\n\u00b7 20 de Agosto<br \/>\n\u00b7 27 de Agosto<br \/>\n\u00b7 3 de Septiembre<\/p>\n<p>El taller se llevar\u00e1 a cabo de manera virtual en un horario de 11 a 13 horas.<\/p>\n<p>La figura del fixer es clave para el cine documental y el periodismo.<\/p>\n<\/div>\n<div><\/div>\n<div>Un fixer es un productor que facilita el acceso a historias y personajes de dif\u00edcil acercamiento o en sitios de conflicto.\u00bfC\u00f3mo establecer un contacto con jefes del narco, huachicoleros, secuestradores y otros l\u00edderes de la delincuencia organizada? La forma de lograrlo no es nada f\u00e1cil, para ello existen en M\u00e9xico y en el mundo \u2014muy pocos\u2014, personajes que se mueven al filo de la navaja: los Fixers.<\/div>\n<div><\/div>\n<div>Este taller propone una serie de herramientas para acercarse a fuentes y espacios de naturaleza compleja.Todas las sesiones se grabar\u00e1n y los links se proporcionar\u00e1n a lxs participantes para su descarga, con la intenci\u00f3n de que no pierdan tiempo grabando desde sus dispositivos y aprovechen el taller al m\u00e1ximo.<\/div>\n<div><\/div>\n<p><strong>Dirigido a:\u00a0<\/strong>Realizadores, documentalistas, periodistas y personas interesadas en la investigaci\u00f3n, la no-ficci\u00f3n y el audiovisual.<\/p>\n<p><strong>Imparte:<\/strong><\/p>\n<p>Miguel \u00c1ngel Vega es periodista de an\u00e1lisis, guionista, y director de cine. Uno de los Fixers con m\u00e1s prestigio en el mundo. Desde 2010 investiga temas relacionados con narcotr\u00e1fico y seguridad.<\/p>\n<p>Como Fixer colabora para medios y plataformas internacionales entre los que se encuentran NatGeo, Netflix, Vice, HBO, Discovery, Skynews, ABC, E&amp;A, entre otros.<\/p>\n<div>\n<div><\/div>\n<\/div>\n","protected":false},"featured_media":1540,"comment_status":"open","ping_status":"closed","template":"","meta":[],"product_brand":[],"product_cat":[39,6,7],"product_tag":[162,163,150,151,161,164],"class_list":{"0":"post-1539","1":"product","2":"type-product","3":"status-publish","4":"has-post-thumbnail","6":"product_cat-cine","7":"product_cat-cursos","8":"product_cat-cursos-online","9":"product_tag-cine-documental","10":"product_tag-documental","11":"product_tag-fecimx","12":"product_tag-festival-de-cine-independiente-de-la-cdmx","13":"product_tag-fixer","14":"product_tag-miguel-angel-vega","16":"first","17":"outofstock","18":"sale","19":"virtual","20":"purchasable","21":"product-type-simple"},"jetpack_sharing_enabled":true,"_links":{"self":[{"href":"https:\/\/rednacionaldearte.com\/tienda\/wp-json\/wp\/v2\/product\/1539","targetHints":{"allow":["GET"]}}],"collection":[{"href":"https:\/\/rednacionaldearte.com\/tienda\/wp-json\/wp\/v2\/product"}],"about":[{"href":"https:\/\/rednacionaldearte.com\/tienda\/wp-json\/wp\/v2\/types\/product"}],"replies":[{"embeddable":true,"href":"https:\/\/rednacionaldearte.com\/tienda\/wp-json\/wp\/v2\/comments?post=1539"}],"wp:featuredmedia":[{"embeddable":true,"href":"https:\/\/rednacionaldearte.com\/tienda\/wp-json\/wp\/v2\/media\/1540"}],"wp:attachment":[{"href":"https:\/\/rednacionaldearte.com\/tienda\/wp-json\/wp\/v2\/media?parent=1539"}],"wp:term":[{"taxonomy":"product_brand","embeddable":true,"href":"https:\/\/rednacionaldearte.com\/tienda\/wp-json\/wp\/v2\/product_brand?post=1539"},{"taxonomy":"product_cat","embeddable":true,"href":"https:\/\/rednacionaldearte.com\/tienda\/wp-json\/wp\/v2\/product_cat?post=1539"},{"taxonomy":"product_tag","embeddable":true,"href":"https:\/\/rednacionaldearte.com\/tienda\/wp-json\/wp\/v2\/product_tag?post=1539"}],"curies":[{"name":"wp","href":"https:\/\/api.w.org\/{rel}","templated":true}]}}

<div>
<p><strong>* El costo de inscripción incluye un ejemplar del libro &#8220;El Fixer&#8221;, por favor proporciona tu dirección postal en la página de pago (envíos sólo a México).</strong></p>
<p>Presentado por el Festival de Cine Independiente de la Ciudad de México y Red Nacional de Arte en colaboración con Penguin Random House.</p>
</div>
<div>
<p><strong>Sesiones:</strong><br />
· 20 de Agosto<br />
· 27 de Agosto<br />
· 3 de Septiembre</p>
<p>El taller se llevará a cabo de manera virtual en un horario de 11 a 13 horas.</p>
<p>La figura del fixer es clave para el cine documental y el periodismo.</p>
</div>
<div></div>
<div>Un fixer es un productor que facilita el acceso a historias y personajes de difícil acercamiento o en sitios de conflicto.¿Cómo establecer un contacto con jefes del narco, huachicoleros, secuestradores y otros líderes de la delincuencia organizada? La forma de lograrlo no es nada fácil, para ello existen en México y en el mundo —muy pocos—, personajes que se mueven al filo de la navaja: los Fixers.</div>
<div></div>
<div>Este taller propone una serie de herramientas para acercarse a fuentes y espacios de naturaleza compleja.Todas las sesiones se grabarán y los links se proporcionarán a lxs participantes para su descarga, con la intención de que no pierdan tiempo grabando desde sus dispositivos y aprovechen el taller al máximo.</div>
<div></div>
<p><strong>Dirigido a: </strong>Realizadores, documentalistas, periodistas y personas interesadas en la investigación, la no-ficción y el audiovisual.</p>
<p><strong>Imparte:</strong></p>
<p>Miguel Ángel Vega es periodista de análisis, guionista, y director de cine. Uno de los Fixers con más prestigio en el mundo. Desde 2010 investiga temas relacionados con narcotráfico y seguridad.</p>
<p>Como Fixer colabora para medios y plataformas internacionales entre los que se encuentran NatGeo, Netflix, Vice, HBO, Discovery, Skynews, ABC, E&amp;A, entre otros.</p>
<div>
<div></div>
</div>
