{"id":1568,"date":"2022-10-01T03:25:11","date_gmt":"2022-10-01T03:25:11","guid":{"rendered":"https:\/\/rednacionaldearte.com\/tienda\/?post_type=product&#038;p=1568"},"modified":"2022-10-22T03:58:57","modified_gmt":"2022-10-22T03:58:57","slug":"taller-corto-documental","status":"publish","type":"product","link":"https:\/\/rednacionaldearte.com\/tienda\/producto\/taller-corto-documental\/","title":{"rendered":"Taller de Cortometraje Documental"},"content":{"rendered":"<p><strong>Herramientas para el cine de no-ficci\u00f3n contempor\u00e1neo.<\/strong><\/p>\n<p>Presentado por el Festival de Cine Independiente de la Ciudad de M\u00e9xico y Red Nacional de Arte.<\/p>\n<p>&nbsp;<\/p>\n<p><strong>Sesiones:<\/strong><\/p>\n<p>\u00b7 S\u00e1bado 22 de octubre<br \/>\n\u00b7 Domingo 23 de octubre<br \/>\n\u00b7 S\u00e1bado 29 de octubre<br \/>\n\u00b7 S\u00e1bado 30 de octubre<\/p>\n<p><strong>El taller se llevar\u00e1 a cabo de manera virtual en un horario de 12 a 14 horas.<\/strong><\/p>\n<p>Durante el taller, que se llevar\u00e1 a cabo de forma virtual, se desarrollar\u00e1n cortometrajes documentales o h\u00edbridos y se brindar\u00e1n instrumentos para pre-producir, producir, post-producir y distribuir los proyectos en diferentes ventanas.<\/p>\n<p>Como materiales de apoyo, se compartir\u00e1n con los alumnos <strong>formatos y ejemplos de presupuestos, carpetas, planes de rodaje y rutas de fondos y festivales.<\/strong><\/p>\n<p>M\u00e1s informaci\u00f3n en https:\/\/festivalcineindependiente.com\/tallerdocumental\/<\/p>\n","protected":false},"excerpt":{"rendered":"<p><strong>Herramientas para el cine de no-ficci\u00f3n contempor\u00e1neo.<\/strong><\/p>\n<p>Presentado por el Festival de Cine Independiente de la Ciudad de M\u00e9xico y Red Nacional de Arte.<\/p>\n<p>&nbsp;<\/p>\n<p><strong>Sesiones:<\/strong><\/p>\n<p>\u00b7 S\u00e1bado 22 de octubre<br \/>\n\u00b7 Domingo 23 de octubre<br \/>\n\u00b7 S\u00e1bado 29 de octubre<br \/>\n\u00b7 S\u00e1bado 30 de octubre<\/p>\n<p><strong>El taller se llevar\u00e1 a cabo de manera virtual en un horario de 12 a 14 horas.<\/strong><\/p>\n<p>Durante el taller, que se llevar\u00e1 a cabo de forma virtual, se desarrollar\u00e1n cortometrajes documentales o h\u00edbridos y se brindar\u00e1n instrumentos para pre-producir, producir, post-producir y distribuir los proyectos en diferentes ventanas.<\/p>\n<p>Como materiales de apoyo, se compartir\u00e1n con los alumnos <strong>formatos y ejemplos de presupuestos, carpetas, planes de rodaje y rutas de fondos y festivales.<\/strong><\/p>\n<p>M\u00e1s informaci\u00f3n en https:\/\/festivalcineindependiente.com\/tallerdocumental\/<\/p>\n","protected":false},"featured_media":1569,"comment_status":"open","ping_status":"closed","template":"","meta":[],"product_brand":[],"product_cat":[39,6,7],"product_tag":[32,150,151],"class_list":{"0":"post-1568","1":"product","2":"type-product","3":"status-publish","4":"has-post-thumbnail","6":"product_cat-cine","7":"product_cat-cursos","8":"product_cat-cursos-online","9":"product_tag-adan-ruiz","10":"product_tag-fecimx","11":"product_tag-festival-de-cine-independiente-de-la-cdmx","13":"first","14":"outofstock","15":"virtual","16":"purchasable","17":"product-type-simple"},"jetpack_sharing_enabled":true,"_links":{"self":[{"href":"https:\/\/rednacionaldearte.com\/tienda\/wp-json\/wp\/v2\/product\/1568","targetHints":{"allow":["GET"]}}],"collection":[{"href":"https:\/\/rednacionaldearte.com\/tienda\/wp-json\/wp\/v2\/product"}],"about":[{"href":"https:\/\/rednacionaldearte.com\/tienda\/wp-json\/wp\/v2\/types\/product"}],"replies":[{"embeddable":true,"href":"https:\/\/rednacionaldearte.com\/tienda\/wp-json\/wp\/v2\/comments?post=1568"}],"wp:featuredmedia":[{"embeddable":true,"href":"https:\/\/rednacionaldearte.com\/tienda\/wp-json\/wp\/v2\/media\/1569"}],"wp:attachment":[{"href":"https:\/\/rednacionaldearte.com\/tienda\/wp-json\/wp\/v2\/media?parent=1568"}],"wp:term":[{"taxonomy":"product_brand","embeddable":true,"href":"https:\/\/rednacionaldearte.com\/tienda\/wp-json\/wp\/v2\/product_brand?post=1568"},{"taxonomy":"product_cat","embeddable":true,"href":"https:\/\/rednacionaldearte.com\/tienda\/wp-json\/wp\/v2\/product_cat?post=1568"},{"taxonomy":"product_tag","embeddable":true,"href":"https:\/\/rednacionaldearte.com\/tienda\/wp-json\/wp\/v2\/product_tag?post=1568"}],"curies":[{"name":"wp","href":"https:\/\/api.w.org\/{rel}","templated":true}]}}

<p><strong>Herramientas para el cine de no-ficción contemporáneo.</strong></p>
<p>Presentado por el Festival de Cine Independiente de la Ciudad de México y Red Nacional de Arte.</p>
<p>&nbsp;</p>
<p><strong>Sesiones:</strong></p>
<p>· Sábado 22 de octubre<br />
· Domingo 23 de octubre<br />
· Sábado 29 de octubre<br />
· Sábado 30 de octubre</p>
<p><strong>El taller se llevará a cabo de manera virtual en un horario de 12 a 14 horas.</strong></p>
<p>Durante el taller, que se llevará a cabo de forma virtual, se desarrollarán cortometrajes documentales o híbridos y se brindarán instrumentos para pre-producir, producir, post-producir y distribuir los proyectos en diferentes ventanas.</p>
<p>Como materiales de apoyo, se compartirán con los alumnos <strong>formatos y ejemplos de presupuestos, carpetas, planes de rodaje y rutas de fondos y festivales.</strong></p>
<p>Más información en https://festivalcineindependiente.com/tallerdocumental/</p>
