{"id":1580,"date":"2022-11-30T23:15:16","date_gmt":"2022-11-30T23:15:16","guid":{"rendered":"https:\/\/rednacionaldearte.com\/tienda\/?post_type=product&#038;p=1580"},"modified":"2023-01-10T20:57:30","modified_gmt":"2023-01-10T20:57:30","slug":"taller-xun-sero","status":"publish","type":"product","link":"https:\/\/rednacionaldearte.com\/tienda\/producto\/taller-xun-sero\/","title":{"rendered":"Taller La Imagen y la Mirada: Hacia un Documental Personal"},"content":{"rendered":"<p><strong>Taller de Realizaci\u00f3n con Xun Sero.<\/strong><\/p>\n<p>Presentado por el Festival de Cine Independiente de la Ciudad de M\u00e9xico y Red Nacional de Arte.<\/p>\n<p>&nbsp;<\/p>\n<p><strong>Sesiones:<\/strong><\/p>\n<p>\u00b7 27 de diciembre<br \/>\n\u00b7 28 de diciembre<br \/>\n\u00b7 29 de diciembre<br \/>\n\u00b7 30 de diciembre<\/p>\n<p><strong>El taller se llevar\u00e1 a cabo de manera virtual en un horario de 20 a 22 horas.<\/strong><\/p>\n<p>Durante el taller, que se llevar\u00e1 a cabo de forma virtual, se brindar\u00e1n herramientas para el desarrollo de proyectos documentales interesados en explorar la relaci\u00f3n de intimidad entre realizadorx y personajes, as\u00ed como en la construcci\u00f3n de un cine en primera persona. El taller busca tambi\u00e9n reflexionar sobre el papel de los festivales y plataformas para el documental mexicano contempor\u00e1neo.<\/p>\n<p>Todas las sesiones se grabar\u00e1n y los links se proporcionar\u00e1n a los participantes para su descarga, con la intenci\u00f3n de que no pierdan tiempo grabando desde sus dispositivos y aprovechen el taller al m\u00e1ximo.<\/p>\n<p>M\u00e1s informaci\u00f3n en https:\/\/festivalcineindependiente.com\/xunsero\/<\/p>\n","protected":false},"excerpt":{"rendered":"<p><strong>Taller de Realizaci\u00f3n con Xun Sero.<\/strong><\/p>\n<p>Presentado por el Festival de Cine Independiente de la Ciudad de M\u00e9xico y Red Nacional de Arte.<\/p>\n<p>&nbsp;<\/p>\n<p><strong>Sesiones:<\/strong><\/p>\n<p>\u00b7 27 de diciembre<br \/>\n\u00b7 28 de diciembre<br \/>\n\u00b7 29 de diciembre<br \/>\n\u00b7 30 de diciembre<\/p>\n<p><strong>El taller se llevar\u00e1 a cabo de manera virtual en un horario de 20 a 22 horas.<\/strong><\/p>\n<p>Durante el taller, que se llevar\u00e1 a cabo de forma virtual, se brindar\u00e1n herramientas para el desarrollo de proyectos documentales interesados en explorar la relaci\u00f3n de intimidad entre realizadorx y personajes, as\u00ed como en la construcci\u00f3n de un cine en primera persona. El taller busca tambi\u00e9n reflexionar sobre el papel de los festivales y plataformas para el documental mexicano contempor\u00e1neo.<\/p>\n<p>Todas las sesiones se grabar\u00e1n y los links se proporcionar\u00e1n a los participantes para su descarga, con la intenci\u00f3n de que no pierdan tiempo grabando desde sus dispositivos y aprovechen el taller al m\u00e1ximo.<\/p>\n<p>M\u00e1s informaci\u00f3n en https:\/\/festivalcineindependiente.com\/xunsero\/<\/p>\n","protected":false},"featured_media":1581,"comment_status":"open","ping_status":"closed","template":"","meta":[],"product_brand":[],"product_cat":[39,6,7],"product_tag":[150,151,165],"class_list":{"0":"post-1580","1":"product","2":"type-product","3":"status-publish","4":"has-post-thumbnail","6":"product_cat-cine","7":"product_cat-cursos","8":"product_cat-cursos-online","9":"product_tag-fecimx","10":"product_tag-festival-de-cine-independiente-de-la-cdmx","11":"product_tag-xun-sero","13":"first","14":"outofstock","15":"virtual","16":"purchasable","17":"product-type-simple"},"jetpack_sharing_enabled":true,"_links":{"self":[{"href":"https:\/\/rednacionaldearte.com\/tienda\/wp-json\/wp\/v2\/product\/1580","targetHints":{"allow":["GET"]}}],"collection":[{"href":"https:\/\/rednacionaldearte.com\/tienda\/wp-json\/wp\/v2\/product"}],"about":[{"href":"https:\/\/rednacionaldearte.com\/tienda\/wp-json\/wp\/v2\/types\/product"}],"replies":[{"embeddable":true,"href":"https:\/\/rednacionaldearte.com\/tienda\/wp-json\/wp\/v2\/comments?post=1580"}],"wp:featuredmedia":[{"embeddable":true,"href":"https:\/\/rednacionaldearte.com\/tienda\/wp-json\/wp\/v2\/media\/1581"}],"wp:attachment":[{"href":"https:\/\/rednacionaldearte.com\/tienda\/wp-json\/wp\/v2\/media?parent=1580"}],"wp:term":[{"taxonomy":"product_brand","embeddable":true,"href":"https:\/\/rednacionaldearte.com\/tienda\/wp-json\/wp\/v2\/product_brand?post=1580"},{"taxonomy":"product_cat","embeddable":true,"href":"https:\/\/rednacionaldearte.com\/tienda\/wp-json\/wp\/v2\/product_cat?post=1580"},{"taxonomy":"product_tag","embeddable":true,"href":"https:\/\/rednacionaldearte.com\/tienda\/wp-json\/wp\/v2\/product_tag?post=1580"}],"curies":[{"name":"wp","href":"https:\/\/api.w.org\/{rel}","templated":true}]}}

<p><strong>Taller de Realización con Xun Sero.</strong></p>
<p>Presentado por el Festival de Cine Independiente de la Ciudad de México y Red Nacional de Arte.</p>
<p>&nbsp;</p>
<p><strong>Sesiones:</strong></p>
<p>· 27 de diciembre<br />
· 28 de diciembre<br />
· 29 de diciembre<br />
· 30 de diciembre</p>
<p><strong>El taller se llevará a cabo de manera virtual en un horario de 20 a 22 horas.</strong></p>
<p>Durante el taller, que se llevará a cabo de forma virtual, se brindarán herramientas para el desarrollo de proyectos documentales interesados en explorar la relación de intimidad entre realizadorx y personajes, así como en la construcción de un cine en primera persona. El taller busca también reflexionar sobre el papel de los festivales y plataformas para el documental mexicano contemporáneo.</p>
<p>Todas las sesiones se grabarán y los links se proporcionarán a los participantes para su descarga, con la intención de que no pierdan tiempo grabando desde sus dispositivos y aprovechen el taller al máximo.</p>
<p>Más información en https://festivalcineindependiente.com/xunsero/</p>
