{"id":1593,"date":"2023-01-17T08:27:42","date_gmt":"2023-01-17T08:27:42","guid":{"rendered":"https:\/\/rednacionaldearte.com\/tienda\/?post_type=product&#038;p=1593"},"modified":"2023-02-01T19:55:16","modified_gmt":"2023-02-01T19:55:16","slug":"taller-paula-astorga","status":"publish","type":"product","link":"https:\/\/rednacionaldearte.com\/tienda\/producto\/taller-paula-astorga\/","title":{"rendered":"Taller de Realizaci\u00f3n de Carpetas Para Fondos Nacionales"},"content":{"rendered":"<p><strong>Un taller con Paula Astorga.<\/strong><\/p>\n<p>Presentado por el Festival de Cine Independiente de la Ciudad de M\u00e9xico y Red Nacional de Arte.<\/p>\n<p>&nbsp;<\/p>\n<p><strong>Sesiones:<\/strong><\/p>\n<p>S\u00e1bado 28 de enero de 10:00 a 14:00 hrs | 30 y 31 de enero de 19:00 a 21:00 hrs.<\/p>\n<p>&nbsp;<\/p>\n<p>Un taller de 8 hrs. de duraci\u00f3n d\u00f3nde se revisar\u00e1n las convocatorias de los fondos m\u00e1s importantes del pa\u00eds con la finalidad de otorgar tanto herramientas de conceptualizaci\u00f3n c\u00f3mo pr\u00e1cticas; resoluci\u00f3n de dudas espec\u00edficas y una revisi\u00f3n de los puntos medulares de la estructuraci\u00f3n de un proyecto para fortalecer las aplicaciones a los diversos fondos p\u00fablicos.<\/p>\n<p>Todas las sesiones se grabar\u00e1n y los links se proporcionar\u00e1n a los participantes para su descarga, con la intenci\u00f3n de que no pierdan tiempo grabando desde sus dispositivos y aprovechen el taller al m\u00e1ximo.<\/p>\n<p>M\u00e1s informaci\u00f3n en https:\/\/festivalcineindependiente.com\/paulaastorga\/<\/p>\n","protected":false},"excerpt":{"rendered":"<p><strong>Un taller con Paula Astorga.<\/strong><\/p>\n<p>Presentado por el Festival de Cine Independiente de la Ciudad de M\u00e9xico y Red Nacional de Arte.<\/p>\n<p>&nbsp;<\/p>\n<p><strong>Sesiones:<\/strong><\/p>\n<p>S\u00e1bado 28 de enero de 10:00 a 14:00 hrs | 30 y 31 de enero de 19:00 a 21:00 hrs.<\/p>\n<p>&nbsp;<\/p>\n<p>Un taller de 8 hrs. de duraci\u00f3n d\u00f3nde se revisar\u00e1n las convocatorias de los fondos m\u00e1s importantes del pa\u00eds con la finalidad de otorgar tanto herramientas de conceptualizaci\u00f3n c\u00f3mo pr\u00e1cticas; resoluci\u00f3n de dudas espec\u00edficas y una revisi\u00f3n de los puntos medulares de la estructuraci\u00f3n de un proyecto para fortalecer las aplicaciones a los diversos fondos p\u00fablicos.<\/p>\n<p>Todas las sesiones se grabar\u00e1n y los links se proporcionar\u00e1n a los participantes para su descarga, con la intenci\u00f3n de que no pierdan tiempo grabando desde sus dispositivos y aprovechen el taller al m\u00e1ximo.<\/p>\n<p>M\u00e1s informaci\u00f3n en https:\/\/festivalcineindependiente.com\/paulaastorga\/<\/p>\n","protected":false},"featured_media":1594,"comment_status":"open","ping_status":"closed","template":"","meta":[],"product_brand":[],"product_cat":[39,6,7],"product_tag":[148,150,151,166],"class_list":{"0":"post-1593","1":"product","2":"type-product","3":"status-publish","4":"has-post-thumbnail","6":"product_cat-cine","7":"product_cat-cursos","8":"product_cat-cursos-online","9":"product_tag-carpetas-de-produccion","10":"product_tag-fecimx","11":"product_tag-festival-de-cine-independiente-de-la-cdmx","12":"product_tag-paula-astorga","14":"first","15":"outofstock","16":"virtual","17":"purchasable","18":"product-type-simple"},"jetpack_sharing_enabled":true,"_links":{"self":[{"href":"https:\/\/rednacionaldearte.com\/tienda\/wp-json\/wp\/v2\/product\/1593","targetHints":{"allow":["GET"]}}],"collection":[{"href":"https:\/\/rednacionaldearte.com\/tienda\/wp-json\/wp\/v2\/product"}],"about":[{"href":"https:\/\/rednacionaldearte.com\/tienda\/wp-json\/wp\/v2\/types\/product"}],"replies":[{"embeddable":true,"href":"https:\/\/rednacionaldearte.com\/tienda\/wp-json\/wp\/v2\/comments?post=1593"}],"wp:featuredmedia":[{"embeddable":true,"href":"https:\/\/rednacionaldearte.com\/tienda\/wp-json\/wp\/v2\/media\/1594"}],"wp:attachment":[{"href":"https:\/\/rednacionaldearte.com\/tienda\/wp-json\/wp\/v2\/media?parent=1593"}],"wp:term":[{"taxonomy":"product_brand","embeddable":true,"href":"https:\/\/rednacionaldearte.com\/tienda\/wp-json\/wp\/v2\/product_brand?post=1593"},{"taxonomy":"product_cat","embeddable":true,"href":"https:\/\/rednacionaldearte.com\/tienda\/wp-json\/wp\/v2\/product_cat?post=1593"},{"taxonomy":"product_tag","embeddable":true,"href":"https:\/\/rednacionaldearte.com\/tienda\/wp-json\/wp\/v2\/product_tag?post=1593"}],"curies":[{"name":"wp","href":"https:\/\/api.w.org\/{rel}","templated":true}]}}

Taller de Realización de Carpetas Para Fondos Nacionales

<p><strong>Un taller con Paula Astorga.</strong></p>
<p>Presentado por el Festival de Cine Independiente de la Ciudad de México y Red Nacional de Arte.</p>
<p>&nbsp;</p>
<p><strong>Sesiones:</strong></p>
<p>Sábado 28 de enero de 10:00 a 14:00 hrs | 30 y 31 de enero de 19:00 a 21:00 hrs.</p>
<p>&nbsp;</p>
<p>Un taller de 8 hrs. de duración dónde se revisarán las convocatorias de los fondos más importantes del país con la finalidad de otorgar tanto herramientas de conceptualización cómo prácticas; resolución de dudas específicas y una revisión de los puntos medulares de la estructuración de un proyecto para fortalecer las aplicaciones a los diversos fondos públicos.</p>
<p>Todas las sesiones se grabarán y los links se proporcionarán a los participantes para su descarga, con la intención de que no pierdan tiempo grabando desde sus dispositivos y aprovechen el taller al máximo.</p>
<p>Más información en https://festivalcineindependiente.com/paulaastorga/</p>
