{"id":1621,"date":"2023-02-14T05:17:24","date_gmt":"2023-02-14T05:17:24","guid":{"rendered":"https:\/\/rednacionaldearte.com\/tienda\/?post_type=product&#038;p=1621"},"modified":"2023-03-08T03:33:00","modified_gmt":"2023-03-08T03:33:00","slug":"miradas-del-subdesarrollo","status":"publish","type":"product","link":"https:\/\/rednacionaldearte.com\/tienda\/producto\/miradas-del-subdesarrollo\/","title":{"rendered":"Taller Miradas del Subdesarrollo"},"content":{"rendered":"<p><strong>Miradas del Subdesarrollo<br \/>\nFundamentos del Nuevo Cine Latinoamericano<\/strong><\/p>\n<p>Presentado por el Festival de Cine Independiente de la Ciudad de M\u00e9xico y Red Nacional de Arte.<\/p>\n<p>&nbsp;<\/p>\n<p><strong>Sesiones:<\/strong><\/p>\n<p>7, 8, 9 y 11 de Marzo | 20:15 a 22:15 hrs.<\/p>\n<p>&nbsp;<\/p>\n<p>El curso propone una aproximaci\u00f3n general a la historia del Nuevo Cine Latinoamericano a trav\u00e9s de un recorrido por sus diversos movimientos y expresiones. Partiendo del clima pol\u00edtico, social y cultural que enmarc\u00f3 su desarrollo est\u00e9tico, se analizar\u00e1n algunos de los textos y pel\u00edculas que dieron forma y sentido a la teor\u00eda del llamado Tercer Cine, transitando sus geograf\u00edas principales y dialogando con el pensamiento de sus realizadores protagonistas. A partir de ello, se busca entablar una discusi\u00f3n para encontrar la relaci\u00f3n entre cine, vanguardia, pol\u00edtica, revoluci\u00f3n, memoria y militancia en Am\u00e9rica Latina.<\/p>\n<p>Todas las sesiones se grabar\u00e1n y los links se proporcionar\u00e1n a los participantes para su descarga, con la intenci\u00f3n de que no pierdan tiempo grabando desde sus dispositivos y aprovechen el taller al m\u00e1ximo.<\/p>\n<p>M\u00e1s informaci\u00f3n en https:\/\/festivalcineindependiente.com\/miradasdelsubdesarollo\/<\/p>\n","protected":false},"excerpt":{"rendered":"<p><strong>Miradas del Subdesarrollo<br \/>\nFundamentos del Nuevo Cine Latinoamericano<\/strong><\/p>\n<p>Presentado por el Festival de Cine Independiente de la Ciudad de M\u00e9xico y Red Nacional de Arte.<\/p>\n<p>&nbsp;<\/p>\n<p><strong>Sesiones:<\/strong><\/p>\n<p>7, 8, 9 y 11 de Marzo | 20:15 a 22:15 hrs.<\/p>\n<p>&nbsp;<\/p>\n<p>El curso propone una aproximaci\u00f3n general a la historia del Nuevo Cine Latinoamericano a trav\u00e9s de un recorrido por sus diversos movimientos y expresiones. Partiendo del clima pol\u00edtico, social y cultural que enmarc\u00f3 su desarrollo est\u00e9tico, se analizar\u00e1n algunos de los textos y pel\u00edculas que dieron forma y sentido a la teor\u00eda del llamado Tercer Cine, transitando sus geograf\u00edas principales y dialogando con el pensamiento de sus realizadores protagonistas. A partir de ello, se busca entablar una discusi\u00f3n para encontrar la relaci\u00f3n entre cine, vanguardia, pol\u00edtica, revoluci\u00f3n, memoria y militancia en Am\u00e9rica Latina.<\/p>\n<p>Todas las sesiones se grabar\u00e1n y los links se proporcionar\u00e1n a los participantes para su descarga, con la intenci\u00f3n de que no pierdan tiempo grabando desde sus dispositivos y aprovechen el taller al m\u00e1ximo.<\/p>\n<p>M\u00e1s informaci\u00f3n en https:\/\/festivalcineindependiente.com\/miradasdelsubdesarollo\/<\/p>\n","protected":false},"featured_media":1622,"comment_status":"open","ping_status":"closed","template":"","meta":[],"product_brand":[],"product_cat":[39,6,7],"product_tag":[150,151,167],"class_list":{"0":"post-1621","1":"product","2":"type-product","3":"status-publish","4":"has-post-thumbnail","6":"product_cat-cine","7":"product_cat-cursos","8":"product_cat-cursos-online","9":"product_tag-fecimx","10":"product_tag-festival-de-cine-independiente-de-la-cdmx","11":"product_tag-tercer-cine","13":"first","14":"outofstock","15":"virtual","16":"purchasable","17":"product-type-simple"},"jetpack_sharing_enabled":true,"_links":{"self":[{"href":"https:\/\/rednacionaldearte.com\/tienda\/wp-json\/wp\/v2\/product\/1621","targetHints":{"allow":["GET"]}}],"collection":[{"href":"https:\/\/rednacionaldearte.com\/tienda\/wp-json\/wp\/v2\/product"}],"about":[{"href":"https:\/\/rednacionaldearte.com\/tienda\/wp-json\/wp\/v2\/types\/product"}],"replies":[{"embeddable":true,"href":"https:\/\/rednacionaldearte.com\/tienda\/wp-json\/wp\/v2\/comments?post=1621"}],"wp:featuredmedia":[{"embeddable":true,"href":"https:\/\/rednacionaldearte.com\/tienda\/wp-json\/wp\/v2\/media\/1622"}],"wp:attachment":[{"href":"https:\/\/rednacionaldearte.com\/tienda\/wp-json\/wp\/v2\/media?parent=1621"}],"wp:term":[{"taxonomy":"product_brand","embeddable":true,"href":"https:\/\/rednacionaldearte.com\/tienda\/wp-json\/wp\/v2\/product_brand?post=1621"},{"taxonomy":"product_cat","embeddable":true,"href":"https:\/\/rednacionaldearte.com\/tienda\/wp-json\/wp\/v2\/product_cat?post=1621"},{"taxonomy":"product_tag","embeddable":true,"href":"https:\/\/rednacionaldearte.com\/tienda\/wp-json\/wp\/v2\/product_tag?post=1621"}],"curies":[{"name":"wp","href":"https:\/\/api.w.org\/{rel}","templated":true}]}}

<p><strong>Miradas del Subdesarrollo<br />
Fundamentos del Nuevo Cine Latinoamericano</strong></p>
<p>Presentado por el Festival de Cine Independiente de la Ciudad de México y Red Nacional de Arte.</p>
<p>&nbsp;</p>
<p><strong>Sesiones:</strong></p>
<p>7, 8, 9 y 11 de Marzo | 20:15 a 22:15 hrs.</p>
<p>&nbsp;</p>
<p>El curso propone una aproximación general a la historia del Nuevo Cine Latinoamericano a través de un recorrido por sus diversos movimientos y expresiones. Partiendo del clima político, social y cultural que enmarcó su desarrollo estético, se analizarán algunos de los textos y películas que dieron forma y sentido a la teoría del llamado Tercer Cine, transitando sus geografías principales y dialogando con el pensamiento de sus realizadores protagonistas. A partir de ello, se busca entablar una discusión para encontrar la relación entre cine, vanguardia, política, revolución, memoria y militancia en América Latina.</p>
<p>Todas las sesiones se grabarán y los links se proporcionarán a los participantes para su descarga, con la intención de que no pierdan tiempo grabando desde sus dispositivos y aprovechen el taller al máximo.</p>
<p>Más información en https://festivalcineindependiente.com/miradasdelsubdesarollo/</p>
