{"id":1635,"date":"2023-02-24T01:57:29","date_gmt":"2023-02-24T01:57:29","guid":{"rendered":"https:\/\/rednacionaldearte.com\/tienda\/?post_type=product&#038;p=1635"},"modified":"2023-03-07T00:15:22","modified_gmt":"2023-03-07T00:15:22","slug":"taller-huesera","status":"publish","type":"product","link":"https:\/\/rednacionaldearte.com\/tienda\/producto\/taller-huesera\/","title":{"rendered":"Taller Del Guion al Rodaje"},"content":{"rendered":"<p><strong>Taller con el equipo de Huesera:<br \/>\nDel Guion al Rodaje | C\u00f3mo construir una ficci\u00f3n<br \/>\n<\/strong><\/p>\n<p>Presentado por el Festival de Cine Independiente de la Ciudad de M\u00e9xico y Red Nacional de Arte.<\/p>\n<p>&nbsp;<\/p>\n<p><strong>Sesiones:<\/strong><\/p>\n<p>Lunes 6 de marzo &#8211; Taller de gui\u00f3n &#8211; Abia Castillo<br \/>\nMartes 7 de marzo &#8211; Taller de direcci\u00f3n &#8211; Michelle Garza Cervera<br \/>\nMi\u00e9rcoles 8 de marzo &#8211; Taller de producci\u00f3n &#8211; Paulina Villavicencio y Edher Campos<br \/>\nJueves 9 de marzo &#8211; Taller de fotograf\u00eda &#8211; Nur Rubio Sherwell<\/p>\n<p>&nbsp;<\/p>\n<p>Durante cuatro sesiones guiadas por el equipo de Huesera nos adentraremos en el proceso para realizar una pel\u00edcula. Abordaremos la concepci\u00f3n y escritura del gui\u00f3n, los retos en la producci\u00f3n, el papel fundamental de la direcci\u00f3n y la fotograf\u00eda en filmaci\u00f3n. Un taller pensado para realizadores, productores, fot\u00f3grafos y cualquier interesado en realizar un trabajo audiovisual de ficci\u00f3n o conocer algunas de las \u00e1reas que construyen una pel\u00edcula.<\/p>\n<p>&nbsp;<\/p>\n<p>Todas las sesiones se grabar\u00e1n y los links se proporcionar\u00e1n a los participantes para su descarga, con la intenci\u00f3n de que no pierdan tiempo grabando desde sus dispositivos y aprovechen el taller al m\u00e1ximo.<\/p>\n<p>M\u00e1s informaci\u00f3n en https:\/\/festivalcineindependiente.com\/huesera<\/p>\n","protected":false},"excerpt":{"rendered":"<p><strong>Taller con el equipo de Huesera:<br \/>\nDel Guion al Rodaje | C\u00f3mo construir una ficci\u00f3n<br \/>\n<\/strong><\/p>\n<p>Presentado por el Festival de Cine Independiente de la Ciudad de M\u00e9xico y Red Nacional de Arte.<\/p>\n<p>&nbsp;<\/p>\n<p><strong>Sesiones:<\/strong><\/p>\n<p>Lunes 6 de marzo &#8211; Taller de gui\u00f3n &#8211; Abia Castillo<br \/>\nMartes 7 de marzo &#8211; Taller de direcci\u00f3n &#8211; Michelle Garza Cervera<br \/>\nMi\u00e9rcoles 8 de marzo &#8211; Taller de producci\u00f3n &#8211; Paulina Villavicencio y Edher Campos<br \/>\nJueves 9 de marzo &#8211; Taller de fotograf\u00eda &#8211; Nur Rubio Sherwell<\/p>\n<p>&nbsp;<\/p>\n<p>Durante cuatro sesiones guiadas por el equipo de Huesera nos adentraremos en el proceso para realizar una pel\u00edcula. Abordaremos la concepci\u00f3n y escritura del gui\u00f3n, los retos en la producci\u00f3n, el papel fundamental de la direcci\u00f3n y la fotograf\u00eda en filmaci\u00f3n. Un taller pensado para realizadores, productores, fot\u00f3grafos y cualquier interesado en realizar un trabajo audiovisual de ficci\u00f3n o conocer algunas de las \u00e1reas que construyen una pel\u00edcula.<\/p>\n<p>&nbsp;<\/p>\n<p>Todas las sesiones se grabar\u00e1n y los links se proporcionar\u00e1n a los participantes para su descarga, con la intenci\u00f3n de que no pierdan tiempo grabando desde sus dispositivos y aprovechen el taller al m\u00e1ximo.<\/p>\n<p>M\u00e1s informaci\u00f3n en https:\/\/festivalcineindependiente.com\/huesera<\/p>\n","protected":false},"featured_media":1636,"comment_status":"open","ping_status":"closed","template":"","meta":[],"product_brand":[],"product_cat":[39,6,7],"product_tag":[170,171,172,150,151,168,169],"class_list":{"0":"post-1635","1":"product","2":"type-product","3":"status-publish","4":"has-post-thumbnail","6":"product_cat-cine","7":"product_cat-cursos","8":"product_cat-cursos-online","9":"product_tag-cine-de-genero","10":"product_tag-cine-de-terror","11":"product_tag-cine-mexicano","12":"product_tag-fecimx","13":"product_tag-festival-de-cine-independiente-de-la-cdmx","14":"product_tag-huesera","15":"product_tag-michelle-garza-cervera","17":"first","18":"outofstock","19":"sale","20":"virtual","21":"purchasable","22":"product-type-simple"},"jetpack_sharing_enabled":true,"_links":{"self":[{"href":"https:\/\/rednacionaldearte.com\/tienda\/wp-json\/wp\/v2\/product\/1635","targetHints":{"allow":["GET"]}}],"collection":[{"href":"https:\/\/rednacionaldearte.com\/tienda\/wp-json\/wp\/v2\/product"}],"about":[{"href":"https:\/\/rednacionaldearte.com\/tienda\/wp-json\/wp\/v2\/types\/product"}],"replies":[{"embeddable":true,"href":"https:\/\/rednacionaldearte.com\/tienda\/wp-json\/wp\/v2\/comments?post=1635"}],"wp:featuredmedia":[{"embeddable":true,"href":"https:\/\/rednacionaldearte.com\/tienda\/wp-json\/wp\/v2\/media\/1636"}],"wp:attachment":[{"href":"https:\/\/rednacionaldearte.com\/tienda\/wp-json\/wp\/v2\/media?parent=1635"}],"wp:term":[{"taxonomy":"product_brand","embeddable":true,"href":"https:\/\/rednacionaldearte.com\/tienda\/wp-json\/wp\/v2\/product_brand?post=1635"},{"taxonomy":"product_cat","embeddable":true,"href":"https:\/\/rednacionaldearte.com\/tienda\/wp-json\/wp\/v2\/product_cat?post=1635"},{"taxonomy":"product_tag","embeddable":true,"href":"https:\/\/rednacionaldearte.com\/tienda\/wp-json\/wp\/v2\/product_tag?post=1635"}],"curies":[{"name":"wp","href":"https:\/\/api.w.org\/{rel}","templated":true}]}}

<p><strong>Taller con el equipo de Huesera:<br />
Del Guion al Rodaje | Cómo construir una ficción<br />
</strong></p>
<p>Presentado por el Festival de Cine Independiente de la Ciudad de México y Red Nacional de Arte.</p>
<p>&nbsp;</p>
<p><strong>Sesiones:</strong></p>
<p>Lunes 6 de marzo &#8211; Taller de guión &#8211; Abia Castillo<br />
Martes 7 de marzo &#8211; Taller de dirección &#8211; Michelle Garza Cervera<br />
Miércoles 8 de marzo &#8211; Taller de producción &#8211; Paulina Villavicencio y Edher Campos<br />
Jueves 9 de marzo &#8211; Taller de fotografía &#8211; Nur Rubio Sherwell</p>
<p>&nbsp;</p>
<p>Durante cuatro sesiones guiadas por el equipo de Huesera nos adentraremos en el proceso para realizar una película. Abordaremos la concepción y escritura del guión, los retos en la producción, el papel fundamental de la dirección y la fotografía en filmación. Un taller pensado para realizadores, productores, fotógrafos y cualquier interesado en realizar un trabajo audiovisual de ficción o conocer algunas de las áreas que construyen una película.</p>
<p>&nbsp;</p>
<p>Todas las sesiones se grabarán y los links se proporcionarán a los participantes para su descarga, con la intención de que no pierdan tiempo grabando desde sus dispositivos y aprovechen el taller al máximo.</p>
<p>Más información en https://festivalcineindependiente.com/huesera</p>
