{"id":1705,"date":"2023-04-30T01:02:19","date_gmt":"2023-04-30T01:02:19","guid":{"rendered":"https:\/\/rednacionaldearte.com\/tienda\/?post_type=product&#038;p=1705"},"modified":"2023-05-20T01:31:47","modified_gmt":"2023-05-20T01:31:47","slug":"taller-diseno-sonoro","status":"publish","type":"product","link":"https:\/\/rednacionaldearte.com\/tienda\/producto\/taller-diseno-sonoro\/","title":{"rendered":"Taller Dise\u00f1o y Postproducci\u00f3n Sonora"},"content":{"rendered":"<p><strong>Taller de Dise\u00f1o y Postproducci\u00f3n Sonora<br \/>\n<\/strong><\/p>\n<p>Presentado por el Festival de Cine Independiente de la Ciudad de M\u00e9xico y Red Nacional de Arte.<\/p>\n<p>&nbsp;<\/p>\n<p><strong>Sesiones:<\/strong><\/p>\n<p>S\u00e1bados 20 y 27 de Mayo, y 3 y 10 de Junio | 10 a 12 horas (hora Ciudad de M\u00e9xico).<\/p>\n<p>&nbsp;<\/p>\n<p>A lo largo de cuatro sesiones, se profundizar\u00e1 en el estudio y aplicaci\u00f3n de t\u00e9cnicas y conceptos esenciales en el dise\u00f1o y postproducci\u00f3n sonora para el desarrollo de narrativas audiovisuales. Lxs participantes adquirir\u00e1n conocimientos sobre los diversos elementos del dise\u00f1o sonoro, la relevancia del sonido en el cine y su funci\u00f3n en las narrativas cinematogr\u00e1ficas, as\u00ed como los procesos y flujos de trabajo desde la preproducci\u00f3n hasta la postproducci\u00f3n. Se abordar\u00e1n aspectos t\u00e9cnicos y herramientas b\u00e1sicas para la edici\u00f3n de audio y la exportaci\u00f3n de mezclas y deliveries.<\/p>\n<p>&nbsp;<\/p>\n<p>Todas las sesiones se grabar\u00e1n y los links se proporcionar\u00e1n a los participantes para su descarga, con la intenci\u00f3n de que no pierdan tiempo grabando desde sus dispositivos y aprovechen el taller al m\u00e1ximo.<\/p>\n<p>M\u00e1s informaci\u00f3n en https:\/\/festivalcineindependiente.com\/diseno-sonoro\/<\/p>\n","protected":false},"excerpt":{"rendered":"<p><strong>Taller de Dise\u00f1o y Postproducci\u00f3n Sonora<br \/>\n<\/strong><\/p>\n<p>Presentado por el Festival de Cine Independiente de la Ciudad de M\u00e9xico y Red Nacional de Arte.<\/p>\n<p>&nbsp;<\/p>\n<p><strong>Sesiones:<\/strong><\/p>\n<p>S\u00e1bados 20 y 27 de Mayo, y 3 y 10 de Junio | 10 a 12 horas (hora Ciudad de M\u00e9xico).<\/p>\n<p>&nbsp;<\/p>\n<p>A lo largo de cuatro sesiones, se profundizar\u00e1 en el estudio y aplicaci\u00f3n de t\u00e9cnicas y conceptos esenciales en el dise\u00f1o y postproducci\u00f3n sonora para el desarrollo de narrativas audiovisuales. Lxs participantes adquirir\u00e1n conocimientos sobre los diversos elementos del dise\u00f1o sonoro, la relevancia del sonido en el cine y su funci\u00f3n en las narrativas cinematogr\u00e1ficas, as\u00ed como los procesos y flujos de trabajo desde la preproducci\u00f3n hasta la postproducci\u00f3n. Se abordar\u00e1n aspectos t\u00e9cnicos y herramientas b\u00e1sicas para la edici\u00f3n de audio y la exportaci\u00f3n de mezclas y deliveries.<\/p>\n<p>&nbsp;<\/p>\n<p>Todas las sesiones se grabar\u00e1n y los links se proporcionar\u00e1n a los participantes para su descarga, con la intenci\u00f3n de que no pierdan tiempo grabando desde sus dispositivos y aprovechen el taller al m\u00e1ximo.<\/p>\n<p>M\u00e1s informaci\u00f3n en https:\/\/festivalcineindependiente.com\/diseno-sonoro\/<\/p>\n","protected":false},"featured_media":1706,"comment_status":"open","ping_status":"closed","template":"","meta":[],"product_brand":[],"product_cat":[39,6,7],"product_tag":[175,150,151],"class_list":{"0":"post-1705","1":"product","2":"type-product","3":"status-publish","4":"has-post-thumbnail","6":"product_cat-cine","7":"product_cat-cursos","8":"product_cat-cursos-online","9":"product_tag-diseno-sonoro","10":"product_tag-fecimx","11":"product_tag-festival-de-cine-independiente-de-la-cdmx","13":"first","14":"outofstock","15":"virtual","16":"purchasable","17":"product-type-simple"},"jetpack_sharing_enabled":true,"_links":{"self":[{"href":"https:\/\/rednacionaldearte.com\/tienda\/wp-json\/wp\/v2\/product\/1705","targetHints":{"allow":["GET"]}}],"collection":[{"href":"https:\/\/rednacionaldearte.com\/tienda\/wp-json\/wp\/v2\/product"}],"about":[{"href":"https:\/\/rednacionaldearte.com\/tienda\/wp-json\/wp\/v2\/types\/product"}],"replies":[{"embeddable":true,"href":"https:\/\/rednacionaldearte.com\/tienda\/wp-json\/wp\/v2\/comments?post=1705"}],"wp:featuredmedia":[{"embeddable":true,"href":"https:\/\/rednacionaldearte.com\/tienda\/wp-json\/wp\/v2\/media\/1706"}],"wp:attachment":[{"href":"https:\/\/rednacionaldearte.com\/tienda\/wp-json\/wp\/v2\/media?parent=1705"}],"wp:term":[{"taxonomy":"product_brand","embeddable":true,"href":"https:\/\/rednacionaldearte.com\/tienda\/wp-json\/wp\/v2\/product_brand?post=1705"},{"taxonomy":"product_cat","embeddable":true,"href":"https:\/\/rednacionaldearte.com\/tienda\/wp-json\/wp\/v2\/product_cat?post=1705"},{"taxonomy":"product_tag","embeddable":true,"href":"https:\/\/rednacionaldearte.com\/tienda\/wp-json\/wp\/v2\/product_tag?post=1705"}],"curies":[{"name":"wp","href":"https:\/\/api.w.org\/{rel}","templated":true}]}}

Taller Diseño y Postproducción Sonora

<p><strong>Taller de Diseño y Postproducción Sonora<br />
</strong></p>
<p>Presentado por el Festival de Cine Independiente de la Ciudad de México y Red Nacional de Arte.</p>
<p>&nbsp;</p>
<p><strong>Sesiones:</strong></p>
<p>Sábados 20 y 27 de Mayo, y 3 y 10 de Junio | 10 a 12 horas (hora Ciudad de México).</p>
<p>&nbsp;</p>
<p>A lo largo de cuatro sesiones, se profundizará en el estudio y aplicación de técnicas y conceptos esenciales en el diseño y postproducción sonora para el desarrollo de narrativas audiovisuales. Lxs participantes adquirirán conocimientos sobre los diversos elementos del diseño sonoro, la relevancia del sonido en el cine y su función en las narrativas cinematográficas, así como los procesos y flujos de trabajo desde la preproducción hasta la postproducción. Se abordarán aspectos técnicos y herramientas básicas para la edición de audio y la exportación de mezclas y deliveries.</p>
<p>&nbsp;</p>
<p>Todas las sesiones se grabarán y los links se proporcionarán a los participantes para su descarga, con la intención de que no pierdan tiempo grabando desde sus dispositivos y aprovechen el taller al máximo.</p>
<p>Más información en https://festivalcineindependiente.com/diseno-sonoro/</p>
