{"id":1763,"date":"2023-10-11T22:07:33","date_gmt":"2023-10-11T22:07:33","guid":{"rendered":"https:\/\/rednacionaldearte.com\/tienda\/?post_type=product&#038;p=1763"},"modified":"2023-10-25T17:34:51","modified_gmt":"2023-10-25T17:34:51","slug":"realizacion-david-zonana","status":"publish","type":"product","link":"https:\/\/rednacionaldearte.com\/tienda\/producto\/realizacion-david-zonana\/","title":{"rendered":"Taller de Realizaci\u00f3n de Cine de Ficci\u00f3n con David Zonana"},"content":{"rendered":"<p><strong>Realizaci\u00f3n de Cine de Ficci\u00f3n con David Zonana<\/strong><\/p>\n<p><strong>Director de Her\u00f3ico y Mano de Obra<\/strong><\/p>\n<p>&nbsp;<\/p>\n<p>Presentado por el Festival de Cine Independiente de la Ciudad de M\u00e9xico y Red Nacional de Arte.<\/p>\n<p>&nbsp;<\/p>\n<p><strong>Sesiones:<\/strong><\/p>\n<p>24, 25 y 26 de octubre |\u00a019 a 22 hrs (hora Ciudad de M\u00e9xico).<\/p>\n<p>El Festival de Cine Independiente de la Ciudad de M\u00e9xico (FECIMX) y Red Nacional de Arte convocan al Taller de Realizaci\u00f3n de Cine de Ficci\u00f3n impartido por David Zonana. Durante el taller, que se llevar\u00e1 a cabo de forma virtual, se reflexionar\u00e1 sobre la labor y responsabilidades de un director en el contexto contempor\u00e1neo, los alcances del lenguaje cinematogr\u00e1fico y la forma, la construcci\u00f3n del personaje, el trabajo de investigaci\u00f3n detr\u00e1s de una ficci\u00f3n, la relaci\u00f3n e impacto de una pel\u00edcula y la distribuci\u00f3n de la misma.<\/p>\n<p>Todas las sesiones se grabar\u00e1n y los links se proporcionar\u00e1n a los participantes para su descarga, con la intenci\u00f3n de que no pierdan tiempo grabando desde sus dispositivos y aprovechen el taller al m\u00e1ximo.<\/p>\n<p>&nbsp;<\/p>\n<p><span style=\"font-family: -apple-system, BlinkMacSystemFont, 'Segoe UI', Roboto, Oxygen-Sans, Ubuntu, Cantarell, 'Helvetica Neue', sans-serif;\">M\u00e1s informaci\u00f3n en <a href=\"https:\/\/festivalcineindependiente.com\/david-zonana\/\">https:\/\/festivalcineindependiente.com\/david-zonana\/<\/a><\/span><\/p>\n","protected":false},"excerpt":{"rendered":"<p><strong>Realizaci\u00f3n de Cine de Ficci\u00f3n con David Zonana<\/strong><\/p>\n<p><strong>Director de Her\u00f3ico y Mano de Obra<\/strong><\/p>\n<p>&nbsp;<\/p>\n<p>Presentado por el Festival de Cine Independiente de la Ciudad de M\u00e9xico y Red Nacional de Arte.<\/p>\n<p>&nbsp;<\/p>\n<p><strong>Sesiones:<\/strong><\/p>\n<p>24, 25 y 26 de octubre |\u00a019 a 22 hrs (hora Ciudad de M\u00e9xico).<\/p>\n<p>El Festival de Cine Independiente de la Ciudad de M\u00e9xico (FECIMX) y Red Nacional de Arte convocan al Taller de Realizaci\u00f3n de Cine de Ficci\u00f3n impartido por David Zonana. Durante el taller, que se llevar\u00e1 a cabo de forma virtual, se reflexionar\u00e1 sobre la labor y responsabilidades de un director en el contexto contempor\u00e1neo, los alcances del lenguaje cinematogr\u00e1fico y la forma, la construcci\u00f3n del personaje, el trabajo de investigaci\u00f3n detr\u00e1s de una ficci\u00f3n, la relaci\u00f3n e impacto de una pel\u00edcula y la distribuci\u00f3n de la misma.<\/p>\n<p>Todas las sesiones se grabar\u00e1n y los links se proporcionar\u00e1n a los participantes para su descarga, con la intenci\u00f3n de que no pierdan tiempo grabando desde sus dispositivos y aprovechen el taller al m\u00e1ximo.<\/p>\n<p>&nbsp;<\/p>\n<p><span style=\"font-family: -apple-system, BlinkMacSystemFont, 'Segoe UI', Roboto, Oxygen-Sans, Ubuntu, Cantarell, 'Helvetica Neue', sans-serif;\">M\u00e1s informaci\u00f3n en <a href=\"https:\/\/festivalcineindependiente.com\/david-zonana\/\">https:\/\/festivalcineindependiente.com\/david-zonana\/<\/a><\/span><\/p>\n","protected":false},"featured_media":1764,"comment_status":"open","ping_status":"closed","template":"","meta":[],"product_brand":[],"product_cat":[39,6,7],"product_tag":[176],"class_list":{"0":"post-1763","1":"product","2":"type-product","3":"status-publish","4":"has-post-thumbnail","6":"product_cat-cine","7":"product_cat-cursos","8":"product_cat-cursos-online","9":"product_tag-david-zonana","11":"first","12":"outofstock","13":"virtual","14":"purchasable","15":"product-type-simple"},"jetpack_sharing_enabled":true,"_links":{"self":[{"href":"https:\/\/rednacionaldearte.com\/tienda\/wp-json\/wp\/v2\/product\/1763","targetHints":{"allow":["GET"]}}],"collection":[{"href":"https:\/\/rednacionaldearte.com\/tienda\/wp-json\/wp\/v2\/product"}],"about":[{"href":"https:\/\/rednacionaldearte.com\/tienda\/wp-json\/wp\/v2\/types\/product"}],"replies":[{"embeddable":true,"href":"https:\/\/rednacionaldearte.com\/tienda\/wp-json\/wp\/v2\/comments?post=1763"}],"wp:featuredmedia":[{"embeddable":true,"href":"https:\/\/rednacionaldearte.com\/tienda\/wp-json\/wp\/v2\/media\/1764"}],"wp:attachment":[{"href":"https:\/\/rednacionaldearte.com\/tienda\/wp-json\/wp\/v2\/media?parent=1763"}],"wp:term":[{"taxonomy":"product_brand","embeddable":true,"href":"https:\/\/rednacionaldearte.com\/tienda\/wp-json\/wp\/v2\/product_brand?post=1763"},{"taxonomy":"product_cat","embeddable":true,"href":"https:\/\/rednacionaldearte.com\/tienda\/wp-json\/wp\/v2\/product_cat?post=1763"},{"taxonomy":"product_tag","embeddable":true,"href":"https:\/\/rednacionaldearte.com\/tienda\/wp-json\/wp\/v2\/product_tag?post=1763"}],"curies":[{"name":"wp","href":"https:\/\/api.w.org\/{rel}","templated":true}]}}

Taller de Realización de Cine de Ficción con David Zonana

<p><strong>Realización de Cine de Ficción con David Zonana</strong></p>
<p><strong>Director de Heróico y Mano de Obra</strong></p>
<p>&nbsp;</p>
<p>Presentado por el Festival de Cine Independiente de la Ciudad de México y Red Nacional de Arte.</p>
<p>&nbsp;</p>
<p><strong>Sesiones:</strong></p>
<p>24, 25 y 26 de octubre | 19 a 22 hrs (hora Ciudad de México).</p>
<p>El Festival de Cine Independiente de la Ciudad de México (FECIMX) y Red Nacional de Arte convocan al Taller de Realización de Cine de Ficción impartido por David Zonana. Durante el taller, que se llevará a cabo de forma virtual, se reflexionará sobre la labor y responsabilidades de un director en el contexto contemporáneo, los alcances del lenguaje cinematográfico y la forma, la construcción del personaje, el trabajo de investigación detrás de una ficción, la relación e impacto de una película y la distribución de la misma.</p>
<p>Todas las sesiones se grabarán y los links se proporcionarán a los participantes para su descarga, con la intención de que no pierdan tiempo grabando desde sus dispositivos y aprovechen el taller al máximo.</p>
<p>&nbsp;</p>
<p><span style="font-family: -apple-system, BlinkMacSystemFont, 'Segoe UI', Roboto, Oxygen-Sans, Ubuntu, Cantarell, 'Helvetica Neue', sans-serif;">Más información en <a href="https://festivalcineindependiente.com/david-zonana/">https://festivalcineindependiente.com/david-zonana/</a></span></p>
