{"id":1780,"date":"2023-12-01T16:52:06","date_gmt":"2023-12-01T16:52:06","guid":{"rendered":"https:\/\/rednacionaldearte.com\/tienda\/?post_type=product&#038;p=1780"},"modified":"2023-12-22T22:17:46","modified_gmt":"2023-12-22T22:17:46","slug":"direccion-fotografia","status":"publish","type":"product","link":"https:\/\/rednacionaldearte.com\/tienda\/producto\/direccion-fotografia\/","title":{"rendered":"Taller de Direcci\u00f3n de Fotograf\u00eda"},"content":{"rendered":"<p><strong>Direcci\u00f3n de Fotograf\u00eda para Cine<\/strong><\/p>\n<p>&nbsp;<\/p>\n<p>Presentado por el Festival de Cine Independiente de la Ciudad de M\u00e9xico y Red Nacional de Arte.<\/p>\n<p>&nbsp;<\/p>\n<p><strong>Sesiones:<\/strong><\/p>\n<p>20, 21, 22 y 23 de diciembre | 19 a 22 hrs (hora Ciudad de M\u00e9xico).<\/p>\n<p>El\u00a0<strong>Festival de Cine Independiente de la Ciudad de M\u00e9xico (FECIMX)<\/strong>\u00a0y\u00a0<strong>Red Nacional de Arte<\/strong>\u00a0convocan al\u00a0<strong>Taller de Direcci\u00f3n de Fotograf\u00eda para Cine<\/strong>\u00a0impartido por Francisco Herrera. Durante las sesiones, que se llevar\u00e1n a cabo de forma virtual, lxs alumnxs podr\u00e1n profundizar en la cinefotograf\u00eda como un arte que se entrecruza con diversas ciencias, as\u00ed como aprender sobre composici\u00f3n, \u00f3ptica y color, entre otros temas.<\/p>\n<p>Todas las sesiones se grabar\u00e1n y los links se proporcionar\u00e1n a los participantes para su descarga, con la intenci\u00f3n de que no pierdan tiempo grabando desde sus dispositivos y aprovechen el taller al m\u00e1ximo.<\/p>\n<p>&nbsp;<\/p>\n<p><span style=\"font-family: -apple-system, BlinkMacSystemFont, 'Segoe UI', Roboto, Oxygen-Sans, Ubuntu, Cantarell, 'Helvetica Neue', sans-serif;\">M\u00e1s informaci\u00f3n en https:\/\/festivalcineindependiente.com\/direccion-fotografia\/<\/span><\/p>\n","protected":false},"excerpt":{"rendered":"<p><strong>Direcci\u00f3n de Fotograf\u00eda para Cine<\/strong><\/p>\n<p>&nbsp;<\/p>\n<p>Presentado por el Festival de Cine Independiente de la Ciudad de M\u00e9xico y Red Nacional de Arte.<\/p>\n<p>&nbsp;<\/p>\n<p><strong>Sesiones:<\/strong><\/p>\n<p>20, 21, 22 y 23 de diciembre | 19 a 22 hrs (hora Ciudad de M\u00e9xico).<\/p>\n<p>El\u00a0<strong>Festival de Cine Independiente de la Ciudad de M\u00e9xico (FECIMX)<\/strong>\u00a0y\u00a0<strong>Red Nacional de Arte<\/strong>\u00a0convocan al\u00a0<strong>Taller de Direcci\u00f3n de Fotograf\u00eda para Cine<\/strong>\u00a0impartido por Francisco Herrera. Durante las sesiones, que se llevar\u00e1n a cabo de forma virtual, lxs alumnxs podr\u00e1n profundizar en la cinefotograf\u00eda como un arte que se entrecruza con diversas ciencias, as\u00ed como aprender sobre composici\u00f3n, \u00f3ptica y color, entre otros temas.<\/p>\n<p>Todas las sesiones se grabar\u00e1n y los links se proporcionar\u00e1n a los participantes para su descarga, con la intenci\u00f3n de que no pierdan tiempo grabando desde sus dispositivos y aprovechen el taller al m\u00e1ximo.<\/p>\n<p>&nbsp;<\/p>\n<p><span style=\"font-family: -apple-system, BlinkMacSystemFont, 'Segoe UI', Roboto, Oxygen-Sans, Ubuntu, Cantarell, 'Helvetica Neue', sans-serif;\">M\u00e1s informaci\u00f3n en https:\/\/festivalcineindependiente.com\/direccion-fotografia\/<\/span><\/p>\n","protected":false},"featured_media":1781,"comment_status":"open","ping_status":"closed","template":"","meta":[],"product_brand":[],"product_cat":[39,6,7,11],"product_tag":[],"class_list":{"0":"post-1780","1":"product","2":"type-product","3":"status-publish","4":"has-post-thumbnail","6":"product_cat-cine","7":"product_cat-cursos","8":"product_cat-cursos-online","9":"product_cat-fotografia","11":"first","12":"outofstock","13":"virtual","14":"purchasable","15":"product-type-simple"},"jetpack_sharing_enabled":true,"_links":{"self":[{"href":"https:\/\/rednacionaldearte.com\/tienda\/wp-json\/wp\/v2\/product\/1780","targetHints":{"allow":["GET"]}}],"collection":[{"href":"https:\/\/rednacionaldearte.com\/tienda\/wp-json\/wp\/v2\/product"}],"about":[{"href":"https:\/\/rednacionaldearte.com\/tienda\/wp-json\/wp\/v2\/types\/product"}],"replies":[{"embeddable":true,"href":"https:\/\/rednacionaldearte.com\/tienda\/wp-json\/wp\/v2\/comments?post=1780"}],"wp:featuredmedia":[{"embeddable":true,"href":"https:\/\/rednacionaldearte.com\/tienda\/wp-json\/wp\/v2\/media\/1781"}],"wp:attachment":[{"href":"https:\/\/rednacionaldearte.com\/tienda\/wp-json\/wp\/v2\/media?parent=1780"}],"wp:term":[{"taxonomy":"product_brand","embeddable":true,"href":"https:\/\/rednacionaldearte.com\/tienda\/wp-json\/wp\/v2\/product_brand?post=1780"},{"taxonomy":"product_cat","embeddable":true,"href":"https:\/\/rednacionaldearte.com\/tienda\/wp-json\/wp\/v2\/product_cat?post=1780"},{"taxonomy":"product_tag","embeddable":true,"href":"https:\/\/rednacionaldearte.com\/tienda\/wp-json\/wp\/v2\/product_tag?post=1780"}],"curies":[{"name":"wp","href":"https:\/\/api.w.org\/{rel}","templated":true}]}}

Taller de Dirección de Fotografía

<p><strong>Dirección de Fotografía para Cine</strong></p>
<p>&nbsp;</p>
<p>Presentado por el Festival de Cine Independiente de la Ciudad de México y Red Nacional de Arte.</p>
<p>&nbsp;</p>
<p><strong>Sesiones:</strong></p>
<p>20, 21, 22 y 23 de diciembre | 19 a 22 hrs (hora Ciudad de México).</p>
<p>El <strong>Festival de Cine Independiente de la Ciudad de México (FECIMX)</strong> y <strong>Red Nacional de Arte</strong> convocan al <strong>Taller de Dirección de Fotografía para Cine</strong> impartido por Francisco Herrera. Durante las sesiones, que se llevarán a cabo de forma virtual, lxs alumnxs podrán profundizar en la cinefotografía como un arte que se entrecruza con diversas ciencias, así como aprender sobre composición, óptica y color, entre otros temas.</p>
<p>Todas las sesiones se grabarán y los links se proporcionarán a los participantes para su descarga, con la intención de que no pierdan tiempo grabando desde sus dispositivos y aprovechen el taller al máximo.</p>
<p>&nbsp;</p>
<p><span style="font-family: -apple-system, BlinkMacSystemFont, 'Segoe UI', Roboto, Oxygen-Sans, Ubuntu, Cantarell, 'Helvetica Neue', sans-serif;">Más información en https://festivalcineindependiente.com/direccion-fotografia/</span></p>
