{"id":1926,"date":"2024-03-08T16:29:24","date_gmt":"2024-03-08T16:29:24","guid":{"rendered":"https:\/\/rednacionaldearte.com\/tienda\/?post_type=product&#038;p=1926"},"modified":"2025-04-15T15:11:26","modified_gmt":"2025-04-15T15:11:26","slug":"seminario-documental","status":"publish","type":"product","link":"https:\/\/rednacionaldearte.com\/tienda\/producto\/seminario-documental\/","title":{"rendered":"Seminario de Realizaci\u00f3n: Cine Documental Contempor\u00e1neo (1ra Ed)"},"content":{"rendered":"<p><strong>Seminario de Realizaci\u00f3n: Cine Documental Contempor\u00e1neo<br \/>\n<\/strong>Las Posibilidades de la No-Ficci\u00f3n<br \/>\nJuan Carlos Rulfo, Luc\u00eda Gaj\u00e1, Carlos Hagerman, Jorge Villalobos y Yulene Olaizola.<\/p>\n<p>&nbsp;<\/p>\n<p>Presentado por el Festival de Cine Independiente de la Ciudad de M\u00e9xico y Red Nacional de Arte.<\/p>\n<p>&nbsp;<\/p>\n<p><strong>Sesiones:<\/strong><\/p>\n<p>Fechas y horarios:<br \/>\nDel 18 al 21 de marzo, de 19 a 21 horas.<\/p>\n<p>* Horarios en tiempo de Ciudad de M\u00e9xico.<\/p>\n<p>El <strong>Festival de Cine Independiente de la Ciudad de M\u00e9xico (FECIMX)<\/strong> y <strong>Red Nacional de Arte<\/strong> convocan al <strong>Seminario de Realizaci\u00f3n de Cine Documental Contempor\u00e1neo<\/strong> con <strong>Juan Carlos Rulfo, Luc\u00eda Gaj\u00e1, Carlos Hagerman, Jorge Villalobos y Yulene Olaizola<\/strong>.<\/p>\n<p>Todas las sesiones se grabar\u00e1n y los links se proporcionar\u00e1n a los participantes para su descarga, con la intenci\u00f3n de que no pierdan tiempo grabando desde sus dispositivos y aprovechen el taller al m\u00e1ximo.<\/p>\n<p>&nbsp;<\/p>\n<p><span style=\"font-family: -apple-system, BlinkMacSystemFont, 'Segoe UI', Roboto, Oxygen-Sans, Ubuntu, Cantarell, 'Helvetica Neue', sans-serif;\">M\u00e1s informaci\u00f3n en <a href=\"https:\/\/festivalcineindependiente.com\/seminario-documental\/\">https:\/\/festivalcineindependiente.com\/seminario-documental\/<\/a><\/span><\/p>\n","protected":false},"excerpt":{"rendered":"<p><strong>Seminario de Realizaci\u00f3n: Cine Documental Contempor\u00e1neo<br \/>\n<\/strong>Las Posibilidades de la No-Ficci\u00f3n<br \/>\nJuan Carlos Rulfo, Luc\u00eda Gaj\u00e1, Carlos Hagerman, Jorge Villalobos y Yulene Olaizola.<\/p>\n<p>&nbsp;<\/p>\n<p>Presentado por el Festival de Cine Independiente de la Ciudad de M\u00e9xico y Red Nacional de Arte.<\/p>\n<p>&nbsp;<\/p>\n<p><strong>Sesiones:<\/strong><\/p>\n<p>Fechas y horarios:<br \/>\nDel 18 al 21 de marzo, de 19 a 21 horas.<\/p>\n<p>* Horarios en tiempo de Ciudad de M\u00e9xico.<\/p>\n<p>El <strong>Festival de Cine Independiente de la Ciudad de M\u00e9xico (FECIMX)<\/strong> y <strong>Red Nacional de Arte<\/strong> convocan al <strong>Seminario de Realizaci\u00f3n de Cine Documental Contempor\u00e1neo<\/strong> con <strong>Juan Carlos Rulfo, Luc\u00eda Gaj\u00e1, Carlos Hagerman, Jorge Villalobos y Yulene Olaizola<\/strong>.<\/p>\n<p>Todas las sesiones se grabar\u00e1n y los links se proporcionar\u00e1n a los participantes para su descarga, con la intenci\u00f3n de que no pierdan tiempo grabando desde sus dispositivos y aprovechen el taller al m\u00e1ximo.<\/p>\n<p>&nbsp;<\/p>\n<p><span style=\"font-family: -apple-system, BlinkMacSystemFont, 'Segoe UI', Roboto, Oxygen-Sans, Ubuntu, Cantarell, 'Helvetica Neue', sans-serif;\">M\u00e1s informaci\u00f3n en <a href=\"https:\/\/festivalcineindependiente.com\/seminario-documental\/\">https:\/\/festivalcineindependiente.com\/seminario-documental\/<\/a><\/span><\/p>\n","protected":false},"featured_media":1927,"comment_status":"open","ping_status":"closed","template":"","meta":[],"product_brand":[],"product_cat":[39,6,7],"product_tag":[187,162,163,188,185,186,189],"class_list":{"0":"post-1926","1":"product","2":"type-product","3":"status-publish","4":"has-post-thumbnail","6":"product_cat-cine","7":"product_cat-cursos","8":"product_cat-cursos-online","9":"product_tag-carlos-hagerman","10":"product_tag-cine-documental","11":"product_tag-documental","12":"product_tag-jorge-villalobos","13":"product_tag-juan-carlos-rulfo","14":"product_tag-lucia-gaja","15":"product_tag-yulene-olaizola","17":"first","18":"outofstock","19":"virtual","20":"purchasable","21":"product-type-simple"},"jetpack_sharing_enabled":true,"_links":{"self":[{"href":"https:\/\/rednacionaldearte.com\/tienda\/wp-json\/wp\/v2\/product\/1926","targetHints":{"allow":["GET"]}}],"collection":[{"href":"https:\/\/rednacionaldearte.com\/tienda\/wp-json\/wp\/v2\/product"}],"about":[{"href":"https:\/\/rednacionaldearte.com\/tienda\/wp-json\/wp\/v2\/types\/product"}],"replies":[{"embeddable":true,"href":"https:\/\/rednacionaldearte.com\/tienda\/wp-json\/wp\/v2\/comments?post=1926"}],"wp:featuredmedia":[{"embeddable":true,"href":"https:\/\/rednacionaldearte.com\/tienda\/wp-json\/wp\/v2\/media\/1927"}],"wp:attachment":[{"href":"https:\/\/rednacionaldearte.com\/tienda\/wp-json\/wp\/v2\/media?parent=1926"}],"wp:term":[{"taxonomy":"product_brand","embeddable":true,"href":"https:\/\/rednacionaldearte.com\/tienda\/wp-json\/wp\/v2\/product_brand?post=1926"},{"taxonomy":"product_cat","embeddable":true,"href":"https:\/\/rednacionaldearte.com\/tienda\/wp-json\/wp\/v2\/product_cat?post=1926"},{"taxonomy":"product_tag","embeddable":true,"href":"https:\/\/rednacionaldearte.com\/tienda\/wp-json\/wp\/v2\/product_tag?post=1926"}],"curies":[{"name":"wp","href":"https:\/\/api.w.org\/{rel}","templated":true}]}}

Seminario de Realización: Cine Documental Contemporáneo (1ra Ed)

<p><strong>Seminario de Realización: Cine Documental Contemporáneo<br />
</strong>Las Posibilidades de la No-Ficción<br />
Juan Carlos Rulfo, Lucía Gajá, Carlos Hagerman, Jorge Villalobos y Yulene Olaizola.</p>
<p>&nbsp;</p>
<p>Presentado por el Festival de Cine Independiente de la Ciudad de México y Red Nacional de Arte.</p>
<p>&nbsp;</p>
<p><strong>Sesiones:</strong></p>
<p>Fechas y horarios:<br />
Del 18 al 21 de marzo, de 19 a 21 horas.</p>
<p>* Horarios en tiempo de Ciudad de México.</p>
<p>El <strong>Festival de Cine Independiente de la Ciudad de México (FECIMX)</strong> y <strong>Red Nacional de Arte</strong> convocan al <strong>Seminario de Realización de Cine Documental Contemporáneo</strong> con <strong>Juan Carlos Rulfo, Lucía Gajá, Carlos Hagerman, Jorge Villalobos y Yulene Olaizola</strong>.</p>
<p>Todas las sesiones se grabarán y los links se proporcionarán a los participantes para su descarga, con la intención de que no pierdan tiempo grabando desde sus dispositivos y aprovechen el taller al máximo.</p>
<p>&nbsp;</p>
<p><span style="font-family: -apple-system, BlinkMacSystemFont, 'Segoe UI', Roboto, Oxygen-Sans, Ubuntu, Cantarell, 'Helvetica Neue', sans-serif;">Más información en <a href="https://festivalcineindependiente.com/seminario-documental/">https://festivalcineindependiente.com/seminario-documental/</a></span></p>
