{"id":1963,"date":"2024-04-04T15:11:00","date_gmt":"2024-04-04T15:11:00","guid":{"rendered":"https:\/\/rednacionaldearte.com\/tienda\/?post_type=product&#038;p=1963"},"modified":"2024-04-24T00:53:56","modified_gmt":"2024-04-24T00:53:56","slug":"taller-edicion-cine","status":"publish","type":"product","link":"https:\/\/rednacionaldearte.com\/tienda\/producto\/taller-edicion-cine\/","title":{"rendered":"Taller de edici\u00f3n cinematogr\u00e1fica"},"content":{"rendered":"<p><strong>Taller de edici\u00f3n cinematogr\u00e1fica con Paloma L\u00f3pez Carrillo<br \/>\nEditar desde el Descubrimiento<\/strong><\/p>\n<p>Presentado por el Festival de Cine Independiente de la Ciudad de M\u00e9xico y Red Nacional de Arte.<\/p>\n<p><strong>Sesiones:<\/strong><\/p>\n<p>Fechas y horarios:<br \/>\n23, 24, 25 y 26 de abril, de 19 a 21 horas.<\/p>\n<p>* Horarios en tiempo de Ciudad de M\u00e9xico.<\/p>\n<p>El\u00a0<strong>Festival de Cine Independiente de la Ciudad de M\u00e9xico (FECIMX)<\/strong>\u00a0y\u00a0<strong>Red Nacional de Arte<\/strong>\u00a0convocan al\u00a0<strong>Taller de edici\u00f3n cinematogr\u00e1fica<\/strong>\u00a0con\u00a0<strong>Paloma L\u00f3pez Carrillo<\/strong>, ganadora del Ariel y el Premio Fenix a mejor edici\u00f3n.<\/p>\n<p>Todas las sesiones se grabar\u00e1n y los links se proporcionar\u00e1n a los participantes para su descarga, con la intenci\u00f3n de que no pierdan tiempo grabando desde sus dispositivos y aprovechen el taller al m\u00e1ximo.<\/p>\n<p>&nbsp;<\/p>\n<p><span style=\"font-family: -apple-system, BlinkMacSystemFont, 'Segoe UI', Roboto, Oxygen-Sans, Ubuntu, Cantarell, 'Helvetica Neue', sans-serif;\">M\u00e1s informaci\u00f3n en <a href=\"https:\/\/festivalcineindependiente.com\/taller-edicion\/\">https:\/\/festivalcineindependiente.com\/taller-edicion\/<\/a><\/span><\/p>\n","protected":false},"excerpt":{"rendered":"<p><strong>Taller de edici\u00f3n cinematogr\u00e1fica con Paloma L\u00f3pez Carrillo<br \/>\nEditar desde el Descubrimiento<\/strong><\/p>\n<p>Presentado por el Festival de Cine Independiente de la Ciudad de M\u00e9xico y Red Nacional de Arte.<\/p>\n<p><strong>Sesiones:<\/strong><\/p>\n<p>Fechas y horarios:<br \/>\n23, 24, 25 y 26 de abril, de 19 a 21 horas.<\/p>\n<p>* Horarios en tiempo de Ciudad de M\u00e9xico.<\/p>\n<p>El\u00a0<strong>Festival de Cine Independiente de la Ciudad de M\u00e9xico (FECIMX)<\/strong>\u00a0y\u00a0<strong>Red Nacional de Arte<\/strong>\u00a0convocan al\u00a0<strong>Taller de edici\u00f3n cinematogr\u00e1fica<\/strong>\u00a0con\u00a0<strong>Paloma L\u00f3pez Carrillo<\/strong>, ganadora del Ariel y el Premio Fenix a mejor edici\u00f3n.<\/p>\n<p>Todas las sesiones se grabar\u00e1n y los links se proporcionar\u00e1n a los participantes para su descarga, con la intenci\u00f3n de que no pierdan tiempo grabando desde sus dispositivos y aprovechen el taller al m\u00e1ximo.<\/p>\n<p>&nbsp;<\/p>\n<p><span style=\"font-family: -apple-system, BlinkMacSystemFont, 'Segoe UI', Roboto, Oxygen-Sans, Ubuntu, Cantarell, 'Helvetica Neue', sans-serif;\">M\u00e1s informaci\u00f3n en <a href=\"https:\/\/festivalcineindependiente.com\/taller-edicion\/\">https:\/\/festivalcineindependiente.com\/taller-edicion\/<\/a><\/span><\/p>\n","protected":false},"featured_media":1964,"comment_status":"open","ping_status":"closed","template":"","meta":[],"product_brand":[],"product_cat":[39,6,7],"product_tag":[191,190],"class_list":{"0":"post-1963","1":"product","2":"type-product","3":"status-publish","4":"has-post-thumbnail","6":"product_cat-cine","7":"product_cat-cursos","8":"product_cat-cursos-online","9":"product_tag-montaje-cinematografico","10":"product_tag-paloma-lopez-carrillo","12":"first","13":"outofstock","14":"virtual","15":"purchasable","16":"product-type-simple"},"jetpack_sharing_enabled":true,"_links":{"self":[{"href":"https:\/\/rednacionaldearte.com\/tienda\/wp-json\/wp\/v2\/product\/1963","targetHints":{"allow":["GET"]}}],"collection":[{"href":"https:\/\/rednacionaldearte.com\/tienda\/wp-json\/wp\/v2\/product"}],"about":[{"href":"https:\/\/rednacionaldearte.com\/tienda\/wp-json\/wp\/v2\/types\/product"}],"replies":[{"embeddable":true,"href":"https:\/\/rednacionaldearte.com\/tienda\/wp-json\/wp\/v2\/comments?post=1963"}],"wp:featuredmedia":[{"embeddable":true,"href":"https:\/\/rednacionaldearte.com\/tienda\/wp-json\/wp\/v2\/media\/1964"}],"wp:attachment":[{"href":"https:\/\/rednacionaldearte.com\/tienda\/wp-json\/wp\/v2\/media?parent=1963"}],"wp:term":[{"taxonomy":"product_brand","embeddable":true,"href":"https:\/\/rednacionaldearte.com\/tienda\/wp-json\/wp\/v2\/product_brand?post=1963"},{"taxonomy":"product_cat","embeddable":true,"href":"https:\/\/rednacionaldearte.com\/tienda\/wp-json\/wp\/v2\/product_cat?post=1963"},{"taxonomy":"product_tag","embeddable":true,"href":"https:\/\/rednacionaldearte.com\/tienda\/wp-json\/wp\/v2\/product_tag?post=1963"}],"curies":[{"name":"wp","href":"https:\/\/api.w.org\/{rel}","templated":true}]}}

Taller de edición cinematográfica

<p><strong>Taller de edición cinematográfica con Paloma López Carrillo<br />
Editar desde el Descubrimiento</strong></p>
<p>Presentado por el Festival de Cine Independiente de la Ciudad de México y Red Nacional de Arte.</p>
<p><strong>Sesiones:</strong></p>
<p>Fechas y horarios:<br />
23, 24, 25 y 26 de abril, de 19 a 21 horas.</p>
<p>* Horarios en tiempo de Ciudad de México.</p>
<p>El <strong>Festival de Cine Independiente de la Ciudad de México (FECIMX)</strong> y <strong>Red Nacional de Arte</strong> convocan al <strong>Taller de edición cinematográfica</strong> con <strong>Paloma López Carrillo</strong>, ganadora del Ariel y el Premio Fenix a mejor edición.</p>
<p>Todas las sesiones se grabarán y los links se proporcionarán a los participantes para su descarga, con la intención de que no pierdan tiempo grabando desde sus dispositivos y aprovechen el taller al máximo.</p>
<p>&nbsp;</p>
<p><span style="font-family: -apple-system, BlinkMacSystemFont, 'Segoe UI', Roboto, Oxygen-Sans, Ubuntu, Cantarell, 'Helvetica Neue', sans-serif;">Más información en <a href="https://festivalcineindependiente.com/taller-edicion/">https://festivalcineindependiente.com/taller-edicion/</a></span></p>
