{"id":1999,"date":"2024-05-17T23:29:23","date_gmt":"2024-05-17T23:29:23","guid":{"rendered":"https:\/\/rednacionaldearte.com\/tienda\/?post_type=product&#038;p=1999"},"modified":"2024-06-04T05:15:59","modified_gmt":"2024-06-04T05:15:59","slug":"taller-primeras-peliculas","status":"publish","type":"product","link":"https:\/\/rednacionaldearte.com\/tienda\/producto\/taller-primeras-peliculas\/","title":{"rendered":"Taller de Creaci\u00f3n Cinematogr\u00e1fica"},"content":{"rendered":"<p><strong>Taller de Creaci\u00f3n Cinematogr\u00e1fica con Jos\u00e9 Pablo Escamilla (Colectivo Colmena)<br \/>\nPrimeras pel\u00edculas independientes: Gesti\u00f3n, producci\u00f3n y realizaci\u00f3n de \u00d3peras Primas<\/strong><\/p>\n<p>Presentado por el Festival de Cine Independiente de la Ciudad de M\u00e9xico y Red Nacional de Arte.<\/p>\n<p><strong>Sesiones:<\/strong><\/p>\n<p>Fechas y horarios:<br \/>\n3, 4, 5, 6 y 7 de junio, de 19 a 21 horas.<\/p>\n<p>* Horarios en tiempo de Ciudad de M\u00e9xico.<\/p>\n<p>&nbsp;<\/p>\n<p>El\u00a0<strong>Festival de Cine Independiente de la Ciudad de M\u00e9xico (FECIMX)<\/strong>\u00a0y\u00a0<strong>Red Nacional de Arte<\/strong>\u00a0convocan al\u00a0<strong>Taller de gesti\u00f3n, producci\u00f3n y realizaci\u00f3n de primeras pel\u00edculas independientes<\/strong>\u00a0con\u00a0<strong>Jos\u00e9 Pablo Escamilla<\/strong>, director de pel\u00edculas como \u201cLumbrensue\u00f1o\u201d (estrenada en la Biennale de Venezia), \u201cMostro\u201d (Locarno) o \u201cLib\u00e9lula\u201d (Berlinale) y miembro de Colectivo Colmena.<\/p>\n<p>Todas las sesiones se grabar\u00e1n y los links se proporcionar\u00e1n a los participantes para su descarga, con la intenci\u00f3n de que no pierdan tiempo grabando desde sus dispositivos y aprovechen el taller al m\u00e1ximo.<\/p>\n<p>&nbsp;<\/p>\n<p><span style=\"font-family: -apple-system, BlinkMacSystemFont, 'Segoe UI', Roboto, Oxygen-Sans, Ubuntu, Cantarell, 'Helvetica Neue', sans-serif;\">M\u00e1s informaci\u00f3n en <a href=\"https:\/\/festivalcineindependiente.com\/primeras-peliculas\/\">https:\/\/festivalcineindependiente.com\/primeras-peliculas\/<\/a><\/span><\/p>\n","protected":false},"excerpt":{"rendered":"<p><strong>Taller de Creaci\u00f3n Cinematogr\u00e1fica con Jos\u00e9 Pablo Escamilla (Colectivo Colmena)<br \/>\nPrimeras pel\u00edculas independientes: Gesti\u00f3n, producci\u00f3n y realizaci\u00f3n de \u00d3peras Primas<\/strong><\/p>\n<p>Presentado por el Festival de Cine Independiente de la Ciudad de M\u00e9xico y Red Nacional de Arte.<\/p>\n<p><strong>Sesiones:<\/strong><\/p>\n<p>Fechas y horarios:<br \/>\n3, 4, 5, 6 y 7 de junio, de 19 a 21 horas.<\/p>\n<p>* Horarios en tiempo de Ciudad de M\u00e9xico.<\/p>\n<p>&nbsp;<\/p>\n<p>El\u00a0<strong>Festival de Cine Independiente de la Ciudad de M\u00e9xico (FECIMX)<\/strong>\u00a0y\u00a0<strong>Red Nacional de Arte<\/strong>\u00a0convocan al\u00a0<strong>Taller de gesti\u00f3n, producci\u00f3n y realizaci\u00f3n de primeras pel\u00edculas independientes<\/strong>\u00a0con\u00a0<strong>Jos\u00e9 Pablo Escamilla<\/strong>, director de pel\u00edculas como \u201cLumbrensue\u00f1o\u201d (estrenada en la Biennale de Venezia), \u201cMostro\u201d (Locarno) o \u201cLib\u00e9lula\u201d (Berlinale) y miembro de Colectivo Colmena.<\/p>\n<p>Todas las sesiones se grabar\u00e1n y los links se proporcionar\u00e1n a los participantes para su descarga, con la intenci\u00f3n de que no pierdan tiempo grabando desde sus dispositivos y aprovechen el taller al m\u00e1ximo.<\/p>\n<p>&nbsp;<\/p>\n<p><span style=\"font-family: -apple-system, BlinkMacSystemFont, 'Segoe UI', Roboto, Oxygen-Sans, Ubuntu, Cantarell, 'Helvetica Neue', sans-serif;\">M\u00e1s informaci\u00f3n en <a href=\"https:\/\/festivalcineindependiente.com\/primeras-peliculas\/\">https:\/\/festivalcineindependiente.com\/primeras-peliculas\/<\/a><\/span><\/p>\n","protected":false},"featured_media":2000,"comment_status":"open","ping_status":"closed","template":"","meta":[],"product_brand":[],"product_cat":[39,6,7],"product_tag":[150,192,193],"class_list":{"0":"post-1999","1":"product","2":"type-product","3":"status-publish","4":"has-post-thumbnail","6":"product_cat-cine","7":"product_cat-cursos","8":"product_cat-cursos-online","9":"product_tag-fecimx","10":"product_tag-jose-pablo-escamilla","11":"product_tag-operas-primas","13":"first","14":"outofstock","15":"virtual","16":"purchasable","17":"product-type-simple"},"jetpack_sharing_enabled":true,"_links":{"self":[{"href":"https:\/\/rednacionaldearte.com\/tienda\/wp-json\/wp\/v2\/product\/1999","targetHints":{"allow":["GET"]}}],"collection":[{"href":"https:\/\/rednacionaldearte.com\/tienda\/wp-json\/wp\/v2\/product"}],"about":[{"href":"https:\/\/rednacionaldearte.com\/tienda\/wp-json\/wp\/v2\/types\/product"}],"replies":[{"embeddable":true,"href":"https:\/\/rednacionaldearte.com\/tienda\/wp-json\/wp\/v2\/comments?post=1999"}],"wp:featuredmedia":[{"embeddable":true,"href":"https:\/\/rednacionaldearte.com\/tienda\/wp-json\/wp\/v2\/media\/2000"}],"wp:attachment":[{"href":"https:\/\/rednacionaldearte.com\/tienda\/wp-json\/wp\/v2\/media?parent=1999"}],"wp:term":[{"taxonomy":"product_brand","embeddable":true,"href":"https:\/\/rednacionaldearte.com\/tienda\/wp-json\/wp\/v2\/product_brand?post=1999"},{"taxonomy":"product_cat","embeddable":true,"href":"https:\/\/rednacionaldearte.com\/tienda\/wp-json\/wp\/v2\/product_cat?post=1999"},{"taxonomy":"product_tag","embeddable":true,"href":"https:\/\/rednacionaldearte.com\/tienda\/wp-json\/wp\/v2\/product_tag?post=1999"}],"curies":[{"name":"wp","href":"https:\/\/api.w.org\/{rel}","templated":true}]}}

Taller de Creación Cinematográfica

<p><strong>Taller de Creación Cinematográfica con José Pablo Escamilla (Colectivo Colmena)<br />
Primeras películas independientes: Gestión, producción y realización de Óperas Primas</strong></p>
<p>Presentado por el Festival de Cine Independiente de la Ciudad de México y Red Nacional de Arte.</p>
<p><strong>Sesiones:</strong></p>
<p>Fechas y horarios:<br />
3, 4, 5, 6 y 7 de junio, de 19 a 21 horas.</p>
<p>* Horarios en tiempo de Ciudad de México.</p>
<p>&nbsp;</p>
<p>El <strong>Festival de Cine Independiente de la Ciudad de México (FECIMX)</strong> y <strong>Red Nacional de Arte</strong> convocan al <strong>Taller de gestión, producción y realización de primeras películas independientes</strong> con <strong>José Pablo Escamilla</strong>, director de películas como “Lumbrensueño” (estrenada en la Biennale de Venezia), “Mostro” (Locarno) o “Libélula” (Berlinale) y miembro de Colectivo Colmena.</p>
<p>Todas las sesiones se grabarán y los links se proporcionarán a los participantes para su descarga, con la intención de que no pierdan tiempo grabando desde sus dispositivos y aprovechen el taller al máximo.</p>
<p>&nbsp;</p>
<p><span style="font-family: -apple-system, BlinkMacSystemFont, 'Segoe UI', Roboto, Oxygen-Sans, Ubuntu, Cantarell, 'Helvetica Neue', sans-serif;">Más información en <a href="https://festivalcineindependiente.com/primeras-peliculas/">https://festivalcineindependiente.com/primeras-peliculas/</a></span></p>
