{"id":2094,"date":"2025-01-03T01:09:57","date_gmt":"2025-01-03T01:09:57","guid":{"rendered":"https:\/\/rednacionaldearte.com\/tienda\/?post_type=product&#038;p=2094"},"modified":"2025-01-21T21:56:32","modified_gmt":"2025-01-21T21:56:32","slug":"taller-direccion-fotografia-cine","status":"publish","type":"product","link":"https:\/\/rednacionaldearte.com\/tienda\/producto\/taller-direccion-fotografia-cine\/","title":{"rendered":"Taller de Direcci\u00f3n de Fotograf\u00eda para Cine"},"content":{"rendered":"<p><strong>Direcci\u00f3n de Fotograf\u00eda para Cine<\/strong><\/p>\n<p>Iluminaci\u00f3n y Shot Designer | Lectura de Scopes | Codecs, Espacios de Color y Postproducci\u00f3n<\/p>\n<p>&nbsp;<\/p>\n<p>&nbsp;<\/p>\n<p>Presentado por el Festival de Cine Independiente de la Ciudad de M\u00e9xico y Red Nacional de Arte.<\/p>\n<p>&nbsp;<\/p>\n<p><strong>Fechas y horarios:<\/strong><\/p>\n<p>21, 22, 23 y 24 de enero, 2025.<br \/>\n* Las sesiones se llevar\u00e1n a cabo en un horario de 19 a 22 hrs (Tiempo Ciudad de M\u00e9xico).<\/p>\n<p>&nbsp;<\/p>\n<p>El <strong>Festival de Cine Independiente de la Ciudad de M\u00e9xico (FECIMX)<\/strong> y <strong>Red Nacional de Arte<\/strong> convocan al segundo Taller de Direcci\u00f3n de Fotograf\u00eda para Cine. Durante las sesiones, que se llevar\u00e1n a cabo de forma virtual, lxs alumnxs podr\u00e1n comprender los principios b\u00e1sicos de la iluminaci\u00f3n en la cinematograf\u00eda, as\u00ed como conocer los diferentes tipos de luces y sus caracter\u00edsticas espec\u00edficas para cine, y aprender sobre composici\u00f3n, \u00f3ptica, color y postproducci\u00f3n.<\/p>\n<p>Todas las sesiones se grabar\u00e1n y los links se proporcionar\u00e1n a los participantes para su descarga, con la intenci\u00f3n de que no pierdan tiempo grabando desde sus dispositivos y aprovechen el taller al m\u00e1ximo.<\/p>\n<p>&nbsp;<\/p>\n<p><span style=\"font-family: -apple-system, BlinkMacSystemFont, 'Segoe UI', Roboto, Oxygen-Sans, Ubuntu, Cantarell, 'Helvetica Neue', sans-serif;\">M\u00e1s informaci\u00f3n en https:\/\/festivalcineindependiente.com\/direccion-fotografia\/<\/span><\/p>\n","protected":false},"excerpt":{"rendered":"<p><strong>Direcci\u00f3n de Fotograf\u00eda para Cine<\/strong><\/p>\n<p>Iluminaci\u00f3n y Shot Designer | Lectura de Scopes | Codecs, Espacios de Color y Postproducci\u00f3n<\/p>\n<p>&nbsp;<\/p>\n<p>&nbsp;<\/p>\n<p>Presentado por el Festival de Cine Independiente de la Ciudad de M\u00e9xico y Red Nacional de Arte.<\/p>\n<p>&nbsp;<\/p>\n<p><strong>Fechas y horarios:<\/strong><\/p>\n<p>21, 22, 23 y 24 de enero, 2025.<br \/>\n* Las sesiones se llevar\u00e1n a cabo en un horario de 19 a 22 hrs (Tiempo Ciudad de M\u00e9xico).<\/p>\n<p>&nbsp;<\/p>\n<p>El <strong>Festival de Cine Independiente de la Ciudad de M\u00e9xico (FECIMX)<\/strong> y <strong>Red Nacional de Arte<\/strong> convocan al segundo Taller de Direcci\u00f3n de Fotograf\u00eda para Cine. Durante las sesiones, que se llevar\u00e1n a cabo de forma virtual, lxs alumnxs podr\u00e1n comprender los principios b\u00e1sicos de la iluminaci\u00f3n en la cinematograf\u00eda, as\u00ed como conocer los diferentes tipos de luces y sus caracter\u00edsticas espec\u00edficas para cine, y aprender sobre composici\u00f3n, \u00f3ptica, color y postproducci\u00f3n.<\/p>\n<p>Todas las sesiones se grabar\u00e1n y los links se proporcionar\u00e1n a los participantes para su descarga, con la intenci\u00f3n de que no pierdan tiempo grabando desde sus dispositivos y aprovechen el taller al m\u00e1ximo.<\/p>\n<p>&nbsp;<\/p>\n<p><span style=\"font-family: -apple-system, BlinkMacSystemFont, 'Segoe UI', Roboto, Oxygen-Sans, Ubuntu, Cantarell, 'Helvetica Neue', sans-serif;\">M\u00e1s informaci\u00f3n en https:\/\/festivalcineindependiente.com\/direccion-fotografia\/<\/span><\/p>\n","protected":false},"featured_media":2095,"comment_status":"open","ping_status":"closed","template":"","meta":[],"product_brand":[],"product_cat":[39,6,7,11],"product_tag":[205,204],"class_list":{"0":"post-2094","1":"product","2":"type-product","3":"status-publish","4":"has-post-thumbnail","6":"product_cat-cine","7":"product_cat-cursos","8":"product_cat-cursos-online","9":"product_cat-fotografia","10":"product_tag-cinematografia","11":"product_tag-direccion-de-fotografia","13":"first","14":"outofstock","15":"virtual","16":"purchasable","17":"product-type-simple"},"jetpack_sharing_enabled":true,"_links":{"self":[{"href":"https:\/\/rednacionaldearte.com\/tienda\/wp-json\/wp\/v2\/product\/2094","targetHints":{"allow":["GET"]}}],"collection":[{"href":"https:\/\/rednacionaldearte.com\/tienda\/wp-json\/wp\/v2\/product"}],"about":[{"href":"https:\/\/rednacionaldearte.com\/tienda\/wp-json\/wp\/v2\/types\/product"}],"replies":[{"embeddable":true,"href":"https:\/\/rednacionaldearte.com\/tienda\/wp-json\/wp\/v2\/comments?post=2094"}],"wp:featuredmedia":[{"embeddable":true,"href":"https:\/\/rednacionaldearte.com\/tienda\/wp-json\/wp\/v2\/media\/2095"}],"wp:attachment":[{"href":"https:\/\/rednacionaldearte.com\/tienda\/wp-json\/wp\/v2\/media?parent=2094"}],"wp:term":[{"taxonomy":"product_brand","embeddable":true,"href":"https:\/\/rednacionaldearte.com\/tienda\/wp-json\/wp\/v2\/product_brand?post=2094"},{"taxonomy":"product_cat","embeddable":true,"href":"https:\/\/rednacionaldearte.com\/tienda\/wp-json\/wp\/v2\/product_cat?post=2094"},{"taxonomy":"product_tag","embeddable":true,"href":"https:\/\/rednacionaldearte.com\/tienda\/wp-json\/wp\/v2\/product_tag?post=2094"}],"curies":[{"name":"wp","href":"https:\/\/api.w.org\/{rel}","templated":true}]}}

Taller de Dirección de Fotografía para Cine

<p><strong>Dirección de Fotografía para Cine</strong></p>
<p>Iluminación y Shot Designer | Lectura de Scopes | Codecs, Espacios de Color y Postproducción</p>
<p>&nbsp;</p>
<p>&nbsp;</p>
<p>Presentado por el Festival de Cine Independiente de la Ciudad de México y Red Nacional de Arte.</p>
<p>&nbsp;</p>
<p><strong>Fechas y horarios:</strong></p>
<p>21, 22, 23 y 24 de enero, 2025.<br />
* Las sesiones se llevarán a cabo en un horario de 19 a 22 hrs (Tiempo Ciudad de México).</p>
<p>&nbsp;</p>
<p>El <strong>Festival de Cine Independiente de la Ciudad de México (FECIMX)</strong> y <strong>Red Nacional de Arte</strong> convocan al segundo Taller de Dirección de Fotografía para Cine. Durante las sesiones, que se llevarán a cabo de forma virtual, lxs alumnxs podrán comprender los principios básicos de la iluminación en la cinematografía, así como conocer los diferentes tipos de luces y sus características específicas para cine, y aprender sobre composición, óptica, color y postproducción.</p>
<p>Todas las sesiones se grabarán y los links se proporcionarán a los participantes para su descarga, con la intención de que no pierdan tiempo grabando desde sus dispositivos y aprovechen el taller al máximo.</p>
<p>&nbsp;</p>
<p><span style="font-family: -apple-system, BlinkMacSystemFont, 'Segoe UI', Roboto, Oxygen-Sans, Ubuntu, Cantarell, 'Helvetica Neue', sans-serif;">Más información en https://festivalcineindependiente.com/direccion-fotografia/</span></p>
