{"id":2250,"date":"2025-04-12T02:54:23","date_gmt":"2025-04-12T02:54:23","guid":{"rendered":"https:\/\/rednacionaldearte.com\/tienda\/?post_type=product&#038;p=2250"},"modified":"2025-04-23T02:50:08","modified_gmt":"2025-04-23T02:50:08","slug":"2do-seminario-documental","status":"publish","type":"product","link":"https:\/\/rednacionaldearte.com\/tienda\/producto\/2do-seminario-documental\/","title":{"rendered":"Seminario de Realizaci\u00f3n: Cine Documental Contempor\u00e1neo"},"content":{"rendered":"<p><strong>Las Posibilidades de la No-Ficci\u00f3n:<\/strong><\/p>\n<p><strong>2do Seminario de Realizaci\u00f3n: Cine Documental Contempor\u00e1neo<\/strong><\/p>\n<p>&nbsp;<\/p>\n<p>Presentado por el Festival de Cine Independiente de la Ciudad de M\u00e9xico y Red Nacional de Arte.<\/p>\n<p>&nbsp;<\/p>\n<p><strong>Fechas y horarios:<\/strong><\/p>\n<p>21, 22, 23, 24 y 25 de abril de 2025.<br \/>\n* Las sesiones se llevar\u00e1n a cabo en un horario de 19 a 21 hrs (Tiempo Ciudad de M\u00e9xico).<\/p>\n<p>&nbsp;<\/p>\n<p>El\u00a0<strong>Festival de Cine Independiente de la Ciudad de M\u00e9xico (FECIMX)<\/strong>\u00a0y\u00a0<strong>Red Nacional de Arte<\/strong>\u00a0convocan al\u00a0<strong>2do Seminario de Realizaci\u00f3n de Cine Documental Contempor\u00e1neo<\/strong>\u00a0con\u00a0<strong>Everardo Gonz\u00e1lez, Juan Carlos Rulfo, Eva Villase\u00f1or, Luna Mar\u00e1n y Ludovic Bonleux<\/strong>.<\/p>\n<p>A lo largo del seminario, los invitados compartir\u00e1n su vasta experiencia en la creaci\u00f3n de documentales, mismos que han sido premiados y reconocidos en los m\u00e1s prestigiosos festivales internacionales. Los participantes tendr\u00e1n la oportunidad de conocer los enfoques narrativos, las estrategias de investigaci\u00f3n, y los m\u00e9todos de trabajo que cada uno de los directores ha utilizado para contar historias que impactan y conmueven. Se abordar\u00e1n tambi\u00e9n las diversas fases de un proyecto documental, incluyendo la el desarrollo, la preproducci\u00f3n, el rodaje y el montaje, proporcionando a los participantes herramientas clave para llevar a cabo su propia obra.<\/p>\n<p>Todas las sesiones se grabar\u00e1n y los links se proporcionar\u00e1n a los participantes para su descarga, con la intenci\u00f3n de que no pierdan tiempo grabando desde sus dispositivos y aprovechen el taller al m\u00e1ximo.<\/p>\n<p>&nbsp;<\/p>\n<p><span style=\"font-family: -apple-system, BlinkMacSystemFont, 'Segoe UI', Roboto, Oxygen-Sans, Ubuntu, Cantarell, 'Helvetica Neue', sans-serif;\">M\u00e1s informaci\u00f3n en https:\/\/festivalcineindependiente.com\/seminario-documental\/<\/span><\/p>\n","protected":false},"excerpt":{"rendered":"<p><strong>Las Posibilidades de la No-Ficci\u00f3n:<\/strong><\/p>\n<p><strong>2do Seminario de Realizaci\u00f3n: Cine Documental Contempor\u00e1neo<\/strong><\/p>\n<p>&nbsp;<\/p>\n<p>Presentado por el Festival de Cine Independiente de la Ciudad de M\u00e9xico y Red Nacional de Arte.<\/p>\n<p>&nbsp;<\/p>\n<p><strong>Fechas y horarios:<\/strong><\/p>\n<p>21, 22, 23, 24 y 25 de abril de 2025.<br \/>\n* Las sesiones se llevar\u00e1n a cabo en un horario de 19 a 21 hrs (Tiempo Ciudad de M\u00e9xico).<\/p>\n<p>&nbsp;<\/p>\n<p>El\u00a0<strong>Festival de Cine Independiente de la Ciudad de M\u00e9xico (FECIMX)<\/strong>\u00a0y\u00a0<strong>Red Nacional de Arte<\/strong>\u00a0convocan al\u00a0<strong>2do Seminario de Realizaci\u00f3n de Cine Documental Contempor\u00e1neo<\/strong>\u00a0con\u00a0<strong>Everardo Gonz\u00e1lez, Juan Carlos Rulfo, Eva Villase\u00f1or, Luna Mar\u00e1n y Ludovic Bonleux<\/strong>.<\/p>\n<p>A lo largo del seminario, los invitados compartir\u00e1n su vasta experiencia en la creaci\u00f3n de documentales, mismos que han sido premiados y reconocidos en los m\u00e1s prestigiosos festivales internacionales. Los participantes tendr\u00e1n la oportunidad de conocer los enfoques narrativos, las estrategias de investigaci\u00f3n, y los m\u00e9todos de trabajo que cada uno de los directores ha utilizado para contar historias que impactan y conmueven. Se abordar\u00e1n tambi\u00e9n las diversas fases de un proyecto documental, incluyendo la el desarrollo, la preproducci\u00f3n, el rodaje y el montaje, proporcionando a los participantes herramientas clave para llevar a cabo su propia obra.<\/p>\n<p>Todas las sesiones se grabar\u00e1n y los links se proporcionar\u00e1n a los participantes para su descarga, con la intenci\u00f3n de que no pierdan tiempo grabando desde sus dispositivos y aprovechen el taller al m\u00e1ximo.<\/p>\n<p>&nbsp;<\/p>\n<p><span style=\"font-family: -apple-system, BlinkMacSystemFont, 'Segoe UI', Roboto, Oxygen-Sans, Ubuntu, Cantarell, 'Helvetica Neue', sans-serif;\">M\u00e1s informaci\u00f3n en https:\/\/festivalcineindependiente.com\/seminario-documental\/<\/span><\/p>\n<p>&nbsp;<\/p>\n","protected":false},"featured_media":2251,"comment_status":"open","ping_status":"closed","template":"","meta":[],"product_brand":[],"product_cat":[39,6,7],"product_tag":[212,211,185,214,213],"class_list":{"0":"post-2250","1":"product","2":"type-product","3":"status-publish","4":"has-post-thumbnail","6":"product_cat-cine","7":"product_cat-cursos","8":"product_cat-cursos-online","9":"product_tag-eva-villasenor","10":"product_tag-everardo-gonzalez","11":"product_tag-juan-carlos-rulfo","12":"product_tag-ludovic-bonleux","13":"product_tag-luna-maran","15":"first","16":"outofstock","17":"virtual","18":"purchasable","19":"product-type-simple"},"jetpack_sharing_enabled":true,"_links":{"self":[{"href":"https:\/\/rednacionaldearte.com\/tienda\/wp-json\/wp\/v2\/product\/2250","targetHints":{"allow":["GET"]}}],"collection":[{"href":"https:\/\/rednacionaldearte.com\/tienda\/wp-json\/wp\/v2\/product"}],"about":[{"href":"https:\/\/rednacionaldearte.com\/tienda\/wp-json\/wp\/v2\/types\/product"}],"replies":[{"embeddable":true,"href":"https:\/\/rednacionaldearte.com\/tienda\/wp-json\/wp\/v2\/comments?post=2250"}],"wp:featuredmedia":[{"embeddable":true,"href":"https:\/\/rednacionaldearte.com\/tienda\/wp-json\/wp\/v2\/media\/2251"}],"wp:attachment":[{"href":"https:\/\/rednacionaldearte.com\/tienda\/wp-json\/wp\/v2\/media?parent=2250"}],"wp:term":[{"taxonomy":"product_brand","embeddable":true,"href":"https:\/\/rednacionaldearte.com\/tienda\/wp-json\/wp\/v2\/product_brand?post=2250"},{"taxonomy":"product_cat","embeddable":true,"href":"https:\/\/rednacionaldearte.com\/tienda\/wp-json\/wp\/v2\/product_cat?post=2250"},{"taxonomy":"product_tag","embeddable":true,"href":"https:\/\/rednacionaldearte.com\/tienda\/wp-json\/wp\/v2\/product_tag?post=2250"}],"curies":[{"name":"wp","href":"https:\/\/api.w.org\/{rel}","templated":true}]}}

Seminario de Realización: Cine Documental Contemporáneo

<p><strong>Las Posibilidades de la No-Ficción:</strong></p>
<p><strong>2do Seminario de Realización: Cine Documental Contemporáneo</strong></p>
<p>&nbsp;</p>
<p>Presentado por el Festival de Cine Independiente de la Ciudad de México y Red Nacional de Arte.</p>
<p>&nbsp;</p>
<p><strong>Fechas y horarios:</strong></p>
<p>21, 22, 23, 24 y 25 de abril de 2025.<br />
* Las sesiones se llevarán a cabo en un horario de 19 a 21 hrs (Tiempo Ciudad de México).</p>
<p>&nbsp;</p>
<p>El <strong>Festival de Cine Independiente de la Ciudad de México (FECIMX)</strong> y <strong>Red Nacional de Arte</strong> convocan al <strong>2do Seminario de Realización de Cine Documental Contemporáneo</strong> con <strong>Everardo González, Juan Carlos Rulfo, Eva Villaseñor, Luna Marán y Ludovic Bonleux</strong>.</p>
<p>A lo largo del seminario, los invitados compartirán su vasta experiencia en la creación de documentales, mismos que han sido premiados y reconocidos en los más prestigiosos festivales internacionales. Los participantes tendrán la oportunidad de conocer los enfoques narrativos, las estrategias de investigación, y los métodos de trabajo que cada uno de los directores ha utilizado para contar historias que impactan y conmueven. Se abordarán también las diversas fases de un proyecto documental, incluyendo la el desarrollo, la preproducción, el rodaje y el montaje, proporcionando a los participantes herramientas clave para llevar a cabo su propia obra.</p>
<p>Todas las sesiones se grabarán y los links se proporcionarán a los participantes para su descarga, con la intención de que no pierdan tiempo grabando desde sus dispositivos y aprovechen el taller al máximo.</p>
<p>&nbsp;</p>
<p><span style="font-family: -apple-system, BlinkMacSystemFont, 'Segoe UI', Roboto, Oxygen-Sans, Ubuntu, Cantarell, 'Helvetica Neue', sans-serif;">Más información en https://festivalcineindependiente.com/seminario-documental/</span></p>

<p><strong>Las Posibilidades de la No-Ficción:</strong></p>
<p><strong>2do Seminario de Realización: Cine Documental Contemporáneo</strong></p>
<p>&nbsp;</p>
<p>Presentado por el Festival de Cine Independiente de la Ciudad de México y Red Nacional de Arte.</p>
<p>&nbsp;</p>
<p><strong>Fechas y horarios:</strong></p>
<p>21, 22, 23, 24 y 25 de abril de 2025.<br />
* Las sesiones se llevarán a cabo en un horario de 19 a 21 hrs (Tiempo Ciudad de México).</p>
<p>&nbsp;</p>
<p>El <strong>Festival de Cine Independiente de la Ciudad de México (FECIMX)</strong> y <strong>Red Nacional de Arte</strong> convocan al <strong>2do Seminario de Realización de Cine Documental Contemporáneo</strong> con <strong>Everardo González, Juan Carlos Rulfo, Eva Villaseñor, Luna Marán y Ludovic Bonleux</strong>.</p>
<p>A lo largo del seminario, los invitados compartirán su vasta experiencia en la creación de documentales, mismos que han sido premiados y reconocidos en los más prestigiosos festivales internacionales. Los participantes tendrán la oportunidad de conocer los enfoques narrativos, las estrategias de investigación, y los métodos de trabajo que cada uno de los directores ha utilizado para contar historias que impactan y conmueven. Se abordarán también las diversas fases de un proyecto documental, incluyendo la el desarrollo, la preproducción, el rodaje y el montaje, proporcionando a los participantes herramientas clave para llevar a cabo su propia obra.</p>
<p>Todas las sesiones se grabarán y los links se proporcionarán a los participantes para su descarga, con la intención de que no pierdan tiempo grabando desde sus dispositivos y aprovechen el taller al máximo.</p>
<p>&nbsp;</p>
<p><span style="font-family: -apple-system, BlinkMacSystemFont, 'Segoe UI', Roboto, Oxygen-Sans, Ubuntu, Cantarell, 'Helvetica Neue', sans-serif;">Más información en https://festivalcineindependiente.com/seminario-documental/</span></p>
<p>&nbsp;</p>
