{"id":2289,"date":"2025-05-18T18:40:07","date_gmt":"2025-05-18T18:40:07","guid":{"rendered":"https:\/\/rednacionaldearte.com\/tienda\/?post_type=product&#038;p=2289"},"modified":"2025-05-26T15:31:34","modified_gmt":"2025-05-26T15:31:34","slug":"taller-guion","status":"publish","type":"product","link":"https:\/\/rednacionaldearte.com\/tienda\/producto\/taller-guion\/","title":{"rendered":"Entre Palabra e Imagen: Taller de Guion Audiovisual"},"content":{"rendered":"<p><strong>Entre Palabra e Imagen: Escribir para la Pantalla<\/strong><\/p>\n<p><strong>Taller de Guion Audiovisual<\/strong><\/p>\n<p>&nbsp;<\/p>\n<p>Presentado por el Festival de Cine Independiente de la Ciudad de M\u00e9xico y Red Nacional de Arte.<\/p>\n<p>&nbsp;<\/p>\n<p><strong>Fechas y horarios:<\/strong><\/p>\n<p>26, 27, 28, 29 y 30 de mayo de 2025.<br \/>\n* Las sesiones se llevar\u00e1n a cabo en un horario de 19 a 21 hrs (Tiempo Ciudad de M\u00e9xico).<\/p>\n<p>&nbsp;<\/p>\n<p>El\u00a0<strong>Festival de Cine Independiente de la Ciudad de M\u00e9xico (FECIMX)<\/strong>\u00a0y\u00a0<strong>Red Nacional de Arte<\/strong>\u00a0convocan al\u00a0<strong>Taller de Guion Audiovisual &#8220;Entre Palabra e Imagen: Escribir para la Pantalla&#8221;<\/strong>\u00a0con\u00a0<strong>Carlos Carrera, Paula Markovitch, Claudia Sainte-Luce y Alo Valenzuela<\/strong>.<\/p>\n<p>Este taller re\u00fane a cuatro guionistas fundamentales para pensar el guion m\u00e1s all\u00e1 de su funci\u00f3n instrumental. A trav\u00e9s de sesiones te\u00f3ricas, an\u00e1lisis y ejercicios, se abordar\u00e1n los m\u00faltiples caminos para escribir hacia la construcci\u00f3n de una imagen cinematogr\u00e1fica, poniendo \u00e9nfasis en el lenguaje propio de lo audiovisual. Cada participante podr\u00e1 aproximarse al guion como una herramienta viva, capaz de articular preguntas, atm\u00f3sferas y estructuras que dialogan con la realidad, la ficci\u00f3n y los territorios intermedios. El taller est\u00e1 dirigido a personas interesadas en la escritura cinematogr\u00e1fica como un proceso de b\u00fasqueda personal y colectiva.<\/p>\n<p>A lo largo de cinco jornadas intensivas, Carlos Carrera, Paula Markovitch, Claudia Sainte-Luce y Alo Valenzuela compartir\u00e1n herramientas, experiencias y procesos creativos para pensar el guion como un territorio de experimentaci\u00f3n narrativa y pol\u00edtica. Sus trayectorias, que involucran tanto largometrajes de distintas b\u00fasquedas y g\u00e9neros, como series para televisi\u00f3n y plataformas, permitir\u00e1n abrir una conversaci\u00f3n plural sobre los l\u00edmites del lenguaje audiovisual y las formas en que lo habitamos.<\/p>\n<p>Todas las sesiones se grabar\u00e1n y los links se proporcionar\u00e1n a los participantes para su descarga, con la intenci\u00f3n de que no pierdan tiempo grabando desde sus dispositivos y aprovechen el taller al m\u00e1ximo.<\/p>\n<p>&nbsp;<\/p>\n<p><span style=\"font-family: -apple-system, BlinkMacSystemFont, 'Segoe UI', Roboto, Oxygen-Sans, Ubuntu, Cantarell, 'Helvetica Neue', sans-serif;\">M\u00e1s informaci\u00f3n en https:\/\/festivalcineindependiente.com\/escribir-para-la-pantalla\/<\/span><\/p>\n","protected":false},"excerpt":{"rendered":"<p><strong>Entre Palabra e Imagen: Escribir para la Pantalla<\/strong><\/p>\n<p><strong>Taller de Guion Audiovisual<\/strong><\/p>\n<p>&nbsp;<\/p>\n<p>Presentado por el Festival de Cine Independiente de la Ciudad de M\u00e9xico y Red Nacional de Arte.<\/p>\n<p>&nbsp;<\/p>\n<p><strong>Fechas y horarios:<\/strong><\/p>\n<p>26, 27, 28, 29 y 30 de mayo de 2025.<br \/>\n* Las sesiones se llevar\u00e1n a cabo en un horario de 19 a 21 hrs (Tiempo Ciudad de M\u00e9xico).<\/p>\n<p>&nbsp;<\/p>\n<p>El\u00a0<strong>Festival de Cine Independiente de la Ciudad de M\u00e9xico (FECIMX)<\/strong>\u00a0y\u00a0<strong>Red Nacional de Arte<\/strong>\u00a0convocan al\u00a0<strong>Taller de Guion Audiovisual &#8220;Entre Palabra e Imagen: Escribir para la Pantalla&#8221;<\/strong>\u00a0con\u00a0<strong>Carlos Carrera, Paula Markovitch, Claudia Sainte-Luce y Alo Valenzuela<\/strong>.<\/p>\n<p>Este taller re\u00fane a cuatro guionistas fundamentales para pensar el guion m\u00e1s all\u00e1 de su funci\u00f3n instrumental. A trav\u00e9s de sesiones te\u00f3ricas, an\u00e1lisis y ejercicios, se abordar\u00e1n los m\u00faltiples caminos para escribir hacia la construcci\u00f3n de una imagen cinematogr\u00e1fica, poniendo \u00e9nfasis en el lenguaje propio de lo audiovisual. Cada participante podr\u00e1 aproximarse al guion como una herramienta viva, capaz de articular preguntas, atm\u00f3sferas y estructuras que dialogan con la realidad, la ficci\u00f3n y los territorios intermedios. El taller est\u00e1 dirigido a personas interesadas en la escritura cinematogr\u00e1fica como un proceso de b\u00fasqueda personal y colectiva.<\/p>\n<p>A lo largo de cinco jornadas intensivas, Carlos Carrera, Paula Markovitch, Claudia Sainte-Luce y Alo Valenzuela compartir\u00e1n herramientas, experiencias y procesos creativos para pensar el guion como un territorio de experimentaci\u00f3n narrativa y pol\u00edtica. Sus trayectorias, que involucran tanto largometrajes de distintas b\u00fasquedas y g\u00e9neros, como series para televisi\u00f3n y plataformas, permitir\u00e1n abrir una conversaci\u00f3n plural sobre los l\u00edmites del lenguaje audiovisual y las formas en que lo habitamos.<\/p>\n<p>Todas las sesiones se grabar\u00e1n y los links se proporcionar\u00e1n a los participantes para su descarga, con la intenci\u00f3n de que no pierdan tiempo grabando desde sus dispositivos y aprovechen el taller al m\u00e1ximo.<\/p>\n<p>&nbsp;<\/p>\n<p><span style=\"font-family: -apple-system, BlinkMacSystemFont, 'Segoe UI', Roboto, Oxygen-Sans, Ubuntu, Cantarell, 'Helvetica Neue', sans-serif;\">M\u00e1s informaci\u00f3n en https:\/\/festivalcineindependiente.com\/escribir-para-la-pantalla\/<\/span><\/p>\n","protected":false},"featured_media":2290,"comment_status":"open","ping_status":"closed","template":"","meta":[],"product_brand":[],"product_cat":[39,6,7],"product_tag":[182,215,195,216,217],"class_list":{"0":"post-2289","1":"product","2":"type-product","3":"status-publish","4":"has-post-thumbnail","6":"product_cat-cine","7":"product_cat-cursos","8":"product_cat-cursos-online","9":"product_tag-alo-valenzuela","10":"product_tag-carlos-carrera","11":"product_tag-claudia-sainte-luce","12":"product_tag-paula-markovitch","13":"product_tag-taller-de-guion","15":"first","16":"outofstock","17":"virtual","18":"purchasable","19":"product-type-simple"},"jetpack_sharing_enabled":true,"_links":{"self":[{"href":"https:\/\/rednacionaldearte.com\/tienda\/wp-json\/wp\/v2\/product\/2289","targetHints":{"allow":["GET"]}}],"collection":[{"href":"https:\/\/rednacionaldearte.com\/tienda\/wp-json\/wp\/v2\/product"}],"about":[{"href":"https:\/\/rednacionaldearte.com\/tienda\/wp-json\/wp\/v2\/types\/product"}],"replies":[{"embeddable":true,"href":"https:\/\/rednacionaldearte.com\/tienda\/wp-json\/wp\/v2\/comments?post=2289"}],"wp:featuredmedia":[{"embeddable":true,"href":"https:\/\/rednacionaldearte.com\/tienda\/wp-json\/wp\/v2\/media\/2290"}],"wp:attachment":[{"href":"https:\/\/rednacionaldearte.com\/tienda\/wp-json\/wp\/v2\/media?parent=2289"}],"wp:term":[{"taxonomy":"product_brand","embeddable":true,"href":"https:\/\/rednacionaldearte.com\/tienda\/wp-json\/wp\/v2\/product_brand?post=2289"},{"taxonomy":"product_cat","embeddable":true,"href":"https:\/\/rednacionaldearte.com\/tienda\/wp-json\/wp\/v2\/product_cat?post=2289"},{"taxonomy":"product_tag","embeddable":true,"href":"https:\/\/rednacionaldearte.com\/tienda\/wp-json\/wp\/v2\/product_tag?post=2289"}],"curies":[{"name":"wp","href":"https:\/\/api.w.org\/{rel}","templated":true}]}}

<p><strong>Entre Palabra e Imagen: Escribir para la Pantalla</strong></p>
<p><strong>Taller de Guion Audiovisual</strong></p>
<p>&nbsp;</p>
<p>Presentado por el Festival de Cine Independiente de la Ciudad de México y Red Nacional de Arte.</p>
<p>&nbsp;</p>
<p><strong>Fechas y horarios:</strong></p>
<p>26, 27, 28, 29 y 30 de mayo de 2025.<br />
* Las sesiones se llevarán a cabo en un horario de 19 a 21 hrs (Tiempo Ciudad de México).</p>
<p>&nbsp;</p>
<p>El <strong>Festival de Cine Independiente de la Ciudad de México (FECIMX)</strong> y <strong>Red Nacional de Arte</strong> convocan al <strong>Taller de Guion Audiovisual &#8220;Entre Palabra e Imagen: Escribir para la Pantalla&#8221;</strong> con <strong>Carlos Carrera, Paula Markovitch, Claudia Sainte-Luce y Alo Valenzuela</strong>.</p>
<p>Este taller reúne a cuatro guionistas fundamentales para pensar el guion más allá de su función instrumental. A través de sesiones teóricas, análisis y ejercicios, se abordarán los múltiples caminos para escribir hacia la construcción de una imagen cinematográfica, poniendo énfasis en el lenguaje propio de lo audiovisual. Cada participante podrá aproximarse al guion como una herramienta viva, capaz de articular preguntas, atmósferas y estructuras que dialogan con la realidad, la ficción y los territorios intermedios. El taller está dirigido a personas interesadas en la escritura cinematográfica como un proceso de búsqueda personal y colectiva.</p>
<p>A lo largo de cinco jornadas intensivas, Carlos Carrera, Paula Markovitch, Claudia Sainte-Luce y Alo Valenzuela compartirán herramientas, experiencias y procesos creativos para pensar el guion como un territorio de experimentación narrativa y política. Sus trayectorias, que involucran tanto largometrajes de distintas búsquedas y géneros, como series para televisión y plataformas, permitirán abrir una conversación plural sobre los límites del lenguaje audiovisual y las formas en que lo habitamos.</p>
<p>Todas las sesiones se grabarán y los links se proporcionarán a los participantes para su descarga, con la intención de que no pierdan tiempo grabando desde sus dispositivos y aprovechen el taller al máximo.</p>
<p>&nbsp;</p>
<p><span style="font-family: -apple-system, BlinkMacSystemFont, 'Segoe UI', Roboto, Oxygen-Sans, Ubuntu, Cantarell, 'Helvetica Neue', sans-serif;">Más información en https://festivalcineindependiente.com/escribir-para-la-pantalla/</span></p>
