{"id":2349,"date":"2025-09-19T18:11:20","date_gmt":"2025-09-19T18:11:20","guid":{"rendered":"https:\/\/rednacionaldearte.com\/tienda\/?post_type=product&#038;p=2349"},"modified":"2025-09-27T17:22:02","modified_gmt":"2025-09-27T17:22:02","slug":"seminario-produccion","status":"publish","type":"product","link":"https:\/\/rednacionaldearte.com\/tienda\/producto\/seminario-produccion\/","title":{"rendered":"Seminario de Producci\u00f3n Cinematogr\u00e1fica"},"content":{"rendered":"<p><strong>C\u00f3mo financiar, producir y concretar pel\u00edculas<\/strong><\/p>\n<p>Seminario de Producci\u00f3n Cinematogr\u00e1fica con Roberto Fiesco, Tita Lombardo, Erika \u00c1vila y Elena Fortes.<\/p>\n<p>&nbsp;<\/p>\n<p>Presentado por el Festival de Cine Independiente de la Ciudad de M\u00e9xico y Red Nacional de Arte.<\/p>\n<p>&nbsp;<\/p>\n<p><strong>Fechas y horarios:<\/strong><\/p>\n<ul>\n<li>25 de septiembre de 2025, de 19 a 21 horas<\/li>\n<li>26 de septiembre de 2025, de 19 a 21 horas<\/li>\n<li>29 de septiembre de 2025, de 19:30 a 21:30 horas<\/li>\n<li>30 de septiembre de 2025, de 19 a 21 horas* Horarios en tiempo Ciudad de M\u00e9xico.<br \/>\n* La sesi\u00f3n del lunes 29 de septiembre comenzar\u00e1 a las 19:30 horas.<\/li>\n<\/ul>\n<p>&nbsp;<\/p>\n<p>El\u00a0<strong>Festival de Cine Independiente de la Ciudad de M\u00e9xico (FECIMX)<\/strong>\u00a0y\u00a0<strong>Red Nacional de Arte<\/strong>\u00a0convocan al\u00a0<strong>Seminario de Producci\u00f3n Cinematogr\u00e1fica<\/strong>\u00a0impartido por cuatro figuras destacadas de la producci\u00f3n en M\u00e9xico:\u00a0<strong>Tita Lombardo, Elena Fortes, Erika \u00c1vila y Roberto Fiesco<\/strong>.<\/p>\n<p>Enfocado en la creaci\u00f3n de proyectos desde el desarrollo, pre-producci\u00f3n, filmaci\u00f3n y distribuci\u00f3n, este taller ofrece una oportunidad \u00fanica para aprender las claves de la producci\u00f3n en el cine contempor\u00e1neo.<\/p>\n<p>A trav\u00e9s de su experiencia, las y los ponentes compartir\u00e1n sus enfoques creativos, procesos, herramientas y t\u00e9cnicas necesarias para llevar una historia desde la p\u00e1gina hasta los ojos del espectador. Los participantes aprender\u00e1n a trabajar un proyecto desde una etapa inicial, explorar\u00e1n la colaboraci\u00f3n con directores, b\u00fasqueda de coproducciones, desarrollo de carpetas y sobre la gesti\u00f3n de la producci\u00f3n de una pel\u00edcula, con un enfoque pr\u00e1ctico y actual.<\/p>\n<p>Todas las sesiones se grabar\u00e1n y los links se proporcionar\u00e1n a los participantes para su descarga, con la intenci\u00f3n de que no pierdan tiempo grabando desde sus dispositivos y aprovechen el taller al m\u00e1ximo.<\/p>\n<p>&nbsp;<\/p>\n<p><span style=\"font-family: -apple-system, BlinkMacSystemFont, 'Segoe UI', Roboto, Oxygen-Sans, Ubuntu, Cantarell, 'Helvetica Neue', sans-serif;\">M\u00e1s informaci\u00f3n en https:\/\/festivalcineindependiente.com\/seminario-produccion\/<\/span><\/p>\n<p>* Por favor considera que los correos de confirmaci\u00f3n para las inscripciones realizadas en fin de semana podr\u00edan enviarse el lunes.<\/p>\n","protected":false},"excerpt":{"rendered":"<p><strong>C\u00f3mo financiar, producir y concretar pel\u00edculas<\/strong><\/p>\n<p>Seminario de Producci\u00f3n Cinematogr\u00e1fica con Roberto Fiesco, Tita Lombardo, Erika \u00c1vila y Elena Fortes.<\/p>\n<p>&nbsp;<\/p>\n<p>Presentado por el Festival de Cine Independiente de la Ciudad de M\u00e9xico y Red Nacional de Arte.<\/p>\n<p>&nbsp;<\/p>\n<p><strong>Fechas y horarios:<\/strong><\/p>\n<ul>\n<li>25 de septiembre de 2025, de 19 a 21 horas<\/li>\n<li>26 de septiembre de 2025, de 19 a 21 horas<\/li>\n<li>29 de septiembre de 2025, de 19:30 a 21:30 horas<\/li>\n<li>30 de septiembre de 2025, de 19 a 21 horas* Horarios en tiempo Ciudad de M\u00e9xico.<br \/>\n* La sesi\u00f3n del lunes 29 de septiembre comenzar\u00e1 a las 19:30 horas.<\/li>\n<\/ul>\n<p>&nbsp;<\/p>\n<p>El\u00a0<strong>Festival de Cine Independiente de la Ciudad de M\u00e9xico (FECIMX)<\/strong>\u00a0y\u00a0<strong>Red Nacional de Arte<\/strong>\u00a0convocan al\u00a0<strong>Seminario de Producci\u00f3n Cinematogr\u00e1fica<\/strong>\u00a0impartido por cuatro figuras destacadas de la producci\u00f3n en M\u00e9xico:\u00a0<strong>Tita Lombardo, Elena Fortes, Erika \u00c1vila y Roberto Fiesco<\/strong>.<\/p>\n<p>Enfocado en la creaci\u00f3n de proyectos desde el desarrollo, pre-producci\u00f3n, filmaci\u00f3n y distribuci\u00f3n, este taller ofrece una oportunidad \u00fanica para aprender las claves de la producci\u00f3n en el cine contempor\u00e1neo.<\/p>\n<p>A trav\u00e9s de su experiencia, las y los ponentes compartir\u00e1n sus enfoques creativos, procesos, herramientas y t\u00e9cnicas necesarias para llevar una historia desde la p\u00e1gina hasta los ojos del espectador. Los participantes aprender\u00e1n a trabajar un proyecto desde una etapa inicial, explorar\u00e1n la colaboraci\u00f3n con directores, b\u00fasqueda de coproducciones, desarrollo de carpetas y sobre la gesti\u00f3n de la producci\u00f3n de una pel\u00edcula, con un enfoque pr\u00e1ctico y actual.<\/p>\n<p>Todas las sesiones se grabar\u00e1n y los links se proporcionar\u00e1n a los participantes para su descarga, con la intenci\u00f3n de que no pierdan tiempo grabando desde sus dispositivos y aprovechen el taller al m\u00e1ximo.<\/p>\n<p>&nbsp;<\/p>\n<p><span style=\"font-family: -apple-system, BlinkMacSystemFont, 'Segoe UI', Roboto, Oxygen-Sans, Ubuntu, Cantarell, 'Helvetica Neue', sans-serif;\">M\u00e1s informaci\u00f3n en https:\/\/festivalcineindependiente.com\/seminario-produccion\/<\/span><\/p>\n<p>* Por favor considera que los correos de confirmaci\u00f3n para las inscripciones realizadas en fin de semana podr\u00edan enviarse el lunes.<\/p>\n","protected":false},"featured_media":2350,"comment_status":"open","ping_status":"closed","template":"","meta":[],"product_brand":[],"product_cat":[39,6,7],"product_tag":[225,224,226,222,223],"class_list":{"0":"post-2349","1":"product","2":"type-product","3":"status-publish","4":"has-post-thumbnail","6":"product_cat-cine","7":"product_cat-cursos","8":"product_cat-cursos-online","9":"product_tag-elena-fortes","10":"product_tag-erika-avila","11":"product_tag-produccion-cinematografica","12":"product_tag-roberto-fiesco","13":"product_tag-tita-lombardo","15":"first","16":"outofstock","17":"virtual","18":"purchasable","19":"product-type-simple"},"jetpack_sharing_enabled":true,"_links":{"self":[{"href":"https:\/\/rednacionaldearte.com\/tienda\/wp-json\/wp\/v2\/product\/2349","targetHints":{"allow":["GET"]}}],"collection":[{"href":"https:\/\/rednacionaldearte.com\/tienda\/wp-json\/wp\/v2\/product"}],"about":[{"href":"https:\/\/rednacionaldearte.com\/tienda\/wp-json\/wp\/v2\/types\/product"}],"replies":[{"embeddable":true,"href":"https:\/\/rednacionaldearte.com\/tienda\/wp-json\/wp\/v2\/comments?post=2349"}],"wp:featuredmedia":[{"embeddable":true,"href":"https:\/\/rednacionaldearte.com\/tienda\/wp-json\/wp\/v2\/media\/2350"}],"wp:attachment":[{"href":"https:\/\/rednacionaldearte.com\/tienda\/wp-json\/wp\/v2\/media?parent=2349"}],"wp:term":[{"taxonomy":"product_brand","embeddable":true,"href":"https:\/\/rednacionaldearte.com\/tienda\/wp-json\/wp\/v2\/product_brand?post=2349"},{"taxonomy":"product_cat","embeddable":true,"href":"https:\/\/rednacionaldearte.com\/tienda\/wp-json\/wp\/v2\/product_cat?post=2349"},{"taxonomy":"product_tag","embeddable":true,"href":"https:\/\/rednacionaldearte.com\/tienda\/wp-json\/wp\/v2\/product_tag?post=2349"}],"curies":[{"name":"wp","href":"https:\/\/api.w.org\/{rel}","templated":true}]}}

Seminario de Producción Cinematográfica

<p><strong>Cómo financiar, producir y concretar películas</strong></p>
<p>Seminario de Producción Cinematográfica con Roberto Fiesco, Tita Lombardo, Erika Ávila y Elena Fortes.</p>
<p>&nbsp;</p>
<p>Presentado por el Festival de Cine Independiente de la Ciudad de México y Red Nacional de Arte.</p>
<p>&nbsp;</p>
<p><strong>Fechas y horarios:</strong></p>
<ul>
<li>25 de septiembre de 2025, de 19 a 21 horas</li>
<li>26 de septiembre de 2025, de 19 a 21 horas</li>
<li>29 de septiembre de 2025, de 19:30 a 21:30 horas</li>
<li>30 de septiembre de 2025, de 19 a 21 horas* Horarios en tiempo Ciudad de México.<br />
* La sesión del lunes 29 de septiembre comenzará a las 19:30 horas.</li>
</ul>
<p>&nbsp;</p>
<p>El <strong>Festival de Cine Independiente de la Ciudad de México (FECIMX)</strong> y <strong>Red Nacional de Arte</strong> convocan al <strong>Seminario de Producción Cinematográfica</strong> impartido por cuatro figuras destacadas de la producción en México: <strong>Tita Lombardo, Elena Fortes, Erika Ávila y Roberto Fiesco</strong>.</p>
<p>Enfocado en la creación de proyectos desde el desarrollo, pre-producción, filmación y distribución, este taller ofrece una oportunidad única para aprender las claves de la producción en el cine contemporáneo.</p>
<p>A través de su experiencia, las y los ponentes compartirán sus enfoques creativos, procesos, herramientas y técnicas necesarias para llevar una historia desde la página hasta los ojos del espectador. Los participantes aprenderán a trabajar un proyecto desde una etapa inicial, explorarán la colaboración con directores, búsqueda de coproducciones, desarrollo de carpetas y sobre la gestión de la producción de una película, con un enfoque práctico y actual.</p>
<p>Todas las sesiones se grabarán y los links se proporcionarán a los participantes para su descarga, con la intención de que no pierdan tiempo grabando desde sus dispositivos y aprovechen el taller al máximo.</p>
<p>&nbsp;</p>
<p><span style="font-family: -apple-system, BlinkMacSystemFont, 'Segoe UI', Roboto, Oxygen-Sans, Ubuntu, Cantarell, 'Helvetica Neue', sans-serif;">Más información en https://festivalcineindependiente.com/seminario-produccion/</span></p>
<p>* Por favor considera que los correos de confirmación para las inscripciones realizadas en fin de semana podrían enviarse el lunes.</p>
