{"id":2388,"date":"2025-10-07T21:03:34","date_gmt":"2025-10-07T21:03:34","guid":{"rendered":"https:\/\/rednacionaldearte.com\/tienda\/?post_type=product&#038;p=2388"},"modified":"2025-10-22T18:03:08","modified_gmt":"2025-10-22T18:03:08","slug":"taller-distribucion","status":"publish","type":"product","link":"https:\/\/rednacionaldearte.com\/tienda\/producto\/taller-distribucion\/","title":{"rendered":"Taller Intensivo de Distribuci\u00f3n Cinematogr\u00e1fica"},"content":{"rendered":"<p><strong>La imagen en tr\u00e1nsito: Pel\u00edculas, Rutas y Caminos<\/strong><\/p>\n<p>Taller Intensivo de Distribuci\u00f3n Cinematogr\u00e1fica con<\/p>\n<p>Regina Serratos (Pimienta), Ester Bernal (PIANO), Maximiliano Cruz (Interior XIII &#8211; FICUNAM), Julio C\u00e9sar Dur\u00e1n (DAIMON) y Yuli Rodr\u00edguez (CEDECINE).<\/p>\n<p>&nbsp;<\/p>\n<p>Presentado por el Festival de Cine Independiente de la Ciudad de M\u00e9xico y Red Nacional de Arte.<\/p>\n<p>&nbsp;<\/p>\n<p><strong>Fechas y horarios:<\/strong><\/p>\n<ul>\n<li>Del 20 al 24 de octubre de 2025, de 19 a 21 horas<br \/>\n* Horarios en tiempo Ciudad de M\u00e9xico.<\/li>\n<\/ul>\n<p>&nbsp;<\/p>\n<p>El\u00a0<strong>Festival de Cine Independiente de la Ciudad de M\u00e9xico (FECIMX)<\/strong>\u00a0y\u00a0<strong>Red Nacional de Arte<\/strong>\u00a0convocan al\u00a0<strong>Taller Intensivo de Distribuci\u00f3n Cinematogr\u00e1fica<\/strong>\u00a0impartido por\u00a0<strong>Regina Serratos (Pimienta), Ester Bernal (PIANO), Maximiliano Cruz (Interior XIII &#8211; FICUNAM), Julio C\u00e9sar Dur\u00e1n (DAIMON) y Yuli Rodr\u00edguez (CEDECINE)<\/strong>.<\/p>\n<p>La distribuci\u00f3n es uno de los desaf\u00edos m\u00e1s complejos pero determinantes en la vida de una pel\u00edcula. Conocer c\u00f3mo funciona el ecosistema de distribuci\u00f3n, ya sea en salas, festivales, plataformas o circuitos alternativos, permite que una obra encuentre su p\u00fablico, y a su vez, su impacto.<\/p>\n<p>Este\u00a0<strong>taller intensivo<\/strong>\u00a0de cinco sesiones propone un recorrido riguroso y actualizado por los retos y posibilidades de la distribuci\u00f3n cinematogr\u00e1fica, guiado por profesionales con una amplia trayectoria en el dise\u00f1o de estrategias, rutas de exhibici\u00f3n y posicionamiento de pel\u00edculas tanto en circuitos independientes como comerciales.<\/p>\n<p>A trav\u00e9s de sus propias experiencias y herramientas concretas que han adquirido a lo largo de los a\u00f1os, lxs talleristas compartir\u00e1n conocimientos aplicables tanto para quienes est\u00e1n comenzando como para quienes ya tienen proyectos en curso y buscan ampliar su alcance.<\/p>\n<p>Este taller est\u00e1 dise\u00f1ado para ayudarte a:<\/p>\n<ul>\n<li>Identificar el mejor esquema de distribuci\u00f3n para tu proyecto.<\/li>\n<li>Dise\u00f1ar rutas y planes de distribuci\u00f3n sostenibles.<\/li>\n<li>Comprender los mercados nacionales e internacionales.<\/li>\n<li>Establecer relaciones con agentes clave, festivales y espacios de exhibici\u00f3n.<\/li>\n<li>Desarrollar materiales de promoci\u00f3n efectivos, incluso con bajo presupuesto.<\/li>\n<\/ul>\n<p>&nbsp;<\/p>\n<p>Todas las sesiones se grabar\u00e1n y los links se proporcionar\u00e1n a los participantes para su descarga, con la intenci\u00f3n de que no pierdan tiempo grabando desde sus dispositivos y aprovechen el taller al m\u00e1ximo.<\/p>\n<p>&nbsp;<\/p>\n<p><span style=\"font-family: -apple-system, BlinkMacSystemFont, 'Segoe UI', Roboto, Oxygen-Sans, Ubuntu, Cantarell, 'Helvetica Neue', sans-serif;\">M\u00e1s informaci\u00f3n en https:\/\/festivalcineindependiente.com\/taller-distribucion\/<\/span><\/p>\n","protected":false},"excerpt":{"rendered":"<p><strong>La imagen en tr\u00e1nsito: Pel\u00edculas, Rutas y Caminos<\/strong><\/p>\n<p>Taller Intensivo de Distribuci\u00f3n Cinematogr\u00e1fica con<\/p>\n<p>Regina Serratos (Pimienta), Ester Bernal (PIANO), Maximiliano Cruz (Interior XIII &#8211; FICUNAM), Julio C\u00e9sar Dur\u00e1n (DAIMON) y Yuli Rodr\u00edguez (CEDECINE).<\/p>\n<p>&nbsp;<\/p>\n<p>Presentado por el Festival de Cine Independiente de la Ciudad de M\u00e9xico y Red Nacional de Arte.<\/p>\n<p>&nbsp;<\/p>\n<p><strong>Fechas y horarios:<\/strong><\/p>\n<ul>\n<li>Del 20 al 24 de octubre de 2025, de 19 a 21 horas<br \/>\n* Horarios en tiempo Ciudad de M\u00e9xico.<\/li>\n<\/ul>\n<p>&nbsp;<\/p>\n<p>El\u00a0<strong>Festival de Cine Independiente de la Ciudad de M\u00e9xico (FECIMX)<\/strong>\u00a0y\u00a0<strong>Red Nacional de Arte<\/strong>\u00a0convocan al\u00a0<strong>Taller Intensivo de Distribuci\u00f3n Cinematogr\u00e1fica<\/strong>\u00a0impartido por\u00a0<strong>Regina Serratos (Pimienta), Ester Bernal (PIANO), Maximiliano Cruz (Interior XIII &#8211; FICUNAM), Julio C\u00e9sar Dur\u00e1n (DAIMON) y Yuli Rodr\u00edguez (CEDECINE)<\/strong>.<\/p>\n<p>La distribuci\u00f3n es uno de los desaf\u00edos m\u00e1s complejos pero determinantes en la vida de una pel\u00edcula. Conocer c\u00f3mo funciona el ecosistema de distribuci\u00f3n, ya sea en salas, festivales, plataformas o circuitos alternativos, permite que una obra encuentre su p\u00fablico, y a su vez, su impacto.<\/p>\n<p>Este\u00a0<strong>taller intensivo<\/strong>\u00a0de cinco sesiones propone un recorrido riguroso y actualizado por los retos y posibilidades de la distribuci\u00f3n cinematogr\u00e1fica, guiado por profesionales con una amplia trayectoria en el dise\u00f1o de estrategias, rutas de exhibici\u00f3n y posicionamiento de pel\u00edculas tanto en circuitos independientes como comerciales.<\/p>\n<p>A trav\u00e9s de sus propias experiencias y herramientas concretas que han adquirido a lo largo de los a\u00f1os, lxs talleristas compartir\u00e1n conocimientos aplicables tanto para quienes est\u00e1n comenzando como para quienes ya tienen proyectos en curso y buscan ampliar su alcance.<\/p>\n<p>Este taller est\u00e1 dise\u00f1ado para ayudarte a:<\/p>\n<ul>\n<li>Identificar el mejor esquema de distribuci\u00f3n para tu proyecto.<\/li>\n<li>Dise\u00f1ar rutas y planes de distribuci\u00f3n sostenibles.<\/li>\n<li>Comprender los mercados nacionales e internacionales.<\/li>\n<li>Establecer relaciones con agentes clave, festivales y espacios de exhibici\u00f3n.<\/li>\n<li>Desarrollar materiales de promoci\u00f3n efectivos, incluso con bajo presupuesto.<\/li>\n<\/ul>\n<p>&nbsp;<\/p>\n<p>Todas las sesiones se grabar\u00e1n y los links se proporcionar\u00e1n a los participantes para su descarga, con la intenci\u00f3n de que no pierdan tiempo grabando desde sus dispositivos y aprovechen el taller al m\u00e1ximo.<\/p>\n<p>&nbsp;<\/p>\n<p><span style=\"font-family: -apple-system, BlinkMacSystemFont, 'Segoe UI', Roboto, Oxygen-Sans, Ubuntu, Cantarell, 'Helvetica Neue', sans-serif;\">M\u00e1s informaci\u00f3n en https:\/\/festivalcineindependiente.com\/taller-distribucion\/<\/span><\/p>\n","protected":false},"featured_media":2389,"comment_status":"open","ping_status":"closed","template":"","meta":[],"product_brand":[],"product_cat":[39,6,7],"product_tag":[227,178,230,229,228,147],"class_list":{"0":"post-2388","1":"product","2":"type-product","3":"status-publish","4":"has-post-thumbnail","6":"product_cat-cine","7":"product_cat-cursos","8":"product_cat-cursos-online","9":"product_tag-distribucion-cinematografica","10":"product_tag-ester-bernal","11":"product_tag-julio-cesar-duran","12":"product_tag-maximiliano-cruz","13":"product_tag-regina-serratos","14":"product_tag-yuli-rodriguez","16":"first","17":"outofstock","18":"downloadable","19":"virtual","20":"purchasable","21":"product-type-simple"},"jetpack_sharing_enabled":true,"_links":{"self":[{"href":"https:\/\/rednacionaldearte.com\/tienda\/wp-json\/wp\/v2\/product\/2388","targetHints":{"allow":["GET"]}}],"collection":[{"href":"https:\/\/rednacionaldearte.com\/tienda\/wp-json\/wp\/v2\/product"}],"about":[{"href":"https:\/\/rednacionaldearte.com\/tienda\/wp-json\/wp\/v2\/types\/product"}],"replies":[{"embeddable":true,"href":"https:\/\/rednacionaldearte.com\/tienda\/wp-json\/wp\/v2\/comments?post=2388"}],"wp:featuredmedia":[{"embeddable":true,"href":"https:\/\/rednacionaldearte.com\/tienda\/wp-json\/wp\/v2\/media\/2389"}],"wp:attachment":[{"href":"https:\/\/rednacionaldearte.com\/tienda\/wp-json\/wp\/v2\/media?parent=2388"}],"wp:term":[{"taxonomy":"product_brand","embeddable":true,"href":"https:\/\/rednacionaldearte.com\/tienda\/wp-json\/wp\/v2\/product_brand?post=2388"},{"taxonomy":"product_cat","embeddable":true,"href":"https:\/\/rednacionaldearte.com\/tienda\/wp-json\/wp\/v2\/product_cat?post=2388"},{"taxonomy":"product_tag","embeddable":true,"href":"https:\/\/rednacionaldearte.com\/tienda\/wp-json\/wp\/v2\/product_tag?post=2388"}],"curies":[{"name":"wp","href":"https:\/\/api.w.org\/{rel}","templated":true}]}}

Taller Intensivo de Distribución Cinematográfica

<p><strong>La imagen en tránsito: Películas, Rutas y Caminos</strong></p>
<p>Taller Intensivo de Distribución Cinematográfica con</p>
<p>Regina Serratos (Pimienta), Ester Bernal (PIANO), Maximiliano Cruz (Interior XIII &#8211; FICUNAM), Julio César Durán (DAIMON) y Yuli Rodríguez (CEDECINE).</p>
<p>&nbsp;</p>
<p>Presentado por el Festival de Cine Independiente de la Ciudad de México y Red Nacional de Arte.</p>
<p>&nbsp;</p>
<p><strong>Fechas y horarios:</strong></p>
<ul>
<li>Del 20 al 24 de octubre de 2025, de 19 a 21 horas<br />
* Horarios en tiempo Ciudad de México.</li>
</ul>
<p>&nbsp;</p>
<p>El <strong>Festival de Cine Independiente de la Ciudad de México (FECIMX)</strong> y <strong>Red Nacional de Arte</strong> convocan al <strong>Taller Intensivo de Distribución Cinematográfica</strong> impartido por <strong>Regina Serratos (Pimienta), Ester Bernal (PIANO), Maximiliano Cruz (Interior XIII &#8211; FICUNAM), Julio César Durán (DAIMON) y Yuli Rodríguez (CEDECINE)</strong>.</p>
<p>La distribución es uno de los desafíos más complejos pero determinantes en la vida de una película. Conocer cómo funciona el ecosistema de distribución, ya sea en salas, festivales, plataformas o circuitos alternativos, permite que una obra encuentre su público, y a su vez, su impacto.</p>
<p>Este <strong>taller intensivo</strong> de cinco sesiones propone un recorrido riguroso y actualizado por los retos y posibilidades de la distribución cinematográfica, guiado por profesionales con una amplia trayectoria en el diseño de estrategias, rutas de exhibición y posicionamiento de películas tanto en circuitos independientes como comerciales.</p>
<p>A través de sus propias experiencias y herramientas concretas que han adquirido a lo largo de los años, lxs talleristas compartirán conocimientos aplicables tanto para quienes están comenzando como para quienes ya tienen proyectos en curso y buscan ampliar su alcance.</p>
<p>Este taller está diseñado para ayudarte a:</p>
<ul>
<li>Identificar el mejor esquema de distribución para tu proyecto.</li>
<li>Diseñar rutas y planes de distribución sostenibles.</li>
<li>Comprender los mercados nacionales e internacionales.</li>
<li>Establecer relaciones con agentes clave, festivales y espacios de exhibición.</li>
<li>Desarrollar materiales de promoción efectivos, incluso con bajo presupuesto.</li>
</ul>
<p>&nbsp;</p>
<p>Todas las sesiones se grabarán y los links se proporcionarán a los participantes para su descarga, con la intención de que no pierdan tiempo grabando desde sus dispositivos y aprovechen el taller al máximo.</p>
<p>&nbsp;</p>
<p><span style="font-family: -apple-system, BlinkMacSystemFont, 'Segoe UI', Roboto, Oxygen-Sans, Ubuntu, Cantarell, 'Helvetica Neue', sans-serif;">Más información en https://festivalcineindependiente.com/taller-distribucion/</span></p>
