{"id":239,"date":"2016-09-08T05:56:49","date_gmt":"2016-09-08T05:56:49","guid":{"rendered":"http:\/\/rednacionaldearte.com\/tienda\/?post_type=product&#038;p=239"},"modified":"2020-04-24T19:41:05","modified_gmt":"2020-04-24T19:41:05","slug":"la-arquitectura-la-mirada-catalogo-la-exposicion","status":"publish","type":"product","link":"https:\/\/rednacionaldearte.com\/tienda\/producto\/la-arquitectura-la-mirada-catalogo-la-exposicion\/","title":{"rendered":"La Arquitectura de la Mirada: Cat\u00e1logo de la Exposici\u00f3n"},"content":{"rendered":"","protected":false},"excerpt":{"rendered":"<p>Cat\u00e1logo de la Exposici\u00f3n \u201cLa Arquitectura de la Mirada: Perpetuidad y Pensamiento de una \u00c9poca\u201d.<\/p>\n<p><strong>Caracter\u00edsticas:<\/strong><br \/>\n67\u00a0p\u00e1ginas.<\/p>\n<p>Impresi\u00f3n r\u00fastica.<\/p>\n<p>Versi\u00f3n online\u00a0descargable gratuitamente <a href=\"http:\/\/rednacionaldearte.com\/docs\/Catalogo-Arquitectura-de-la-Mirada.pdf\">aqu\u00ed<\/a>.<\/p>\n","protected":false},"featured_media":240,"comment_status":"open","ping_status":"closed","template":"","meta":[],"product_brand":[],"product_cat":[19,11,18],"product_tag":[68,67,69],"class_list":{"0":"post-239","1":"product","2":"type-product","3":"status-publish","4":"has-post-thumbnail","6":"product_cat-catalogos","7":"product_cat-fotografia","8":"product_cat-libros","9":"product_tag-exposiciones","10":"product_tag-la-arquitectura-de-la-mirada","11":"product_tag-rna","13":"first","14":"outofstock","15":"shipping-taxable","16":"purchasable","17":"product-type-simple"},"jetpack_sharing_enabled":true,"_links":{"self":[{"href":"https:\/\/rednacionaldearte.com\/tienda\/wp-json\/wp\/v2\/product\/239","targetHints":{"allow":["GET"]}}],"collection":[{"href":"https:\/\/rednacionaldearte.com\/tienda\/wp-json\/wp\/v2\/product"}],"about":[{"href":"https:\/\/rednacionaldearte.com\/tienda\/wp-json\/wp\/v2\/types\/product"}],"replies":[{"embeddable":true,"href":"https:\/\/rednacionaldearte.com\/tienda\/wp-json\/wp\/v2\/comments?post=239"}],"wp:featuredmedia":[{"embeddable":true,"href":"https:\/\/rednacionaldearte.com\/tienda\/wp-json\/wp\/v2\/media\/240"}],"wp:attachment":[{"href":"https:\/\/rednacionaldearte.com\/tienda\/wp-json\/wp\/v2\/media?parent=239"}],"wp:term":[{"taxonomy":"product_brand","embeddable":true,"href":"https:\/\/rednacionaldearte.com\/tienda\/wp-json\/wp\/v2\/product_brand?post=239"},{"taxonomy":"product_cat","embeddable":true,"href":"https:\/\/rednacionaldearte.com\/tienda\/wp-json\/wp\/v2\/product_cat?post=239"},{"taxonomy":"product_tag","embeddable":true,"href":"https:\/\/rednacionaldearte.com\/tienda\/wp-json\/wp\/v2\/product_tag?post=239"}],"curies":[{"name":"wp","href":"https:\/\/api.w.org\/{rel}","templated":true}]}}

La Arquitectura de la Mirada: Catálogo de la Exposición

<p>Catálogo de la Exposición “La Arquitectura de la Mirada: Perpetuidad y Pensamiento de una Época”.</p>
<p><strong>Características:</strong><br />
67 páginas.</p>
<p>Impresión rústica.</p>
<p>Versión online descargable gratuitamente <a href="http://rednacionaldearte.com/docs/Catalogo-Arquitectura-de-la-Mirada.pdf">aquí</a>.</p>
