{"id":2468,"date":"2026-01-07T18:11:34","date_gmt":"2026-01-07T18:11:34","guid":{"rendered":"https:\/\/rednacionaldearte.com\/tienda\/?post_type=product&#038;p=2468"},"modified":"2026-01-23T02:02:43","modified_gmt":"2026-01-23T02:02:43","slug":"clinica-fondos-3","status":"publish","type":"product","link":"https:\/\/rednacionaldearte.com\/tienda\/producto\/clinica-fondos-3\/","title":{"rendered":"3ra Cl\u00ednica intensiva: Fondos para Producci\u00f3n y Distribuci\u00f3n"},"content":{"rendered":"<p><strong>3ra Cl\u00ednica intensiva: Fondos para Producci\u00f3n y Distribuci\u00f3n<\/strong><\/p>\n<p>&nbsp;<\/p>\n<p>Presentada por el Festival de Cine Independiente de la Ciudad de M\u00e9xico y Red Nacional de Arte.<\/p>\n<p>&nbsp;<\/p>\n<p><strong>Sesiones:<\/strong><\/p>\n<p>Fechas y horarios: 20, 21, 22 y 23 de enero de 2026, en un horario de 19 a 21 horas.<\/p>\n<p>* Horarios en tiempo de Ciudad de M\u00e9xico.<\/p>\n<p>A partir de los resultados de las cl\u00ednicas anteriores, en las que varios proyectos participantes obtuvieron apoyos de FOCINE, el <strong>Festival de Cine Independiente de la Ciudad de M\u00e9xico (FECIMX) y Red Nacional de Arte<\/strong> convocan a la <strong>3ra Cl\u00ednica intensiva sobre Fondos y Distribuci\u00f3n Cinematogr\u00e1fica<\/strong>, un espacio de formaci\u00f3n especializada orientado al desarrollo, fortalecimiento y perfeccionamiento de carpetas de producci\u00f3n y distribuci\u00f3n cinematogr\u00e1fica.<\/p>\n<p>La cl\u00ednica ser\u00e1 impartida por\u00a0<strong>Paula Astorga<\/strong>\u00a0(fundadora del FICCO, exdirectora de la Cineteca Nacional y directora ejecutiva del Seminario P\u00fablico y Audiencias del Futuro),\u00a0<strong>V\u00edctor L\u00e9ycegui<\/strong>\u00a0(productor en Pimienta Films y director general de Varios Lobos Producciones) y\u00a0<strong>Ester Bernal<\/strong>\u00a0(directora de Distribuci\u00f3n en PIANO, excoordinadora de EFICINE Distribuci\u00f3n en IMCINE y excoordinadora de adquisici\u00f3n y ventas internacionales en Alfhaville Cinema).<\/p>\n<p>Todas las sesiones se grabar\u00e1n y los links se proporcionar\u00e1n a los participantes para su descarga, con la intenci\u00f3n de que no pierdan tiempo grabando desde sus dispositivos y aprovechen el taller al m\u00e1ximo.<\/p>\n<p>&nbsp;<\/p>\n<p>M\u00e1s informaci\u00f3n en\u00a0<a href=\"https:\/\/festivalcineindependiente.com\/fondos-y-distribucion\/\">https:\/\/festivalcineindependiente.com\/fondos-y-distribucion\/<\/a><\/p>\n<p>&nbsp;<\/p>\n","protected":false},"excerpt":{"rendered":"<p><strong>3ra Cl\u00ednica intensiva: Fondos para Producci\u00f3n y Distribuci\u00f3n<\/strong><\/p>\n<p>&nbsp;<\/p>\n<p>Presentada por el Festival de Cine Independiente de la Ciudad de M\u00e9xico y Red Nacional de Arte.<\/p>\n<p>&nbsp;<\/p>\n<p><strong>Sesiones:<\/strong><\/p>\n<p>Fechas y horarios: 20, 21, 22 y 23 de enero de 2026, en un horario de 19 a 21 horas.<\/p>\n<p>* Horarios en tiempo de Ciudad de M\u00e9xico.<\/p>\n<p>A partir de los resultados de las cl\u00ednicas anteriores, en las que varios proyectos participantes obtuvieron apoyos de FOCINE, el <strong>Festival de Cine Independiente de la Ciudad de M\u00e9xico (FECIMX) y Red Nacional de Arte<\/strong> convocan a la <strong>3ra Cl\u00ednica intensiva sobre Fondos y Distribuci\u00f3n Cinematogr\u00e1fica<\/strong>, un espacio de formaci\u00f3n especializada orientado al desarrollo, fortalecimiento y perfeccionamiento de carpetas de producci\u00f3n y distribuci\u00f3n cinematogr\u00e1fica.<\/p>\n<p>La cl\u00ednica ser\u00e1 impartida por\u00a0<strong>Paula Astorga<\/strong>\u00a0(fundadora del FICCO, exdirectora de la Cineteca Nacional y directora ejecutiva del Seminario P\u00fablico y Audiencias del Futuro),\u00a0<strong>V\u00edctor L\u00e9ycegui<\/strong>\u00a0(productor en Pimienta Films y director general de Varios Lobos Producciones) y\u00a0<strong>Ester Bernal<\/strong>\u00a0(directora de Distribuci\u00f3n en PIANO, excoordinadora de EFICINE Distribuci\u00f3n en IMCINE y excoordinadora de adquisici\u00f3n y ventas internacionales en Alfhaville Cinema).<\/p>\n<p>Todas las sesiones se grabar\u00e1n y los links se proporcionar\u00e1n a los participantes para su descarga, con la intenci\u00f3n de que no pierdan tiempo grabando desde sus dispositivos y aprovechen el taller al m\u00e1ximo.<\/p>\n<p>&nbsp;<\/p>\n<p>M\u00e1s informaci\u00f3n en\u00a0<a href=\"https:\/\/festivalcineindependiente.com\/fondos-y-distribucion\/\">https:\/\/festivalcineindependiente.com\/fondos-y-distribucion\/<\/a><\/p>\n","protected":false},"featured_media":2469,"comment_status":"open","ping_status":"closed","template":"","meta":[],"product_brand":[],"product_cat":[39,6,7],"product_tag":[199,178,198,166,235],"class_list":{"0":"post-2468","1":"product","2":"type-product","3":"status-publish","4":"has-post-thumbnail","6":"product_cat-cine","7":"product_cat-cursos","8":"product_cat-cursos-online","9":"product_tag-eficine","10":"product_tag-ester-bernal","11":"product_tag-focine","12":"product_tag-paula-astorga","13":"product_tag-victor-leycegui","15":"first","16":"outofstock","17":"downloadable","18":"virtual","19":"purchasable","20":"product-type-simple"},"jetpack_sharing_enabled":true,"_links":{"self":[{"href":"https:\/\/rednacionaldearte.com\/tienda\/wp-json\/wp\/v2\/product\/2468","targetHints":{"allow":["GET"]}}],"collection":[{"href":"https:\/\/rednacionaldearte.com\/tienda\/wp-json\/wp\/v2\/product"}],"about":[{"href":"https:\/\/rednacionaldearte.com\/tienda\/wp-json\/wp\/v2\/types\/product"}],"replies":[{"embeddable":true,"href":"https:\/\/rednacionaldearte.com\/tienda\/wp-json\/wp\/v2\/comments?post=2468"}],"wp:featuredmedia":[{"embeddable":true,"href":"https:\/\/rednacionaldearte.com\/tienda\/wp-json\/wp\/v2\/media\/2469"}],"wp:attachment":[{"href":"https:\/\/rednacionaldearte.com\/tienda\/wp-json\/wp\/v2\/media?parent=2468"}],"wp:term":[{"taxonomy":"product_brand","embeddable":true,"href":"https:\/\/rednacionaldearte.com\/tienda\/wp-json\/wp\/v2\/product_brand?post=2468"},{"taxonomy":"product_cat","embeddable":true,"href":"https:\/\/rednacionaldearte.com\/tienda\/wp-json\/wp\/v2\/product_cat?post=2468"},{"taxonomy":"product_tag","embeddable":true,"href":"https:\/\/rednacionaldearte.com\/tienda\/wp-json\/wp\/v2\/product_tag?post=2468"}],"curies":[{"name":"wp","href":"https:\/\/api.w.org\/{rel}","templated":true}]}}

3ra Clínica intensiva: Fondos para Producción y Distribución

<p><strong>3ra Clínica intensiva: Fondos para Producción y Distribución</strong></p>
<p>&nbsp;</p>
<p>Presentada por el Festival de Cine Independiente de la Ciudad de México y Red Nacional de Arte.</p>
<p>&nbsp;</p>
<p><strong>Sesiones:</strong></p>
<p>Fechas y horarios: 20, 21, 22 y 23 de enero de 2026, en un horario de 19 a 21 horas.</p>
<p>* Horarios en tiempo de Ciudad de México.</p>
<p>A partir de los resultados de las clínicas anteriores, en las que varios proyectos participantes obtuvieron apoyos de FOCINE, el <strong>Festival de Cine Independiente de la Ciudad de México (FECIMX) y Red Nacional de Arte</strong> convocan a la <strong>3ra Clínica intensiva sobre Fondos y Distribución Cinematográfica</strong>, un espacio de formación especializada orientado al desarrollo, fortalecimiento y perfeccionamiento de carpetas de producción y distribución cinematográfica.</p>
<p>La clínica será impartida por <strong>Paula Astorga</strong> (fundadora del FICCO, exdirectora de la Cineteca Nacional y directora ejecutiva del Seminario Público y Audiencias del Futuro), <strong>Víctor Léycegui</strong> (productor en Pimienta Films y director general de Varios Lobos Producciones) y <strong>Ester Bernal</strong> (directora de Distribución en PIANO, excoordinadora de EFICINE Distribución en IMCINE y excoordinadora de adquisición y ventas internacionales en Alfhaville Cinema).</p>
<p>Todas las sesiones se grabarán y los links se proporcionarán a los participantes para su descarga, con la intención de que no pierdan tiempo grabando desde sus dispositivos y aprovechen el taller al máximo.</p>
<p>&nbsp;</p>
<p>Más información en <a href="https://festivalcineindependiente.com/fondos-y-distribucion/">https://festivalcineindependiente.com/fondos-y-distribucion/</a></p>
<p>&nbsp;</p>

<p><strong>3ra Clínica intensiva: Fondos para Producción y Distribución</strong></p>
<p>&nbsp;</p>
<p>Presentada por el Festival de Cine Independiente de la Ciudad de México y Red Nacional de Arte.</p>
<p>&nbsp;</p>
<p><strong>Sesiones:</strong></p>
<p>Fechas y horarios: 20, 21, 22 y 23 de enero de 2026, en un horario de 19 a 21 horas.</p>
<p>* Horarios en tiempo de Ciudad de México.</p>
<p>A partir de los resultados de las clínicas anteriores, en las que varios proyectos participantes obtuvieron apoyos de FOCINE, el <strong>Festival de Cine Independiente de la Ciudad de México (FECIMX) y Red Nacional de Arte</strong> convocan a la <strong>3ra Clínica intensiva sobre Fondos y Distribución Cinematográfica</strong>, un espacio de formación especializada orientado al desarrollo, fortalecimiento y perfeccionamiento de carpetas de producción y distribución cinematográfica.</p>
<p>La clínica será impartida por <strong>Paula Astorga</strong> (fundadora del FICCO, exdirectora de la Cineteca Nacional y directora ejecutiva del Seminario Público y Audiencias del Futuro), <strong>Víctor Léycegui</strong> (productor en Pimienta Films y director general de Varios Lobos Producciones) y <strong>Ester Bernal</strong> (directora de Distribución en PIANO, excoordinadora de EFICINE Distribución en IMCINE y excoordinadora de adquisición y ventas internacionales en Alfhaville Cinema).</p>
<p>Todas las sesiones se grabarán y los links se proporcionarán a los participantes para su descarga, con la intención de que no pierdan tiempo grabando desde sus dispositivos y aprovechen el taller al máximo.</p>
<p>&nbsp;</p>
<p>Más información en <a href="https://festivalcineindependiente.com/fondos-y-distribucion/">https://festivalcineindependiente.com/fondos-y-distribucion/</a></p>
