{"id":247,"date":"2016-09-08T06:31:03","date_gmt":"2016-09-08T06:31:03","guid":{"rendered":"http:\/\/rednacionaldearte.com\/tienda\/?post_type=product&#038;p=247"},"modified":"2020-04-24T19:40:54","modified_gmt":"2020-04-24T19:40:54","slug":"luma-2-revista-arte-contemporaneo","status":"publish","type":"product","link":"https:\/\/rednacionaldearte.com\/tienda\/producto\/luma-2-revista-arte-contemporaneo\/","title":{"rendered":"LUMA No. 2: Revista de Arte Contempor\u00e1neo"},"content":{"rendered":"<p>Edici\u00f3n Impresa.<br \/>\n46 p\u00e1ginas.<\/p>\n<div class=\"container\">\n<div id=\"container\">\n<div id=\"content\">\n<div id=\"product-84\" class=\"post-84 product type-product status-publish has-post-thumbnail product_cat-libros product_cat-revistas product_tag-luma product_tag-revista-de-arte-contemporaneo product_tag-revista-luma first instock shipping-taxable purchasable product-type-simple\">\n<div class=\"woocommerce-tabs wc-tabs-wrapper\">\n<div id=\"tab-description\" class=\"woocommerce-Tabs-panel woocommerce-Tabs-panel--description panel entry-content wc-tab\">\n<h3>En este n\u00famero:<\/h3>\n<ul>\n<li>Cartelera Cultural<\/li>\n<li>Carta sin remitente no. 13, por Marissa Mata<\/li>\n<li>Shadows collide with people, por Cuauht\u00e9moc Calder\u00f3n<\/li>\n<li>Dise\u00f1o y Objetos de Deseo, por Ad\u00e1n Ruiz<\/li>\n<li>Breves del arte<\/li>\n<li>M\u00e9xico en el World Architecture Festival 2016, por Sebasti\u00e1n Rabelo Val<\/li>\n<li>Las cenizas de Luis Barrag\u00e1n son convertidas en diamantes, por Ad\u00e1n Ruiz<\/li>\n<li>Desdibujando realidades, por Anabel Morey<\/li>\n<li>Dan a conocer la lista de ganadores de la medalla Bellas Artes, por Rub\u00e9n Gonz\u00e1les<\/li>\n<li>Los artistas mejor cotizados del 1er semestre del 2016, por Enrique Mart\u00ednez<\/li>\n<li>Carlos Reygadas cura Muestra de Cine Mexicano en Hamburgo, por Rub\u00e9n Gonz\u00e1les<\/li>\n<li>Aimar P\u00e9rez Gal\u00ed: Investigaci\u00f3n coreogr\u00e1fica, por Yuki Pastrana<\/li>\n<\/ul>\n<p><b>Artistas que ilustran esta edici\u00f3n:<\/b><\/p>\n<ul>\n<li>Scott Webb<\/li>\n<li>Alejandro P\u00e9rez<\/li>\n<li>Julie Bernard<\/li>\n<li>Eme de Armario<\/li>\n<li>21Hrs<\/li>\n<li>Ad\u00e1n Ruiz<\/li>\n<li>Anabel Morey<\/li>\n<\/ul>\n<p>\u00c9ste n\u00famero puede ser consultado gratuitamente en\u00a0http:\/\/luma.rednacionaldearte.com\/luma-2.php.<\/p>\n<\/div>\n<\/div>\n<\/div>\n<\/div>\n<\/div>\n<\/div>\n","protected":false},"excerpt":{"rendered":"<p>Edici\u00f3n Impresa.<br \/>\n46 p\u00e1ginas.<\/p>\n<div class=\"container\">\n<div id=\"container\">\n<div id=\"content\">\n<div id=\"product-84\" class=\"post-84 product type-product status-publish has-post-thumbnail product_cat-libros product_cat-revistas product_tag-luma product_tag-revista-de-arte-contemporaneo product_tag-revista-luma first instock shipping-taxable purchasable product-type-simple\">\n<div class=\"woocommerce-tabs wc-tabs-wrapper\">\n<div id=\"tab-description\" class=\"woocommerce-Tabs-panel woocommerce-Tabs-panel--description panel entry-content wc-tab\">\n<h3>En este n\u00famero:<\/h3>\n<ul>\n<li>Cartelera Cultural<\/li>\n<li>Carta sin remitente no. 13, por Marissa Mata<\/li>\n<li>Shadows collide with people, por Cuauht\u00e9moc Calder\u00f3n<\/li>\n<li>Dise\u00f1o y Objetos de Deseo, por Ad\u00e1n Ruiz<\/li>\n<li>Breves del arte<\/li>\n<li>M\u00e9xico en el World Architecture Festival 2016, por Sebasti\u00e1n Rabelo Val<\/li>\n<li>Las cenizas de Luis Barrag\u00e1n son convertidas en diamantes, por Ad\u00e1n Ruiz<\/li>\n<li>Desdibujando realidades, por Anabel Morey<\/li>\n<li>Dan a conocer la lista de ganadores de la medalla Bellas Artes, por Rub\u00e9n Gonz\u00e1les<\/li>\n<li>Los artistas mejor cotizados del 1er semestre del 2016, por Enrique Mart\u00ednez<\/li>\n<li>Carlos Reygadas cura Muestra de Cine Mexicano en Hamburgo, por Rub\u00e9n Gonz\u00e1les<\/li>\n<li>Aimar P\u00e9rez Gal\u00ed: Investigaci\u00f3n coreogr\u00e1fica, por Yuki Pastrana<\/li>\n<\/ul>\n<p><b>Artistas que ilustran esta edici\u00f3n:<\/b><\/p>\n<ul>\n<li>Scott Webb<\/li>\n<li>Alejandro P\u00e9rez<\/li>\n<li>Julie Bernard<\/li>\n<li>Eme de Armario<\/li>\n<li>21Hrs<\/li>\n<li>Ad\u00e1n Ruiz<\/li>\n<li>Anabel Morey<\/li>\n<\/ul>\n<p>\u00c9ste n\u00famero puede ser consultado gratuitamente en\u00a0http:\/\/luma.rednacionaldearte.com\/luma-2.php.<\/p>\n<\/div>\n<\/div>\n<\/div>\n<\/div>\n<\/div>\n<\/div>\n","protected":false},"featured_media":249,"comment_status":"open","ping_status":"closed","template":"","meta":[],"product_brand":[],"product_cat":[18,24],"product_tag":[25],"class_list":{"0":"post-247","1":"product","2":"type-product","3":"status-publish","4":"has-post-thumbnail","6":"product_cat-libros","7":"product_cat-revistas","8":"product_tag-luma","10":"first","11":"outofstock","12":"shipping-taxable","13":"purchasable","14":"product-type-simple"},"jetpack_sharing_enabled":true,"_links":{"self":[{"href":"https:\/\/rednacionaldearte.com\/tienda\/wp-json\/wp\/v2\/product\/247","targetHints":{"allow":["GET"]}}],"collection":[{"href":"https:\/\/rednacionaldearte.com\/tienda\/wp-json\/wp\/v2\/product"}],"about":[{"href":"https:\/\/rednacionaldearte.com\/tienda\/wp-json\/wp\/v2\/types\/product"}],"replies":[{"embeddable":true,"href":"https:\/\/rednacionaldearte.com\/tienda\/wp-json\/wp\/v2\/comments?post=247"}],"wp:featuredmedia":[{"embeddable":true,"href":"https:\/\/rednacionaldearte.com\/tienda\/wp-json\/wp\/v2\/media\/249"}],"wp:attachment":[{"href":"https:\/\/rednacionaldearte.com\/tienda\/wp-json\/wp\/v2\/media?parent=247"}],"wp:term":[{"taxonomy":"product_brand","embeddable":true,"href":"https:\/\/rednacionaldearte.com\/tienda\/wp-json\/wp\/v2\/product_brand?post=247"},{"taxonomy":"product_cat","embeddable":true,"href":"https:\/\/rednacionaldearte.com\/tienda\/wp-json\/wp\/v2\/product_cat?post=247"},{"taxonomy":"product_tag","embeddable":true,"href":"https:\/\/rednacionaldearte.com\/tienda\/wp-json\/wp\/v2\/product_tag?post=247"}],"curies":[{"name":"wp","href":"https:\/\/api.w.org\/{rel}","templated":true}]}}

LUMA No. 2: Revista de Arte Contemporáneo

<p>Edición Impresa.<br />
46 páginas.</p>
<div class="container">
<div id="container">
<div id="content">
<div id="product-84" class="post-84 product type-product status-publish has-post-thumbnail product_cat-libros product_cat-revistas product_tag-luma product_tag-revista-de-arte-contemporaneo product_tag-revista-luma first instock shipping-taxable purchasable product-type-simple">
<div class="woocommerce-tabs wc-tabs-wrapper">
<div id="tab-description" class="woocommerce-Tabs-panel woocommerce-Tabs-panel--description panel entry-content wc-tab">
<h3>En este número:</h3>
<ul>
<li>Cartelera Cultural</li>
<li>Carta sin remitente no. 13, por Marissa Mata</li>
<li>Shadows collide with people, por Cuauhtémoc Calderón</li>
<li>Diseño y Objetos de Deseo, por Adán Ruiz</li>
<li>Breves del arte</li>
<li>México en el World Architecture Festival 2016, por Sebastián Rabelo Val</li>
<li>Las cenizas de Luis Barragán son convertidas en diamantes, por Adán Ruiz</li>
<li>Desdibujando realidades, por Anabel Morey</li>
<li>Dan a conocer la lista de ganadores de la medalla Bellas Artes, por Rubén Gonzáles</li>
<li>Los artistas mejor cotizados del 1er semestre del 2016, por Enrique Martínez</li>
<li>Carlos Reygadas cura Muestra de Cine Mexicano en Hamburgo, por Rubén Gonzáles</li>
<li>Aimar Pérez Galí: Investigación coreográfica, por Yuki Pastrana</li>
</ul>
<p><b>Artistas que ilustran esta edición:</b></p>
<ul>
<li>Scott Webb</li>
<li>Alejandro Pérez</li>
<li>Julie Bernard</li>
<li>Eme de Armario</li>
<li>21Hrs</li>
<li>Adán Ruiz</li>
<li>Anabel Morey</li>
</ul>
<p>Éste número puede ser consultado gratuitamente en http://luma.rednacionaldearte.com/luma-2.php.</p>
</div>
</div>
</div>
</div>
</div>
</div>
