{"id":2507,"date":"2026-03-05T20:15:32","date_gmt":"2026-03-05T20:15:32","guid":{"rendered":"https:\/\/rednacionaldearte.com\/tienda\/?post_type=product&#038;p=2507"},"modified":"2026-03-11T15:12:08","modified_gmt":"2026-03-11T15:12:08","slug":"3-taller-cinefotografia","status":"publish","type":"product","link":"https:\/\/rednacionaldearte.com\/tienda\/producto\/3-taller-cinefotografia\/","title":{"rendered":"3er Taller de Direcci\u00f3n de Fotograf\u00eda para Cine"},"content":{"rendered":"<p><strong>3er Taller de Direcci\u00f3n de Fotograf\u00eda para Cine<\/strong><\/p>\n<p>Masterclasses con Mar\u00eda Sarasvati, Diana Garay y Diego Tenorio<br \/>\nClases Pr\u00e1cticas con Francisco Herrera<\/p>\n<p>&nbsp;<\/p>\n<p>Presentada por el Festival de Cine Independiente de la Ciudad de M\u00e9xico y Red Nacional de Arte.<\/p>\n<p>&nbsp;<\/p>\n<p><strong>Sesiones:<\/strong><\/p>\n<p>Fechas y horarios: 12, 13, 14, 15, 16 y 17 de marzo de 2026, en un horario de 19 a 21 horas.<\/p>\n<p>* Horarios en tiempo de Ciudad de M\u00e9xico.<\/p>\n<p>El <strong>Festival de Cine Independiente de la Ciudad de M\u00e9xico (FECIMX)<\/strong> y <strong>Red Nacional de Arte<\/strong> convocan al tercer Taller de Direcci\u00f3n de Fotograf\u00eda para Cine, un programa intensivo dise\u00f1ado para introducir a lxs participantes en los fundamentos t\u00e9cnicos, est\u00e9ticos y narrativos de la cinefotograf\u00eda.<\/p>\n<p>El taller combina masterclasses te\u00f3ricas impartidas por destacadxs profesionales con sesiones pr\u00e1cticas online, donde lxs estudiantes podr\u00e1n aplicar directamente los conocimientos adquiridos en c\u00e1mara, iluminaci\u00f3n y dise\u00f1o visual.<\/p>\n<p>Durante seis sesiones consecutivas se abordar\u00e1n los principios fundamentales de la direcci\u00f3n de fotograf\u00eda, tales como exposici\u00f3n, iluminaci\u00f3n, narrativa visual, color y puesta en escena, entre otros.<\/p>\n<p>Todas las sesiones se grabar\u00e1n y los links se proporcionar\u00e1n a los participantes para su descarga, con la intenci\u00f3n de que no pierdan tiempo grabando desde sus dispositivos y aprovechen el taller al m\u00e1ximo.<\/p>\n<p>&nbsp;<\/p>\n<p>&nbsp;<\/p>\n<p>M\u00e1s informaci\u00f3n en <a href=\"https:\/\/festivalcineindependiente.com\/direccion-fotografia\/\">https:\/\/festivalcineindependiente.com\/direccion-fotografia\/<\/a><\/p>\n<p>&nbsp;<\/p>\n","protected":false},"excerpt":{"rendered":"<p><strong>3er Taller de Direcci\u00f3n de Fotograf\u00eda para Cine<\/strong><\/p>\n<p>Masterclasses con Mar\u00eda Sarasvati, Diana Garay y Diego Tenorio<br \/>\nClases Pr\u00e1cticas con Francisco Herrera<\/p>\n<p>&nbsp;<\/p>\n<p>Presentada por el Festival de Cine Independiente de la Ciudad de M\u00e9xico y Red Nacional de Arte.<\/p>\n<p>&nbsp;<\/p>\n<p><strong>Sesiones:<\/strong><\/p>\n<p>Fechas y horarios: 12, 13, 14, 15, 16 y 17 de marzo de 2026, en un horario de 19 a 21 horas.<\/p>\n<p>* Horarios en tiempo de Ciudad de M\u00e9xico.<\/p>\n<p>El <strong>Festival de Cine Independiente de la Ciudad de M\u00e9xico (FECIMX)<\/strong> y <strong>Red Nacional de Arte<\/strong> convocan al tercer Taller de Direcci\u00f3n de Fotograf\u00eda para Cine, un programa intensivo dise\u00f1ado para introducir a lxs participantes en los fundamentos t\u00e9cnicos, est\u00e9ticos y narrativos de la cinefotograf\u00eda.<\/p>\n<p>El taller combina masterclasses te\u00f3ricas impartidas por destacadxs profesionales con sesiones pr\u00e1cticas online, donde lxs estudiantes podr\u00e1n aplicar directamente los conocimientos adquiridos en c\u00e1mara, iluminaci\u00f3n y dise\u00f1o visual.<\/p>\n<p>Durante seis sesiones consecutivas se abordar\u00e1n los principios fundamentales de la direcci\u00f3n de fotograf\u00eda, tales como exposici\u00f3n, iluminaci\u00f3n, narrativa visual, color y puesta en escena, entre otros.<\/p>\n<p>Todas las sesiones se grabar\u00e1n y los links se proporcionar\u00e1n a los participantes para su descarga, con la intenci\u00f3n de que no pierdan tiempo grabando desde sus dispositivos y aprovechen el taller al m\u00e1ximo.<\/p>\n<p>&nbsp;<\/p>\n<p>&nbsp;<\/p>\n<p>M\u00e1s informaci\u00f3n en <a href=\"https:\/\/festivalcineindependiente.com\/direccion-fotografia\/\">https:\/\/festivalcineindependiente.com\/direccion-fotografia\/<\/a><\/p>\n<p>&nbsp;<\/p>\n","protected":false},"featured_media":2508,"comment_status":"open","ping_status":"closed","template":"","meta":[],"product_brand":[],"product_cat":[39,6,7],"product_tag":[240,237,238,239,236],"class_list":{"0":"post-2507","1":"product","2":"type-product","3":"status-publish","4":"has-post-thumbnail","6":"product_cat-cine","7":"product_cat-cursos","8":"product_cat-cursos-online","9":"product_tag-cinefotografia","10":"product_tag-diana-garay","11":"product_tag-diego-tenorio","12":"product_tag-francisco-herrera","13":"product_tag-maria-sarasvati","15":"first","16":"outofstock","17":"downloadable","18":"virtual","19":"purchasable","20":"product-type-simple"},"jetpack_sharing_enabled":true,"_links":{"self":[{"href":"https:\/\/rednacionaldearte.com\/tienda\/wp-json\/wp\/v2\/product\/2507","targetHints":{"allow":["GET"]}}],"collection":[{"href":"https:\/\/rednacionaldearte.com\/tienda\/wp-json\/wp\/v2\/product"}],"about":[{"href":"https:\/\/rednacionaldearte.com\/tienda\/wp-json\/wp\/v2\/types\/product"}],"replies":[{"embeddable":true,"href":"https:\/\/rednacionaldearte.com\/tienda\/wp-json\/wp\/v2\/comments?post=2507"}],"wp:featuredmedia":[{"embeddable":true,"href":"https:\/\/rednacionaldearte.com\/tienda\/wp-json\/wp\/v2\/media\/2508"}],"wp:attachment":[{"href":"https:\/\/rednacionaldearte.com\/tienda\/wp-json\/wp\/v2\/media?parent=2507"}],"wp:term":[{"taxonomy":"product_brand","embeddable":true,"href":"https:\/\/rednacionaldearte.com\/tienda\/wp-json\/wp\/v2\/product_brand?post=2507"},{"taxonomy":"product_cat","embeddable":true,"href":"https:\/\/rednacionaldearte.com\/tienda\/wp-json\/wp\/v2\/product_cat?post=2507"},{"taxonomy":"product_tag","embeddable":true,"href":"https:\/\/rednacionaldearte.com\/tienda\/wp-json\/wp\/v2\/product_tag?post=2507"}],"curies":[{"name":"wp","href":"https:\/\/api.w.org\/{rel}","templated":true}]}}

3er Taller de Dirección de Fotografía para Cine

<p><strong>3er Taller de Dirección de Fotografía para Cine</strong></p>
<p>Masterclasses con María Sarasvati, Diana Garay y Diego Tenorio<br />
Clases Prácticas con Francisco Herrera</p>
<p>&nbsp;</p>
<p>Presentada por el Festival de Cine Independiente de la Ciudad de México y Red Nacional de Arte.</p>
<p>&nbsp;</p>
<p><strong>Sesiones:</strong></p>
<p>Fechas y horarios: 12, 13, 14, 15, 16 y 17 de marzo de 2026, en un horario de 19 a 21 horas.</p>
<p>* Horarios en tiempo de Ciudad de México.</p>
<p>El <strong>Festival de Cine Independiente de la Ciudad de México (FECIMX)</strong> y <strong>Red Nacional de Arte</strong> convocan al tercer Taller de Dirección de Fotografía para Cine, un programa intensivo diseñado para introducir a lxs participantes en los fundamentos técnicos, estéticos y narrativos de la cinefotografía.</p>
<p>El taller combina masterclasses teóricas impartidas por destacadxs profesionales con sesiones prácticas online, donde lxs estudiantes podrán aplicar directamente los conocimientos adquiridos en cámara, iluminación y diseño visual.</p>
<p>Durante seis sesiones consecutivas se abordarán los principios fundamentales de la dirección de fotografía, tales como exposición, iluminación, narrativa visual, color y puesta en escena, entre otros.</p>
<p>Todas las sesiones se grabarán y los links se proporcionarán a los participantes para su descarga, con la intención de que no pierdan tiempo grabando desde sus dispositivos y aprovechen el taller al máximo.</p>
<p>&nbsp;</p>
<p>&nbsp;</p>
<p>Más información en <a href="https://festivalcineindependiente.com/direccion-fotografia/">https://festivalcineindependiente.com/direccion-fotografia/</a></p>
<p>&nbsp;</p>
