{"id":2517,"date":"2026-04-15T21:47:50","date_gmt":"2026-04-15T21:47:50","guid":{"rendered":"https:\/\/rednacionaldearte.com\/tienda\/?post_type=product&#038;p=2517"},"modified":"2026-04-28T21:59:48","modified_gmt":"2026-04-28T21:59:48","slug":"3er-seminario-documental","status":"publish","type":"product","link":"https:\/\/rednacionaldearte.com\/tienda\/producto\/3er-seminario-documental\/","title":{"rendered":"3er Seminario de Cine Documental"},"content":{"rendered":"<p><strong>3er Seminario de Realizaci\u00f3n: Cine Documental Contempor\u00e1neo<\/strong><\/p>\n<p>Las Posibilidades de la No-Ficci\u00f3n<\/p>\n<p>&nbsp;<\/p>\n<p>El 3er Seminario Intensivo de Realizaci\u00f3n de Cine Documental del Festival de Cine Independiente de la Ciudad de M\u00e9xico (FECIMX) y la Red Nacional de Arte re\u00fane a cuatro destacadas voces del documental iberoamericano: Everardo Gonz\u00e1lez, Juan Carlos Rulfo, Luc\u00eda Gaj\u00e1 y Luciana Kaplan.<\/p>\n<p>A partir de sus filmograf\u00edas, marcadas por la exploraci\u00f3n de la memoria, la identidad, la violencia, el territorio y las formas h\u00edbridas del cine contempor\u00e1neo, el seminario propone un recorrido profundo por el cine documental como pr\u00e1ctica art\u00edstica, \u00e9tica y pol\u00edtica.<\/p>\n<p>Cada sesi\u00f3n estar\u00e1 enfocada en los procesos creativos propios de los autores: desde la b\u00fasqueda de historias \u00edntimas y colectivas (Gaj\u00e1), la construcci\u00f3n po\u00e9tica del paisaje y la memoria (Rulfo), el abordaje de la violencia y la realidad social (Gonz\u00e1lez) y la perspectiva de Luciana Kaplan con un especial \u00e9nfasis en las violencias de g\u00e9nero y la justicia social.<\/p>\n<p>El seminario combina reflexi\u00f3n te\u00f3rica con herramientas pr\u00e1cticas para el desarrollo de proyectos documentales, abordando todas sus etapas: investigaci\u00f3n, escritura, rodaje y montaje, con especial \u00e9nfasis en la construcci\u00f3n de una mirada autoral. Las sesiones ser\u00e1n grabadas y estar\u00e1n disponibles para los participantes.<\/p>\n<p>&nbsp;<\/p>\n<p><strong>Sesiones:<\/strong><\/p>\n<p>27 de abril de 2026, de 19 a 21 horas.<br \/>\n28 de abril de 2026, de 19 a 21 horas.<br \/>\n4 de mayo de 2026, de 19 a 21 horas.<br \/>\n5 de mayo de 2026, de 12 a 14 horas.<\/p>\n<p>* Horarios en tiempo de Ciudad de M\u00e9xico.<\/p>\n<p>&nbsp;<\/p>\n<p>Todas las sesiones se grabar\u00e1n y los links se proporcionar\u00e1n a los participantes para su descarga, con la intenci\u00f3n de que no pierdan tiempo grabando desde sus dispositivos y aprovechen el taller al m\u00e1ximo.<\/p>\n<p>&nbsp;<\/p>\n<p>M\u00e1s informaci\u00f3n en https:\/\/festivalcineindependiente.com\/seminario-documental\/<\/p>\n<p>&nbsp;<\/p>\n","protected":false},"excerpt":{"rendered":"<p><strong>3er Seminario de Realizaci\u00f3n: Cine Documental Contempor\u00e1neo<\/strong><\/p>\n<p>Las Posibilidades de la No-Ficci\u00f3n<\/p>\n<p>&nbsp;<\/p>\n<p>El 3er Seminario Intensivo de Realizaci\u00f3n de Cine Documental del Festival de Cine Independiente de la Ciudad de M\u00e9xico (FECIMX) y la Red Nacional de Arte re\u00fane a cuatro destacadas voces del documental iberoamericano: Everardo Gonz\u00e1lez, Juan Carlos Rulfo, Luc\u00eda Gaj\u00e1 y Luciana Kaplan.<\/p>\n<p>A partir de sus filmograf\u00edas, marcadas por la exploraci\u00f3n de la memoria, la identidad, la violencia, el territorio y las formas h\u00edbridas del cine contempor\u00e1neo, el seminario propone un recorrido profundo por el cine documental como pr\u00e1ctica art\u00edstica, \u00e9tica y pol\u00edtica.<\/p>\n<p>Cada sesi\u00f3n estar\u00e1 enfocada en los procesos creativos propios de los autores: desde la b\u00fasqueda de historias \u00edntimas y colectivas (Gaj\u00e1), la construcci\u00f3n po\u00e9tica del paisaje y la memoria (Rulfo), el abordaje de la violencia y la realidad social (Gonz\u00e1lez) y la perspectiva de Luciana Kaplan con un especial \u00e9nfasis en las violencias de g\u00e9nero y la justicia social.<\/p>\n<p>El seminario combina reflexi\u00f3n te\u00f3rica con herramientas pr\u00e1cticas para el desarrollo de proyectos documentales, abordando todas sus etapas: investigaci\u00f3n, escritura, rodaje y montaje, con especial \u00e9nfasis en la construcci\u00f3n de una mirada autoral. Las sesiones ser\u00e1n grabadas y estar\u00e1n disponibles para los participantes.<\/p>\n<p>&nbsp;<\/p>\n<p><strong>Sesiones:<\/strong><\/p>\n<p>27 de abril de 2026, de 19 a 21 horas.<br \/>\n28 de abril de 2026, de 19 a 21 horas.<br \/>\n4 de mayo de 2026, de 19 a 21 horas.<br \/>\n5 de mayo de 2026, de 12 a 14 horas.<\/p>\n<p>* Horarios en tiempo de Ciudad de M\u00e9xico.<\/p>\n<p>&nbsp;<\/p>\n<p>Todas las sesiones se grabar\u00e1n y los links se proporcionar\u00e1n a los participantes para su descarga, con la intenci\u00f3n de que no pierdan tiempo grabando desde sus dispositivos y aprovechen el taller al m\u00e1ximo.<\/p>\n<p>&nbsp;<\/p>\n<p>M\u00e1s informaci\u00f3n en https:\/\/festivalcineindependiente.com\/seminario-documental\/<\/p>\n","protected":false},"featured_media":2518,"comment_status":"open","ping_status":"closed","template":"","meta":[],"product_brand":[],"product_cat":[39,6,7],"product_tag":[163,211,185,186,241],"class_list":{"0":"post-2517","1":"product","2":"type-product","3":"status-publish","4":"has-post-thumbnail","6":"product_cat-cine","7":"product_cat-cursos","8":"product_cat-cursos-online","9":"product_tag-documental","10":"product_tag-everardo-gonzalez","11":"product_tag-juan-carlos-rulfo","12":"product_tag-lucia-gaja","13":"product_tag-luciana-kaplan","15":"first","16":"outofstock","17":"downloadable","18":"virtual","19":"purchasable","20":"product-type-simple"},"jetpack_sharing_enabled":true,"_links":{"self":[{"href":"https:\/\/rednacionaldearte.com\/tienda\/wp-json\/wp\/v2\/product\/2517","targetHints":{"allow":["GET"]}}],"collection":[{"href":"https:\/\/rednacionaldearte.com\/tienda\/wp-json\/wp\/v2\/product"}],"about":[{"href":"https:\/\/rednacionaldearte.com\/tienda\/wp-json\/wp\/v2\/types\/product"}],"replies":[{"embeddable":true,"href":"https:\/\/rednacionaldearte.com\/tienda\/wp-json\/wp\/v2\/comments?post=2517"}],"wp:featuredmedia":[{"embeddable":true,"href":"https:\/\/rednacionaldearte.com\/tienda\/wp-json\/wp\/v2\/media\/2518"}],"wp:attachment":[{"href":"https:\/\/rednacionaldearte.com\/tienda\/wp-json\/wp\/v2\/media?parent=2517"}],"wp:term":[{"taxonomy":"product_brand","embeddable":true,"href":"https:\/\/rednacionaldearte.com\/tienda\/wp-json\/wp\/v2\/product_brand?post=2517"},{"taxonomy":"product_cat","embeddable":true,"href":"https:\/\/rednacionaldearte.com\/tienda\/wp-json\/wp\/v2\/product_cat?post=2517"},{"taxonomy":"product_tag","embeddable":true,"href":"https:\/\/rednacionaldearte.com\/tienda\/wp-json\/wp\/v2\/product_tag?post=2517"}],"curies":[{"name":"wp","href":"https:\/\/api.w.org\/{rel}","templated":true}]}}

<p><strong>3er Seminario de Realización: Cine Documental Contemporáneo</strong></p>
<p>Las Posibilidades de la No-Ficción</p>
<p>&nbsp;</p>
<p>El 3er Seminario Intensivo de Realización de Cine Documental del Festival de Cine Independiente de la Ciudad de México (FECIMX) y la Red Nacional de Arte reúne a cuatro destacadas voces del documental iberoamericano: Everardo González, Juan Carlos Rulfo, Lucía Gajá y Luciana Kaplan.</p>
<p>A partir de sus filmografías, marcadas por la exploración de la memoria, la identidad, la violencia, el territorio y las formas híbridas del cine contemporáneo, el seminario propone un recorrido profundo por el cine documental como práctica artística, ética y política.</p>
<p>Cada sesión estará enfocada en los procesos creativos propios de los autores: desde la búsqueda de historias íntimas y colectivas (Gajá), la construcción poética del paisaje y la memoria (Rulfo), el abordaje de la violencia y la realidad social (González) y la perspectiva de Luciana Kaplan con un especial énfasis en las violencias de género y la justicia social.</p>
<p>El seminario combina reflexión teórica con herramientas prácticas para el desarrollo de proyectos documentales, abordando todas sus etapas: investigación, escritura, rodaje y montaje, con especial énfasis en la construcción de una mirada autoral. Las sesiones serán grabadas y estarán disponibles para los participantes.</p>
<p>&nbsp;</p>
<p><strong>Sesiones:</strong></p>
<p>27 de abril de 2026, de 19 a 21 horas.<br />
28 de abril de 2026, de 19 a 21 horas.<br />
4 de mayo de 2026, de 19 a 21 horas.<br />
5 de mayo de 2026, de 12 a 14 horas.</p>
<p>* Horarios en tiempo de Ciudad de México.</p>
<p>&nbsp;</p>
<p>Todas las sesiones se grabarán y los links se proporcionarán a los participantes para su descarga, con la intención de que no pierdan tiempo grabando desde sus dispositivos y aprovechen el taller al máximo.</p>
<p>&nbsp;</p>
<p>Más información en https://festivalcineindependiente.com/seminario-documental/</p>
<p>&nbsp;</p>

<p><strong>3er Seminario de Realización: Cine Documental Contemporáneo</strong></p>
<p>Las Posibilidades de la No-Ficción</p>
<p>&nbsp;</p>
<p>El 3er Seminario Intensivo de Realización de Cine Documental del Festival de Cine Independiente de la Ciudad de México (FECIMX) y la Red Nacional de Arte reúne a cuatro destacadas voces del documental iberoamericano: Everardo González, Juan Carlos Rulfo, Lucía Gajá y Luciana Kaplan.</p>
<p>A partir de sus filmografías, marcadas por la exploración de la memoria, la identidad, la violencia, el territorio y las formas híbridas del cine contemporáneo, el seminario propone un recorrido profundo por el cine documental como práctica artística, ética y política.</p>
<p>Cada sesión estará enfocada en los procesos creativos propios de los autores: desde la búsqueda de historias íntimas y colectivas (Gajá), la construcción poética del paisaje y la memoria (Rulfo), el abordaje de la violencia y la realidad social (González) y la perspectiva de Luciana Kaplan con un especial énfasis en las violencias de género y la justicia social.</p>
<p>El seminario combina reflexión teórica con herramientas prácticas para el desarrollo de proyectos documentales, abordando todas sus etapas: investigación, escritura, rodaje y montaje, con especial énfasis en la construcción de una mirada autoral. Las sesiones serán grabadas y estarán disponibles para los participantes.</p>
<p>&nbsp;</p>
<p><strong>Sesiones:</strong></p>
<p>27 de abril de 2026, de 19 a 21 horas.<br />
28 de abril de 2026, de 19 a 21 horas.<br />
4 de mayo de 2026, de 19 a 21 horas.<br />
5 de mayo de 2026, de 12 a 14 horas.</p>
<p>* Horarios en tiempo de Ciudad de México.</p>
<p>&nbsp;</p>
<p>Todas las sesiones se grabarán y los links se proporcionarán a los participantes para su descarga, con la intención de que no pierdan tiempo grabando desde sus dispositivos y aprovechen el taller al máximo.</p>
<p>&nbsp;</p>
<p>Más información en https://festivalcineindependiente.com/seminario-documental/</p>
