{"id":259,"date":"2016-09-22T18:50:26","date_gmt":"2016-09-22T18:50:26","guid":{"rendered":"http:\/\/rednacionaldearte.com\/tienda\/?post_type=product&#038;p=259"},"modified":"2016-11-24T04:21:16","modified_gmt":"2016-11-24T04:21:16","slug":"cuerpo-vacio-shanti-vera-laboratorio-pensamiento-en-accion","status":"publish","type":"product","link":"https:\/\/rednacionaldearte.com\/tienda\/producto\/cuerpo-vacio-shanti-vera-laboratorio-pensamiento-en-accion\/","title":{"rendered":"El Cuerpo Vac\u00edo por Shant\u00ed Vera. Laboratorio de pensamiento en acci\u00f3n (Quer\u00e9taro)"},"content":{"rendered":"<p style=\"text-align: justify;\">El cuerpo vaci\u0301o plantea experimentar el desarrollo de la fisicalidad y la relacio\u0301n entre cuerpo-espacio-tiempo-accio\u0301n; se plantean herramientas desde la exploracio\u0301n de la conexio\u0301n esqueleto-mu\u0301sculo, la investigacio\u0301n en el uso de la contrariedad, la descentralizacio\u0301n del cuerpo, la improvisacio\u0301n, lo relacional y la radicalizacio\u0301n en el uso de las espirales; accionando desde una conciencia energe\u0301tica percibiendo al cuerpo como una unidad, siempre partiendo del suelo. El manejo y conciencia de todos estos elementos se aplican a ciertas estructuras de improvisacio\u0301n direccionando al performer a la bu\u0301squeda de puntos de quiebre corporales y de pensamiento, provocando un estado de alerta, tergiversador, asociativo, realizativo y relacional en donde la experiencia se expone en un encuentro desde lo individual a lo colectivo.<\/p>\n<p style=\"text-align: justify;\"><strong>Objetivos:<\/strong><\/p>\n<div class=\"page\" title=\"Page 2\">\n<div class=\"layoutArea\">\n<div class=\"column\">\n<p style=\"padding-left: 30px;\">\u2666 \u00a0Que los participantes enuncien de manera individual y colectiva la necesidad de plantear y replantear preguntas que ampli\u0301en y liberen al cuerpo desde su entidad natural y su entidad cultural.<\/p>\n<p style=\"padding-left: 30px;\">\u2666 \u00a0Insertar a los participantes un dinamismo que desde su cuerpo-pensamiento elijan una huida de las redundancias dominantes de la escena.<\/p>\n<p style=\"padding-left: 30px;\">\u2666 \u00a0Que los participantes articulen una filosofi\u0301a amissa que permita desarrollar una dramaturgia corporal propia, en el que este enunciado al cuerpo como discurso amplio y de contenido propio, y que a partir de la fisicalidad permitan descubrir otros mundos posibles de recepcio\u0301n, percepcio\u0301n, observacio\u0301n, accio\u0301n, pensamiento, presencia, pertenencia y relacio\u0301n.<\/p>\n<p style=\"padding-left: 30px;\">\u2666 \u00a0Insertar la urgencia de la observacio\u0301n.<\/p>\n<p style=\"padding-left: 30px;\">\u2666 \u00a0Replantear la idea de habitar el tiempo y espacio a trave\u0301s de la asociacio\u0301n, la\u00a0tergiversacio\u0301n, la emancipacio\u0301n de saberes y el cuestionamiento de las acciones y\u00a0las decisiones que nos situ\u0301an en los procesos de creacio\u0301n en la escena.<\/p>\n<p style=\"padding-left: 30px;\">\u2666 \u00a0Detonar un agenciamiento colectivo de enunciacio\u0301n que exponga la necesidad de articular todo desde una observacio\u0301n a nivel de acontecimiento, en donde el\u00a0cuerpo habite en relacio\u0301n de, con, desde, hacia, por y para el otro.<\/p>\n<p style=\"padding-left: 30px;\">\u2666 \u00a0Establecer un ha\u0301bitat en donde la percepcio\u0301n y recepcio\u0301n del cuerpo y los cuerpos se situ\u0301en en relacio\u0301n continua de, con, desde, hacia, por y para el espacio y el\u00a0tiempo.<\/p>\n<p><strong>Dirigido a:<\/strong><\/p>\n<p>Creativos, bailarines, inte\u0301rpretes, creadores esce\u0301nicos, actores, coreo\u0301grafos y directores interesados en la exploracio\u0301n corporal, discursiva, esce\u0301nica e involucrados en la creacio\u0301n esce\u0301nica contempora\u0301nea.<br \/>\nRequisitos participantes: Ropa de entrenamiento y libreta.<\/p>\n<p><strong>Sede:<\/strong> DansCoreo (Melchor Ocampo 81 esq. con Mariano Escobedo, Centro Histo\u0301rico, Santiago de Quer\u00e9taro).<br \/>\n<strong>Horario:<\/strong> Lunes a Viernes de 19:00 a 22:00 hrs<\/p>\n<p>&nbsp;<\/p>\n<p><strong>Al finalizar el laboratorio se entregara\u0301 una constancia de participacio\u0301n.<\/strong><\/p>\n<\/div>\n<\/div>\n<\/div>\n","protected":false},"excerpt":{"rendered":"<p><strong>Cuota de recuperacio\u0301n:<\/strong><\/p>\n<p>Pu\u0301blico en general: $1,600 MXN (Pagando antes del 10 de octubre: $1,450 MXN)<br \/>\nEstudiantes: $1,450 MXN (Pagando antes del 10 de octubre: $1,350 MXN). Solicitar cup\u00f3n de descuento al mail\u00a0<a href=\"mailto:tienda@rednacionaldearte.com\">tienda@rednacionaldearte.com<\/a>.<\/p>\n<p><strong>Dirigido a:<\/strong><\/p>\n<p>Creativos, bailarines, inte\u0301rpretes, creadores esce\u0301nicos, actores, coreo\u0301grafos y directores interesados en la exploracio\u0301n corporal, discursiva, esce\u0301nica e involucrados en la creacio\u0301n esce\u0301nica contempora\u0301nea.<br \/>\nRequisitos participantes: Ropa de entrenamiento y libreta.<\/p>\n<p><strong>Sede:<\/strong> DansCoreo (Melchor Ocampo 81 esq. con Mariano Escobedo, Centro Histo\u0301rico, Santiago de Quer\u00e9taro).<br \/>\n<strong>Horario:<\/strong> Lunes a Viernes de 19:00 a 22:00 hrs<\/p>\n<p><strong>Al finalizar el laboratorio se entregara\u0301 una constancia de participacio\u0301n.<\/strong><\/p>\n<p>* Se incluye\u00a0una comisi\u00f3n de $92.00 m.n. por\u00a0gastos de operaci\u00f3n de la tienda.<\/p>\n","protected":false},"featured_media":266,"comment_status":"open","ping_status":"closed","template":"","meta":[],"product_brand":[],"product_cat":[6,70],"product_tag":[73,72,71],"class_list":{"0":"post-259","1":"product","2":"type-product","3":"status-publish","4":"has-post-thumbnail","6":"product_cat-cursos","7":"product_cat-cursos-presenciales","8":"product_tag-laboratorios","9":"product_tag-queretaro","10":"product_tag-shanti-vera","12":"first","13":"outofstock","14":"sale","15":"virtual","16":"purchasable","17":"product-type-simple"},"jetpack_sharing_enabled":true,"_links":{"self":[{"href":"https:\/\/rednacionaldearte.com\/tienda\/wp-json\/wp\/v2\/product\/259","targetHints":{"allow":["GET"]}}],"collection":[{"href":"https:\/\/rednacionaldearte.com\/tienda\/wp-json\/wp\/v2\/product"}],"about":[{"href":"https:\/\/rednacionaldearte.com\/tienda\/wp-json\/wp\/v2\/types\/product"}],"replies":[{"embeddable":true,"href":"https:\/\/rednacionaldearte.com\/tienda\/wp-json\/wp\/v2\/comments?post=259"}],"wp:featuredmedia":[{"embeddable":true,"href":"https:\/\/rednacionaldearte.com\/tienda\/wp-json\/wp\/v2\/media\/266"}],"wp:attachment":[{"href":"https:\/\/rednacionaldearte.com\/tienda\/wp-json\/wp\/v2\/media?parent=259"}],"wp:term":[{"taxonomy":"product_brand","embeddable":true,"href":"https:\/\/rednacionaldearte.com\/tienda\/wp-json\/wp\/v2\/product_brand?post=259"},{"taxonomy":"product_cat","embeddable":true,"href":"https:\/\/rednacionaldearte.com\/tienda\/wp-json\/wp\/v2\/product_cat?post=259"},{"taxonomy":"product_tag","embeddable":true,"href":"https:\/\/rednacionaldearte.com\/tienda\/wp-json\/wp\/v2\/product_tag?post=259"}],"curies":[{"name":"wp","href":"https:\/\/api.w.org\/{rel}","templated":true}]}}

El Cuerpo Vacío por Shantí Vera. Laboratorio de pensamiento en acción (Querétaro)

<p style="text-align: justify;">El cuerpo vacío plantea experimentar el desarrollo de la fisicalidad y la relación entre cuerpo-espacio-tiempo-acción; se plantean herramientas desde la exploración de la conexión esqueleto-músculo, la investigación en el uso de la contrariedad, la descentralización del cuerpo, la improvisación, lo relacional y la radicalización en el uso de las espirales; accionando desde una conciencia energética percibiendo al cuerpo como una unidad, siempre partiendo del suelo. El manejo y conciencia de todos estos elementos se aplican a ciertas estructuras de improvisación direccionando al performer a la búsqueda de puntos de quiebre corporales y de pensamiento, provocando un estado de alerta, tergiversador, asociativo, realizativo y relacional en donde la experiencia se expone en un encuentro desde lo individual a lo colectivo.</p>
<p style="text-align: justify;"><strong>Objetivos:</strong></p>
<div class="page" title="Page 2">
<div class="layoutArea">
<div class="column">
<p style="padding-left: 30px;">♦  Que los participantes enuncien de manera individual y colectiva la necesidad de plantear y replantear preguntas que amplíen y liberen al cuerpo desde su entidad natural y su entidad cultural.</p>
<p style="padding-left: 30px;">♦  Insertar a los participantes un dinamismo que desde su cuerpo-pensamiento elijan una huida de las redundancias dominantes de la escena.</p>
<p style="padding-left: 30px;">♦  Que los participantes articulen una filosofía amissa que permita desarrollar una dramaturgia corporal propia, en el que este enunciado al cuerpo como discurso amplio y de contenido propio, y que a partir de la fisicalidad permitan descubrir otros mundos posibles de recepción, percepción, observación, acción, pensamiento, presencia, pertenencia y relación.</p>
<p style="padding-left: 30px;">♦  Insertar la urgencia de la observación.</p>
<p style="padding-left: 30px;">♦  Replantear la idea de habitar el tiempo y espacio a través de la asociación, la tergiversación, la emancipación de saberes y el cuestionamiento de las acciones y las decisiones que nos sitúan en los procesos de creación en la escena.</p>
<p style="padding-left: 30px;">♦  Detonar un agenciamiento colectivo de enunciación que exponga la necesidad de articular todo desde una observación a nivel de acontecimiento, en donde el cuerpo habite en relación de, con, desde, hacia, por y para el otro.</p>
<p style="padding-left: 30px;">♦  Establecer un hábitat en donde la percepción y recepción del cuerpo y los cuerpos se sitúen en relación continua de, con, desde, hacia, por y para el espacio y el tiempo.</p>
<p><strong>Dirigido a:</strong></p>
<p>Creativos, bailarines, intérpretes, creadores escénicos, actores, coreógrafos y directores interesados en la exploración corporal, discursiva, escénica e involucrados en la creación escénica contemporánea.<br />
Requisitos participantes: Ropa de entrenamiento y libreta.</p>
<p><strong>Sede:</strong> DansCoreo (Melchor Ocampo 81 esq. con Mariano Escobedo, Centro Histórico, Santiago de Querétaro).<br />
<strong>Horario:</strong> Lunes a Viernes de 19:00 a 22:00 hrs</p>
<p>&nbsp;</p>
<p><strong>Al finalizar el laboratorio se entregará una constancia de participación.</strong></p>
</div>
</div>
</div>

<p><strong>Cuota de recuperación:</strong></p>
<p>Público en general: $1,600 MXN (Pagando antes del 10 de octubre: $1,450 MXN)<br />
Estudiantes: $1,450 MXN (Pagando antes del 10 de octubre: $1,350 MXN). Solicitar cupón de descuento al mail <a href="mailto:tienda@rednacionaldearte.com">tienda@rednacionaldearte.com</a>.</p>
<p><strong>Dirigido a:</strong></p>
<p>Creativos, bailarines, intérpretes, creadores escénicos, actores, coreógrafos y directores interesados en la exploración corporal, discursiva, escénica e involucrados en la creación escénica contemporánea.<br />
Requisitos participantes: Ropa de entrenamiento y libreta.</p>
<p><strong>Sede:</strong> DansCoreo (Melchor Ocampo 81 esq. con Mariano Escobedo, Centro Histórico, Santiago de Querétaro).<br />
<strong>Horario:</strong> Lunes a Viernes de 19:00 a 22:00 hrs</p>
<p><strong>Al finalizar el laboratorio se entregará una constancia de participación.</strong></p>
<p>* Se incluye una comisión de $92.00 m.n. por gastos de operación de la tienda.</p>
