{"id":288,"date":"2017-12-13T16:18:04","date_gmt":"2017-12-13T16:18:04","guid":{"rendered":"http:\/\/rednacionaldearte.com\/tienda\/?post_type=product&#038;p=288"},"modified":"2018-01-14T22:11:50","modified_gmt":"2018-01-14T22:11:50","slug":"workshop-cuerpo-reflexivo-beto-perez","status":"publish","type":"product","link":"https:\/\/rednacionaldearte.com\/tienda\/producto\/workshop-cuerpo-reflexivo-beto-perez\/","title":{"rendered":"Workshop El Cuerpo Reflexivo, Por Beto P\u00e9rez"},"content":{"rendered":"<p><strong>Dirigido a:<\/strong><\/p>\n<p>Creativos, bailarines, inte\u0301rpretes, creadores esce\u0301nicos, actores, coreo\u0301grafos y directores interesados en la exploracio\u0301n corporal, discursiva, e involucrados en la creacio\u0301n esce\u0301nica contempora\u0301nea.<\/p>\n<div class=\"_h8t\">\n<div class=\"_5wd9 direction_ltr\">\n<div class=\"_5wde _n4o\">\n<div class=\"_5w1r _3_om _5wdf\">\n<div class=\"_4gx_\">\n<div class=\"_d97\"><span class=\"_5yl5\">M\u00e9todo de entrenamiento basado en exploraciones y visualizaciones corporales dirigidas a comprender el mecanismo anat\u00f3mico, lo que permitir\u00e1 reflexionar activamente sobre el movimiento. La clase desarrolla el fortalecimiento del cuerpo a trav\u00e9s de la din\u00e1mica y las sensaciones, aprendiendo por las razones del propio cuerpo que por las ideas est\u00e9ticas.<\/span><\/div>\n<\/div>\n<\/div>\n<\/div>\n<\/div>\n<\/div>\n<p><strong>Al finalizar el workshop\u00a0se entregara\u0301 una constancia de participacio\u0301n.<\/strong><\/p>\n","protected":false},"excerpt":{"rendered":"<p><strong>Dirigido a:<\/strong><\/p>\n<p>Creativos, bailarines, inte\u0301rpretes, creadores esce\u0301nicos, actores, coreo\u0301grafos y directores interesados en la exploracio\u0301n corporal, discursiva, e involucrados en la creacio\u0301n esce\u0301nica contempora\u0301nea.<\/p>\n<div class=\"_h8t\">\n<div class=\"_5wd9 direction_ltr\">\n<div class=\"_5wde _n4o\">\n<div class=\"_5w1r _3_om _5wdf\">\n<div class=\"_4gx_\">\n<div class=\"_d97\"><span class=\"_5yl5\">M\u00e9todo de entrenamiento basado en exploraciones y visualizaciones corporales dirigidas a comprender el mecanismo anat\u00f3mico, lo que permitir\u00e1 reflexionar activamente sobre el movimiento. La clase desarrolla el fortalecimiento del cuerpo a trav\u00e9s de la din\u00e1mica y las sensaciones, aprendiendo por las razones del propio cuerpo que por las ideas est\u00e9ticas.<\/span><\/div>\n<\/div>\n<\/div>\n<\/div>\n<\/div>\n<\/div>\n<p><strong>Al finalizar el workshop\u00a0se entregara\u0301 una constancia de participacio\u0301n.<\/strong><\/p>\n","protected":false},"featured_media":431,"comment_status":"open","ping_status":"closed","template":"","meta":[],"product_brand":[],"product_cat":[6,70],"product_tag":[],"class_list":{"0":"post-288","1":"product","2":"type-product","3":"status-publish","4":"has-post-thumbnail","6":"product_cat-cursos","7":"product_cat-cursos-presenciales","9":"first","10":"outofstock","11":"virtual","12":"purchasable","13":"product-type-simple"},"jetpack_sharing_enabled":true,"_links":{"self":[{"href":"https:\/\/rednacionaldearte.com\/tienda\/wp-json\/wp\/v2\/product\/288","targetHints":{"allow":["GET"]}}],"collection":[{"href":"https:\/\/rednacionaldearte.com\/tienda\/wp-json\/wp\/v2\/product"}],"about":[{"href":"https:\/\/rednacionaldearte.com\/tienda\/wp-json\/wp\/v2\/types\/product"}],"replies":[{"embeddable":true,"href":"https:\/\/rednacionaldearte.com\/tienda\/wp-json\/wp\/v2\/comments?post=288"}],"wp:featuredmedia":[{"embeddable":true,"href":"https:\/\/rednacionaldearte.com\/tienda\/wp-json\/wp\/v2\/media\/431"}],"wp:attachment":[{"href":"https:\/\/rednacionaldearte.com\/tienda\/wp-json\/wp\/v2\/media?parent=288"}],"wp:term":[{"taxonomy":"product_brand","embeddable":true,"href":"https:\/\/rednacionaldearte.com\/tienda\/wp-json\/wp\/v2\/product_brand?post=288"},{"taxonomy":"product_cat","embeddable":true,"href":"https:\/\/rednacionaldearte.com\/tienda\/wp-json\/wp\/v2\/product_cat?post=288"},{"taxonomy":"product_tag","embeddable":true,"href":"https:\/\/rednacionaldearte.com\/tienda\/wp-json\/wp\/v2\/product_tag?post=288"}],"curies":[{"name":"wp","href":"https:\/\/api.w.org\/{rel}","templated":true}]}}

Workshop El Cuerpo Reflexivo, Por Beto Pérez

<p><strong>Dirigido a:</strong></p>
<p>Creativos, bailarines, intérpretes, creadores escénicos, actores, coreógrafos y directores interesados en la exploración corporal, discursiva, e involucrados en la creación escénica contemporánea.</p>
<div class="_h8t">
<div class="_5wd9 direction_ltr">
<div class="_5wde _n4o">
<div class="_5w1r _3_om _5wdf">
<div class="_4gx_">
<div class="_d97"><span class="_5yl5">Método de entrenamiento basado en exploraciones y visualizaciones corporales dirigidas a comprender el mecanismo anatómico, lo que permitirá reflexionar activamente sobre el movimiento. La clase desarrolla el fortalecimiento del cuerpo a través de la dinámica y las sensaciones, aprendiendo por las razones del propio cuerpo que por las ideas estéticas.</span></div>
</div>
</div>
</div>
</div>
</div>
<p><strong>Al finalizar el workshop se entregará una constancia de participación.</strong></p>
