{"id":555,"date":"2018-01-31T17:45:07","date_gmt":"2018-01-31T17:45:07","guid":{"rendered":"http:\/\/rednacionaldearte.com\/tienda\/?post_type=product&#038;p=555"},"modified":"2018-02-24T05:24:20","modified_gmt":"2018-02-24T05:24:20","slug":"laboratorio-creacion-fotografica-en-la-cdmx","status":"publish","type":"product","link":"https:\/\/rednacionaldearte.com\/tienda\/producto\/laboratorio-creacion-fotografica-en-la-cdmx\/","title":{"rendered":"Laboratorio de Creaci\u00f3n Fotogr\u00e1fica en la CDMX"},"content":{"rendered":"<p>Durante el laboratorio, cada participante podr\u00e1 armar una c\u00e1mara estenop\u00e9ica, capturar fotograf\u00edas con \u00e9sta y posteriormente revelarlas en un cuarto oscuro.<\/p>\n<p>La fotograf\u00eda estenop\u00e9ica tiene grandes posibilidades de experimentaci\u00f3n formal y est\u00e9tica, y resulta un m\u00e9todo muy did\u00e1ctico para la ense\u00f1anza fotogr\u00e1fica. El participante es capaz de comprender el fen\u00f3meno f\u00edsico que permite la formaci\u00f3n de im\u00e1genes, y al contar con una cantidad m\u00e1s limitada de disparos, se ve sujeto a discretizar la realidad y construir las piezas de manera m\u00e1s pensada.<\/p>\n<p><strong>Objetivos:<\/strong><\/p>\n<p>Generar un proceso de sensibilizaci\u00f3n art\u00edstica y experimentaci\u00f3n con soportes fotogr\u00e1ficos an\u00e1logos y procesos antiguos, entendiendo el fen\u00f3meno lum\u00ednico que produce la formaci\u00f3n de las im\u00e1genes para as\u00ed construir nuestra propia c\u00e1mara para pel\u00edcula de 35mm y realizar una serie fotogr\u00e1fica con ella, que posteriormente se revelar\u00e1 de forma qu\u00edmica en blanco y negro.<\/p>\n<p><strong>Dirigido a: <\/strong><\/p>\n<p>Toda persona interesada en la fotograf\u00eda y los procesos antiguos. Con o sin conocimientos fotogr\u00e1ficos previos.<\/p>\n<p>* Todo el material requerido ser\u00e1 proporcionado durante el laboratorio.<\/p>\n<p><strong>Fechas:<\/strong>\u00a0Del 23 al 25 de Febrero, 2018.<\/p>\n<p><strong>Horario:\u00a0<\/strong><\/p>\n<ul>\n<li>Viernes 23:\u00a0\u00a017 hrs. a 20 hrs.<\/li>\n<li>S\u00e1bado 24 y Domingo 25: 11 hrs. a 14 hrs.<\/li>\n<\/ul>\n<p style=\"text-align: center;\"><strong>Al finalizar el laboratorio se entregar\u00e1 una constancia de participaci\u00f3n.<\/strong><\/p>\n","protected":false},"excerpt":{"rendered":"<p>Durante el laboratorio, cada participante podr\u00e1 armar una c\u00e1mara estenop\u00e9ica, capturar fotograf\u00edas con \u00e9sta y posteriormente revelarlas en un cuarto oscuro.<\/p>\n<p>La fotograf\u00eda estenop\u00e9ica tiene grandes posibilidades de experimentaci\u00f3n formal y est\u00e9tica, y resulta un m\u00e9todo muy did\u00e1ctico para la ense\u00f1anza fotogr\u00e1fica. El participante es capaz de comprender el fen\u00f3meno f\u00edsico que permite la formaci\u00f3n de im\u00e1genes, y al contar con una cantidad m\u00e1s limitada de disparos, se ve sujeto a discretizar la realidad y construir las piezas de manera m\u00e1s pensada.<\/p>\n<p><strong>Objetivos:<\/strong><\/p>\n<p>Generar un proceso de sensibilizaci\u00f3n art\u00edstica y experimentaci\u00f3n con soportes fotogr\u00e1ficos an\u00e1logos y procesos antiguos, entendiendo el fen\u00f3meno lum\u00ednico que produce la formaci\u00f3n de las im\u00e1genes para as\u00ed construir nuestra propia c\u00e1mara para pel\u00edcula de 35mm y realizar una serie fotogr\u00e1fica con ella, que posteriormente se revelar\u00e1 de forma qu\u00edmica en blanco y negro.<\/p>\n<p><strong>Dirigido a: <\/strong><\/p>\n<p>Toda persona interesada en la fotograf\u00eda y los procesos antiguos. Con o sin conocimientos fotogr\u00e1ficos previos.<\/p>\n<p>* Todo el material requerido ser\u00e1 proporcionado durante el laboratorio.<\/p>\n<p><strong>Fechas:<\/strong>\u00a0Del 23 al 25 de Febrero, 2018.<\/p>\n<p><strong>Horario:\u00a0<\/strong><\/p>\n<ul>\n<li>Viernes 23:\u00a0\u00a017 hrs. a 20 hrs.<\/li>\n<li>S\u00e1bado 24 y Domingo 25: 11 hrs. a 14 hrs.<\/li>\n<\/ul>\n<p style=\"text-align: center;\"><strong>Al finalizar el laboratorio se entregar\u00e1 una constancia de participaci\u00f3n.<\/strong><\/p>\n","protected":false},"featured_media":556,"comment_status":"open","ping_status":"closed","template":"","meta":[],"product_brand":[],"product_cat":[6,70,11,74],"product_tag":[],"class_list":{"0":"post-555","1":"product","2":"type-product","3":"status-publish","4":"has-post-thumbnail","6":"product_cat-cursos","7":"product_cat-cursos-presenciales","8":"product_cat-fotografia","9":"product_cat-pelicula","11":"first","12":"outofstock","13":"sale","14":"shipping-taxable","15":"purchasable","16":"product-type-simple"},"jetpack_sharing_enabled":true,"_links":{"self":[{"href":"https:\/\/rednacionaldearte.com\/tienda\/wp-json\/wp\/v2\/product\/555","targetHints":{"allow":["GET"]}}],"collection":[{"href":"https:\/\/rednacionaldearte.com\/tienda\/wp-json\/wp\/v2\/product"}],"about":[{"href":"https:\/\/rednacionaldearte.com\/tienda\/wp-json\/wp\/v2\/types\/product"}],"replies":[{"embeddable":true,"href":"https:\/\/rednacionaldearte.com\/tienda\/wp-json\/wp\/v2\/comments?post=555"}],"wp:featuredmedia":[{"embeddable":true,"href":"https:\/\/rednacionaldearte.com\/tienda\/wp-json\/wp\/v2\/media\/556"}],"wp:attachment":[{"href":"https:\/\/rednacionaldearte.com\/tienda\/wp-json\/wp\/v2\/media?parent=555"}],"wp:term":[{"taxonomy":"product_brand","embeddable":true,"href":"https:\/\/rednacionaldearte.com\/tienda\/wp-json\/wp\/v2\/product_brand?post=555"},{"taxonomy":"product_cat","embeddable":true,"href":"https:\/\/rednacionaldearte.com\/tienda\/wp-json\/wp\/v2\/product_cat?post=555"},{"taxonomy":"product_tag","embeddable":true,"href":"https:\/\/rednacionaldearte.com\/tienda\/wp-json\/wp\/v2\/product_tag?post=555"}],"curies":[{"name":"wp","href":"https:\/\/api.w.org\/{rel}","templated":true}]}}

Laboratorio de Creación Fotográfica en la CDMX

<p>Durante el laboratorio, cada participante podrá armar una cámara estenopéica, capturar fotografías con ésta y posteriormente revelarlas en un cuarto oscuro.</p>
<p>La fotografía estenopéica tiene grandes posibilidades de experimentación formal y estética, y resulta un método muy didáctico para la enseñanza fotográfica. El participante es capaz de comprender el fenómeno físico que permite la formación de imágenes, y al contar con una cantidad más limitada de disparos, se ve sujeto a discretizar la realidad y construir las piezas de manera más pensada.</p>
<p><strong>Objetivos:</strong></p>
<p>Generar un proceso de sensibilización artística y experimentación con soportes fotográficos análogos y procesos antiguos, entendiendo el fenómeno lumínico que produce la formación de las imágenes para así construir nuestra propia cámara para película de 35mm y realizar una serie fotográfica con ella, que posteriormente se revelará de forma química en blanco y negro.</p>
<p><strong>Dirigido a: </strong></p>
<p>Toda persona interesada en la fotografía y los procesos antiguos. Con o sin conocimientos fotográficos previos.</p>
<p>* Todo el material requerido será proporcionado durante el laboratorio.</p>
<p><strong>Fechas:</strong> Del 23 al 25 de Febrero, 2018.</p>
<p><strong>Horario: </strong></p>
<ul>
<li>Viernes 23:  17 hrs. a 20 hrs.</li>
<li>Sábado 24 y Domingo 25: 11 hrs. a 14 hrs.</li>
</ul>
<p style="text-align: center;"><strong>Al finalizar el laboratorio se entregará una constancia de participación.</strong></p>
