{"id":644,"date":"2019-07-12T19:18:58","date_gmt":"2019-07-12T19:18:58","guid":{"rendered":"https:\/\/rednacionaldearte.com\/tienda\/?post_type=product&#038;p=644"},"modified":"2019-08-15T02:27:45","modified_gmt":"2019-08-15T02:27:45","slug":"inscripcion-al-laboratorio-de-videodanza-2da-ed","status":"publish","type":"product","link":"https:\/\/rednacionaldearte.com\/tienda\/producto\/inscripcion-al-laboratorio-de-videodanza-2da-ed\/","title":{"rendered":"Inscripci\u00f3n al Laboratorio de Videodanza [2da Ed]"},"content":{"rendered":"<p>Inscr\u00edbete al 2do Laboratorio de Videodanza, parte del Programa Acad\u00e9mico del Festival Internacional de Videodanza de la CDMX.<\/p>\n<p>Para mayor informaci\u00f3n, consultar https:\/\/festivalvideodanza.com\/lab\/<\/p>\n","protected":false},"excerpt":{"rendered":"<p>Inscr\u00edbete al 2do Laboratorio de Videodanza, parte del Programa Acad\u00e9mico del Festival Internacional de Videodanza de la CDMX.<\/p>\n<p>Para mayor informaci\u00f3n, consultar https:\/\/festivalvideodanza.com\/lab\/<\/p>\n","protected":false},"featured_media":645,"comment_status":"open","ping_status":"closed","template":"","meta":[],"product_brand":[],"product_cat":[6,70],"product_tag":[133,134,132],"class_list":{"0":"post-644","1":"product","2":"type-product","3":"status-publish","4":"has-post-thumbnail","6":"product_cat-cursos","7":"product_cat-cursos-presenciales","8":"product_tag-festival-de-videodanza-de-la-cdmx","9":"product_tag-fivideodanza","10":"product_tag-videodanza","12":"first","13":"outofstock","14":"virtual","15":"purchasable","16":"product-type-simple"},"jetpack_sharing_enabled":true,"_links":{"self":[{"href":"https:\/\/rednacionaldearte.com\/tienda\/wp-json\/wp\/v2\/product\/644","targetHints":{"allow":["GET"]}}],"collection":[{"href":"https:\/\/rednacionaldearte.com\/tienda\/wp-json\/wp\/v2\/product"}],"about":[{"href":"https:\/\/rednacionaldearte.com\/tienda\/wp-json\/wp\/v2\/types\/product"}],"replies":[{"embeddable":true,"href":"https:\/\/rednacionaldearte.com\/tienda\/wp-json\/wp\/v2\/comments?post=644"}],"wp:featuredmedia":[{"embeddable":true,"href":"https:\/\/rednacionaldearte.com\/tienda\/wp-json\/wp\/v2\/media\/645"}],"wp:attachment":[{"href":"https:\/\/rednacionaldearte.com\/tienda\/wp-json\/wp\/v2\/media?parent=644"}],"wp:term":[{"taxonomy":"product_brand","embeddable":true,"href":"https:\/\/rednacionaldearte.com\/tienda\/wp-json\/wp\/v2\/product_brand?post=644"},{"taxonomy":"product_cat","embeddable":true,"href":"https:\/\/rednacionaldearte.com\/tienda\/wp-json\/wp\/v2\/product_cat?post=644"},{"taxonomy":"product_tag","embeddable":true,"href":"https:\/\/rednacionaldearte.com\/tienda\/wp-json\/wp\/v2\/product_tag?post=644"}],"curies":[{"name":"wp","href":"https:\/\/api.w.org\/{rel}","templated":true}]}}

Inscripción al Laboratorio de Videodanza [2da Ed]

<p>Inscríbete al 2do Laboratorio de Videodanza, parte del Programa Académico del Festival Internacional de Videodanza de la CDMX.</p>
<p>Para mayor información, consultar https://festivalvideodanza.com/lab/</p>
