{"id":649,"date":"2019-07-24T18:29:05","date_gmt":"2019-07-24T18:29:05","guid":{"rendered":"https:\/\/rednacionaldearte.com\/tienda\/?post_type=product&#038;p=649"},"modified":"2019-11-08T23:30:41","modified_gmt":"2019-11-08T23:30:41","slug":"inscripcion-al-curso-de-introduccion-a-la-fotografia","status":"publish","type":"product","link":"https:\/\/rednacionaldearte.com\/tienda\/producto\/inscripcion-al-curso-de-introduccion-a-la-fotografia\/","title":{"rendered":"Inscripci\u00f3n al Curso de Introducci\u00f3n a la Fotograf\u00eda"},"content":{"rendered":"<p>Inscr\u00edbete al Curso de Introducci\u00f3n a la Fotograf\u00eda, parte del Programa Acad\u00e9mico de Red Nacional de Arte.<\/p>\n<p>Para mayor informaci\u00f3n, consultar\u00a0<a href=\"https:\/\/rednacionaldearte.com\/cursofotografia\/\">https:\/\/rednacionaldearte.com\/cursofotografia\/<\/a><\/p>\n","protected":false},"excerpt":{"rendered":"<p>Inscr\u00edbete al Curso de Introducci\u00f3n a la Fotograf\u00eda, parte del Programa Acad\u00e9mico de Red Nacional de Arte.<\/p>\n<p>Para mayor informaci\u00f3n, consultar\u00a0<a href=\"https:\/\/rednacionaldearte.com\/cursofotografia\/\">https:\/\/rednacionaldearte.com\/cursofotografia\/<\/a><\/p>\n","protected":false},"featured_media":651,"comment_status":"open","ping_status":"closed","template":"","meta":[],"product_brand":[],"product_cat":[6,70,11],"product_tag":[135],"class_list":{"0":"post-649","1":"product","2":"type-product","3":"status-publish","4":"has-post-thumbnail","6":"product_cat-cursos","7":"product_cat-cursos-presenciales","8":"product_cat-fotografia","9":"product_tag-curso-de-fotografia","11":"first","12":"outofstock","13":"virtual","14":"purchasable","15":"product-type-simple"},"jetpack_sharing_enabled":true,"_links":{"self":[{"href":"https:\/\/rednacionaldearte.com\/tienda\/wp-json\/wp\/v2\/product\/649","targetHints":{"allow":["GET"]}}],"collection":[{"href":"https:\/\/rednacionaldearte.com\/tienda\/wp-json\/wp\/v2\/product"}],"about":[{"href":"https:\/\/rednacionaldearte.com\/tienda\/wp-json\/wp\/v2\/types\/product"}],"replies":[{"embeddable":true,"href":"https:\/\/rednacionaldearte.com\/tienda\/wp-json\/wp\/v2\/comments?post=649"}],"wp:featuredmedia":[{"embeddable":true,"href":"https:\/\/rednacionaldearte.com\/tienda\/wp-json\/wp\/v2\/media\/651"}],"wp:attachment":[{"href":"https:\/\/rednacionaldearte.com\/tienda\/wp-json\/wp\/v2\/media?parent=649"}],"wp:term":[{"taxonomy":"product_brand","embeddable":true,"href":"https:\/\/rednacionaldearte.com\/tienda\/wp-json\/wp\/v2\/product_brand?post=649"},{"taxonomy":"product_cat","embeddable":true,"href":"https:\/\/rednacionaldearte.com\/tienda\/wp-json\/wp\/v2\/product_cat?post=649"},{"taxonomy":"product_tag","embeddable":true,"href":"https:\/\/rednacionaldearte.com\/tienda\/wp-json\/wp\/v2\/product_tag?post=649"}],"curies":[{"name":"wp","href":"https:\/\/api.w.org\/{rel}","templated":true}]}}

Inscripción al Curso de Introducción a la Fotografía

<p>Inscríbete al Curso de Introducción a la Fotografía, parte del Programa Académico de Red Nacional de Arte.</p>
<p>Para mayor información, consultar <a href="https://rednacionaldearte.com/cursofotografia/">https://rednacionaldearte.com/cursofotografia/</a></p>
