{"id":84,"date":"2016-07-12T08:03:43","date_gmt":"2016-07-12T08:03:43","guid":{"rendered":"http:\/\/rednacionaldearte.com\/tienda\/?post_type=product&#038;p=84"},"modified":"2022-03-12T02:57:03","modified_gmt":"2022-03-12T02:57:03","slug":"luma-1-revista-arte-contemporaneo","status":"publish","type":"product","link":"https:\/\/rednacionaldearte.com\/tienda\/producto\/luma-1-revista-arte-contemporaneo\/","title":{"rendered":"LUMA No. 1: Revista de Arte Contempor\u00e1neo"},"content":{"rendered":"<p>La primera edici\u00f3n de LUMA.<\/p>\n<p>&nbsp;<\/p>\n<h3>En este n\u00famero:<\/h3>\n<ul>\n<li>Coreograf\u00eda Contempor\u00e1nea y Otros Demonios, por Alejandro Rabai Vera<\/li>\n<li>Irene Cruz: El Paisaje Emocional, por Ad\u00e1n Ruiz<\/li>\n<li>Dasein Arquitect\u00f3nico: La Inclusi\u00f3n de los Sentidos y Sentimientos Humanos en la Arquitectura, por Tonatzin Renter\u00eda<\/li>\n<li>El Paisaje y la Psique: Reflexiones de un Entorno, por Equipo de Red Nacional de Arte<\/li>\n<li>Me Quedo Contigo, de Artemio Narro, por Ad\u00e1n Ruiz<\/li>\n<li>El Coraz\u00f3n Debajo de un Vaso Jaibolero, por Pedro J. Acu\u00f1a<\/li>\n<li>Querido Andr\u00e9i \/ Para Nadia y Rub\u00e9n, por Shant\u00ed Vera<\/li>\n<li>Carta de Francisco Toledo respecto al conflicto en Nochixtlan<\/li>\n<li>La Balsa y el Incendio: Montaje de Teatro F\u00edsico bajo la direcci\u00f3n de Antonio Salinas, por Yuki Pastrana<\/li>\n<\/ul>\n<p><b>Artistas que ilustran esta edici\u00f3n:<\/b><\/p>\n<ul>\n<li>Thomas Leuthard<\/li>\n<li>Karla Oceguera<\/li>\n<li>Ad\u00e1n Ruiz<\/li>\n<li>Pablo Querea<\/li>\n<li>21Hrs<\/li>\n<\/ul>\n<p>\u00c9ste n\u00famero puede ser consultado gratuitamente en\u00a0<a href=\"http:\/\/luma.rednacionaldearte.com\/luma-1.php\">http:\/\/luma.rednacionaldearte.com\/luma-1.php<\/a>.<\/p>\n","protected":false},"excerpt":{"rendered":"<p>Edici\u00f3n Impresa.<br \/>\n40 p\u00e1ginas.<\/p>\n","protected":false},"featured_media":85,"comment_status":"open","ping_status":"closed","template":"","meta":[],"product_brand":[],"product_cat":[18,24],"product_tag":[25,27,26],"class_list":{"0":"post-84","1":"product","2":"type-product","3":"status-publish","4":"has-post-thumbnail","6":"product_cat-libros","7":"product_cat-revistas","8":"product_tag-luma","9":"product_tag-revista-de-arte-contemporaneo","10":"product_tag-revista-luma","12":"first","13":"outofstock","14":"shipping-taxable","15":"purchasable","16":"product-type-simple"},"jetpack_sharing_enabled":true,"_links":{"self":[{"href":"https:\/\/rednacionaldearte.com\/tienda\/wp-json\/wp\/v2\/product\/84","targetHints":{"allow":["GET"]}}],"collection":[{"href":"https:\/\/rednacionaldearte.com\/tienda\/wp-json\/wp\/v2\/product"}],"about":[{"href":"https:\/\/rednacionaldearte.com\/tienda\/wp-json\/wp\/v2\/types\/product"}],"replies":[{"embeddable":true,"href":"https:\/\/rednacionaldearte.com\/tienda\/wp-json\/wp\/v2\/comments?post=84"}],"wp:featuredmedia":[{"embeddable":true,"href":"https:\/\/rednacionaldearte.com\/tienda\/wp-json\/wp\/v2\/media\/85"}],"wp:attachment":[{"href":"https:\/\/rednacionaldearte.com\/tienda\/wp-json\/wp\/v2\/media?parent=84"}],"wp:term":[{"taxonomy":"product_brand","embeddable":true,"href":"https:\/\/rednacionaldearte.com\/tienda\/wp-json\/wp\/v2\/product_brand?post=84"},{"taxonomy":"product_cat","embeddable":true,"href":"https:\/\/rednacionaldearte.com\/tienda\/wp-json\/wp\/v2\/product_cat?post=84"},{"taxonomy":"product_tag","embeddable":true,"href":"https:\/\/rednacionaldearte.com\/tienda\/wp-json\/wp\/v2\/product_tag?post=84"}],"curies":[{"name":"wp","href":"https:\/\/api.w.org\/{rel}","templated":true}]}}

LUMA No. 1: Revista de Arte Contemporáneo

<p>La primera edición de LUMA.</p>
<p>&nbsp;</p>
<h3>En este número:</h3>
<ul>
<li>Coreografía Contemporánea y Otros Demonios, por Alejandro Rabai Vera</li>
<li>Irene Cruz: El Paisaje Emocional, por Adán Ruiz</li>
<li>Dasein Arquitectónico: La Inclusión de los Sentidos y Sentimientos Humanos en la Arquitectura, por Tonatzin Rentería</li>
<li>El Paisaje y la Psique: Reflexiones de un Entorno, por Equipo de Red Nacional de Arte</li>
<li>Me Quedo Contigo, de Artemio Narro, por Adán Ruiz</li>
<li>El Corazón Debajo de un Vaso Jaibolero, por Pedro J. Acuña</li>
<li>Querido Andréi / Para Nadia y Rubén, por Shantí Vera</li>
<li>Carta de Francisco Toledo respecto al conflicto en Nochixtlan</li>
<li>La Balsa y el Incendio: Montaje de Teatro Físico bajo la dirección de Antonio Salinas, por Yuki Pastrana</li>
</ul>
<p><b>Artistas que ilustran esta edición:</b></p>
<ul>
<li>Thomas Leuthard</li>
<li>Karla Oceguera</li>
<li>Adán Ruiz</li>
<li>Pablo Querea</li>
<li>21Hrs</li>
</ul>
<p>Éste número puede ser consultado gratuitamente en <a href="http://luma.rednacionaldearte.com/luma-1.php">http://luma.rednacionaldearte.com/luma-1.php</a>.</p>

<p>Edición Impresa.<br />
40 páginas.</p>
