{"id":997,"date":"2020-11-26T20:36:15","date_gmt":"2020-11-26T20:36:15","guid":{"rendered":"https:\/\/rednacionaldearte.com\/tienda\/?post_type=product&#038;p=997"},"modified":"2020-12-15T19:23:14","modified_gmt":"2020-12-15T19:23:14","slug":"taller-documental-social","status":"publish","type":"product","link":"https:\/\/rednacionaldearte.com\/tienda\/producto\/taller-documental-social\/","title":{"rendered":"Inscripci\u00f3n al Taller de Documental Social"},"content":{"rendered":"<p>Inscr\u00edbete al taller de Documental Social: Hacia un Cine de Impacto, parte del Programa Acad\u00e9mico del Festival de Cine Independiente de la CDMX.<\/p>\n<p>&nbsp;<\/p>\n<p><span style=\"font-weight: 400;\">El <\/span><b>Festival de Cine Independiente de la Ciudad de M\u00e9xico<\/b><span style=\"font-weight: 400;\"> en colaboraci\u00f3n con <\/span><b>Red Nacional de Arte <\/b><span style=\"font-weight: 400;\">convocan al taller \u201c<\/span><b>Documental Social: Hacia un Cine de Impacto<\/b><span style=\"font-weight: 400;\">\u201d. Este taller es parte del Programa Acad\u00e9mico del festival, creado durante el 2019 para promover el desarrollo cinematogr\u00e1fico independiente a trav\u00e9s cursos, laboratorios y eventos dirigidos a interesados en el cine, las artes visuales y los nuevos medios. En el festival estamos motivados por contribuir a la formaci\u00f3n de nuevos cineastas que cuenten con las bases de producci\u00f3n audiovisual y lenguaje cinematogr\u00e1fico, adem\u00e1s de fomentar la profesionalizaci\u00f3n en las propuestas mexicanas con modelos de producci\u00f3n alternativos.<\/span><\/p>\n<p><span style=\"font-weight: 400;\">Durante el taller, que se llevar\u00e1 a cabo de forma virtual, se desarrollar\u00e1n proyectos de no-ficci\u00f3n que sean propensos a distribuirse ante p\u00fablicos espec\u00edficos en donde funjan como herramienta potencial de transformaci\u00f3n social. Todas las sesiones se grabar\u00e1n y los links se proporcionar\u00e1n a los participantes para su descarga, con la intenci\u00f3n de que no pierdan tiempo grabando desde sus dispositivos y aprovechen el taller al m\u00e1ximo.<\/span><\/p>\n<h3><span style=\"font-weight: 400;\">Del 15 al 22 de Diciembre de 2020<\/span><\/h3>\n<p><b>* El taller se llevar\u00e1 a cabo en un horario de 12 a 15 horas.<\/b><span style=\"font-weight: 400;\">\u00a0<\/span><\/p>\n<p><span style=\"font-weight: 400;\">* Se podr\u00e1n agendar asesor\u00edas fuera de las sesiones programadas.<\/span><\/p>\n<p>&nbsp;<\/p>\n<p><b>Dirigido a:<\/b><\/p>\n<p><span style=\"font-weight: 400;\">P\u00fablico en general e interesados en la realizaci\u00f3n de cine de no-ficci\u00f3n, as\u00ed como a estudiantes de ciencias de la comunicaci\u00f3n, fotograf\u00eda, periodismo, filosof\u00eda o nuevos medios, con o sin conocimientos previos en cine.<\/span><\/p>\n<p>Para mayor informaci\u00f3n, consultar\u00a0<a href=\"https:\/\/festivalcineindependiente.com\/documentalsocial\">https:\/\/festivalcineindependiente.com\/documentalsocial<\/a><\/p>\n","protected":false},"excerpt":{"rendered":"<p>Inscr\u00edbete al taller de Documental Social: Hacia un Cine de Impacto, parte del Programa Acad\u00e9mico del Festival de Cine Independiente de la CDMX.<\/p>\n<p>&nbsp;<\/p>\n<p><span style=\"font-weight: 400;\">El <\/span><b>Festival de Cine Independiente de la Ciudad de M\u00e9xico<\/b><span style=\"font-weight: 400;\"> en colaboraci\u00f3n con <\/span><b>Red Nacional de Arte <\/b><span style=\"font-weight: 400;\">convocan al taller \u201c<\/span><b>Documental Social: Hacia un Cine de Impacto<\/b><span style=\"font-weight: 400;\">\u201d. Este taller es parte del Programa Acad\u00e9mico del festival, creado durante el 2019 para promover el desarrollo cinematogr\u00e1fico independiente a trav\u00e9s cursos, laboratorios y eventos dirigidos a interesados en el cine, las artes visuales y los nuevos medios. En el festival estamos motivados por contribuir a la formaci\u00f3n de nuevos cineastas que cuenten con las bases de producci\u00f3n audiovisual y lenguaje cinematogr\u00e1fico, adem\u00e1s de fomentar la profesionalizaci\u00f3n en las propuestas mexicanas con modelos de producci\u00f3n alternativos.<\/span><\/p>\n<p><span style=\"font-weight: 400;\">Durante el taller, que se llevar\u00e1 a cabo de forma virtual, se desarrollar\u00e1n proyectos de no-ficci\u00f3n que sean propensos a distribuirse ante p\u00fablicos espec\u00edficos en donde funjan como herramienta potencial de transformaci\u00f3n social. Todas las sesiones se grabar\u00e1n y los links se proporcionar\u00e1n a los participantes para su descarga, con la intenci\u00f3n de que no pierdan tiempo grabando desde sus dispositivos y aprovechen el taller al m\u00e1ximo.<\/span><\/p>\n<h3><span style=\"font-weight: 400;\">Del 15 al 22 de Diciembre de 2020<\/span><\/h3>\n<p><b>* El taller se llevar\u00e1 a cabo en un horario de 12 a 15 horas.<\/b><span style=\"font-weight: 400;\">\u00a0<\/span><\/p>\n<p><span style=\"font-weight: 400;\">* Se podr\u00e1n agendar asesor\u00edas fuera de las sesiones programadas.<\/span><\/p>\n<p>&nbsp;<\/p>\n<p><b>Dirigido a:<\/b><\/p>\n<p><span style=\"font-weight: 400;\">P\u00fablico en general e interesados en la realizaci\u00f3n de cine de no-ficci\u00f3n, as\u00ed como a estudiantes de ciencias de la comunicaci\u00f3n, fotograf\u00eda, periodismo, filosof\u00eda o nuevos medios, con o sin conocimientos previos en cine.<\/span><\/p>\n<p>Para mayor informaci\u00f3n, consultar\u00a0<a href=\"https:\/\/festivalcineindependiente.com\/documentalsocial\">https:\/\/festivalcineindependiente.com\/documentalsocial<\/a><\/p>\n","protected":false},"featured_media":998,"comment_status":"open","ping_status":"closed","template":"","meta":[],"product_brand":[],"product_cat":[39,6,7],"product_tag":[141],"class_list":{"0":"post-997","1":"product","2":"type-product","3":"status-publish","4":"has-post-thumbnail","6":"product_cat-cine","7":"product_cat-cursos","8":"product_cat-cursos-online","9":"product_tag-documental-social","11":"first","12":"outofstock","13":"virtual","14":"purchasable","15":"product-type-simple"},"jetpack_sharing_enabled":true,"_links":{"self":[{"href":"https:\/\/rednacionaldearte.com\/tienda\/wp-json\/wp\/v2\/product\/997","targetHints":{"allow":["GET"]}}],"collection":[{"href":"https:\/\/rednacionaldearte.com\/tienda\/wp-json\/wp\/v2\/product"}],"about":[{"href":"https:\/\/rednacionaldearte.com\/tienda\/wp-json\/wp\/v2\/types\/product"}],"replies":[{"embeddable":true,"href":"https:\/\/rednacionaldearte.com\/tienda\/wp-json\/wp\/v2\/comments?post=997"}],"wp:featuredmedia":[{"embeddable":true,"href":"https:\/\/rednacionaldearte.com\/tienda\/wp-json\/wp\/v2\/media\/998"}],"wp:attachment":[{"href":"https:\/\/rednacionaldearte.com\/tienda\/wp-json\/wp\/v2\/media?parent=997"}],"wp:term":[{"taxonomy":"product_brand","embeddable":true,"href":"https:\/\/rednacionaldearte.com\/tienda\/wp-json\/wp\/v2\/product_brand?post=997"},{"taxonomy":"product_cat","embeddable":true,"href":"https:\/\/rednacionaldearte.com\/tienda\/wp-json\/wp\/v2\/product_cat?post=997"},{"taxonomy":"product_tag","embeddable":true,"href":"https:\/\/rednacionaldearte.com\/tienda\/wp-json\/wp\/v2\/product_tag?post=997"}],"curies":[{"name":"wp","href":"https:\/\/api.w.org\/{rel}","templated":true}]}}

Inscripción al Taller de Documental Social

<p>Inscríbete al taller de Documental Social: Hacia un Cine de Impacto, parte del Programa Académico del Festival de Cine Independiente de la CDMX.</p>
<p>&nbsp;</p>
<p><span style="font-weight: 400;">El </span><b>Festival de Cine Independiente de la Ciudad de México</b><span style="font-weight: 400;"> en colaboración con </span><b>Red Nacional de Arte </b><span style="font-weight: 400;">convocan al taller “</span><b>Documental Social: Hacia un Cine de Impacto</b><span style="font-weight: 400;">”. Este taller es parte del Programa Académico del festival, creado durante el 2019 para promover el desarrollo cinematográfico independiente a través cursos, laboratorios y eventos dirigidos a interesados en el cine, las artes visuales y los nuevos medios. En el festival estamos motivados por contribuir a la formación de nuevos cineastas que cuenten con las bases de producción audiovisual y lenguaje cinematográfico, además de fomentar la profesionalización en las propuestas mexicanas con modelos de producción alternativos.</span></p>
<p><span style="font-weight: 400;">Durante el taller, que se llevará a cabo de forma virtual, se desarrollarán proyectos de no-ficción que sean propensos a distribuirse ante públicos específicos en donde funjan como herramienta potencial de transformación social. Todas las sesiones se grabarán y los links se proporcionarán a los participantes para su descarga, con la intención de que no pierdan tiempo grabando desde sus dispositivos y aprovechen el taller al máximo.</span></p>
<h3><span style="font-weight: 400;">Del 15 al 22 de Diciembre de 2020</span></h3>
<p><b>* El taller se llevará a cabo en un horario de 12 a 15 horas.</b><span style="font-weight: 400;"> </span></p>
<p><span style="font-weight: 400;">* Se podrán agendar asesorías fuera de las sesiones programadas.</span></p>
<p>&nbsp;</p>
<p><b>Dirigido a:</b></p>
<p><span style="font-weight: 400;">Público en general e interesados en la realización de cine de no-ficción, así como a estudiantes de ciencias de la comunicación, fotografía, periodismo, filosofía o nuevos medios, con o sin conocimientos previos en cine.</span></p>
<p>Para mayor información, consultar <a href="https://festivalcineindependiente.com/documentalsocial">https://festivalcineindependiente.com/documentalsocial</a></p>
